000
CXUS51 KGYX 011000
CF6GYX
PRELIMINARY LOCAL CLIMATOLOGICAL DATA (WS FORM: F-6)
STATION: GRAY ME
MONTH: DECEMBER
YEAR: 2023
LATITUDE: 43 53 N
LONGITUDE: 70 15 W
TEMPERATURE IN F: :PCPN: SNOW: WIND :SUNSHINE: SKY :PK WND
================================================================================
1 2 3 4 5 6A 6B 7 8 9 10 11 12 13 14 15 16 17 18
12Z AVG MX 2MIN
DY MAX MIN AVG DEP HDD CDD WTR SNW DPTH SPD SPD DIR MIN PSBL S-S WX SPD DR
================================================================================
1 53 33 43 10 22 0 0.08 0.0 0 M M M M M M 1 M M
2 44 37 41 8 24 0 T 0.0 0 M M M M M M 1 M M
3 37 31 34 2 31 0 0.28 1.6 0 M M M M M M M M
4 31 29 30 -2 35 0 0.21 2.3 3 M M M M M M M M
5 29 21 25 -7 40 0 0.01 0.1 4 M M M M M M M M
6 24 16 20 -11 45 0 0.00 0.0 4 M M M M M M M M
7 24 9 17 -14 48 0 0.00 0.0 4 M M M M M M 13 M
8 33 16 25 -5 40 0 0.00 0.0 3 M M M M M M M M
9 35 23 29 -1 36 0 T T 3 M M M M M M 1 M M
10 43 32 38 8 27 0 0.43 0.0 2 M M M M M M 1 M M
11 42 32 37 7 28 0 1.82 0.0 0 M M M M M M M M
12 37 25 31 2 34 0 0.00 0.0 0 M M M M M M M M
13 41 26 34 5 31 0 T T 0 M M M M M M M M
14 30 19 25 -4 40 0 T T 0 M M M M M M M M
15 46 24 35 7 30 0 0.00 0.0 0 M M M M M M M M
16 46 28 37 9 28 0 0.00 0.0 0 M M M M M M M M
17 49 28 39 11 26 0 1.01 0.0 0 M M M M M M M M
18 57 43 50 23 15 0 2.78 0.0 0 M M M M M M 58 M
19 45 30 38 11 27 0 0.00 0.0 0 M M M M M M M M
20 40 25 33 6 32 0 0.00 0.0 0 M M M M M M M M
21 30 18 24 -2 41 0 0.00 0.0 0 M M M M M M 36 M
22 31 16 24 -2 41 0 0.00 0.0 0 M M M M M M M M
23 36 19 28 2 37 0 0.00 0.0 0 M M M M M M M M
24 41 30 36 10 29 0 T 0.0 0 M M M M M M M M
25 43 34 39 14 26 0 T 0.0 0 M M M M M M 1 M M
26 47 35 41 16 24 0 0.00 0.0 0 M M M M M M 12 M M
27 41 35 38 13 27 0 0.21 0.0 0 M M M M M M M M
28 37 35 36 11 29 0 0.79 0.0 0 M M M M M M M M
29 36 33 35 11 30 0 0.06 0.0 0 M M M M M M 1 M M
30 34 32 33 9 32 0 0.31 0.5 0 M M M M M M M M
31 32 24 28 4 37 0 0.00 0.0 T M M M M M M M M
================================================================================
SM 1194 838 992 0 7.99 4.5 M M M
================================================================================
AV 38.5 27.0 M FASTST M M M MAX(MPH)
MISC ----> M M 58 9999
================================================================================
NOTES:
# LAST OF SEVERAL OCCURRENCES
COLUMN 17 PEAK WIND IN M.P.H.
PRELIMINARY LOCAL CLIMATOLOGICAL DATA (WS FORM: F-6) , PAGE 2
STATION: GRAY ME
MONTH: DECEMBER
YEAR: 2023
LATITUDE: 43 53 N
LONGITUDE: 70 15 W
[TEMPERATURE DATA] [PRECIPITATION DATA] SYMBOLS USED IN COLUMN 16
AVERAGE MONTHLY: 32.8 TOTAL FOR MONTH: 7.99 1 = FOG OR MIST
DPTR FM NORMAL: 4.6 DPTR FM NORMAL: 3.40 2 = FOG REDUCING VISIBILITY
HIGHEST: 57 ON 18 GRTST 24HR 2.78 ON 18-18 TO 1/4 MILE OR LESS
LOWEST: 9 ON 7 3 = THUNDER
SNOW, ICE PELLETS, HAIL 4 = ICE PELLETS
TOTAL MONTH: 4.5 INCHES 5 = HAIL
GRTST 24HR 2.3 ON 4- 4 6 = FREEZING RAIN OR DRIZZLE
GRTST DEPTH: 4 ON 7, 6 7 = DUSTSTORM OR SANDSTORM:
VSBY 1/2 MILE OR LESS
8 = SMOKE OR HAZE
[NO. OF DAYS WITH] [WEATHER - DAYS WITH] 9 = BLOWING SNOW
X = TORNADO
MAX 32 OR BELOW: 8 0.01 INCH OR MORE: 12
MAX 90 OR ABOVE: 0 0.10 INCH OR MORE: 9
MIN 32 OR BELOW: 23 0.50 INCH OR MORE: 4
MIN 0 OR BELOW: 0 1.00 INCH OR MORE: 3
[HDD (BASE 65) ]
TOTAL THIS MO. 992 CLEAR (SCALE 0-3) 0
DPTR FM NORMAL -150 PTCLDY (SCALE 4-7) 0
TOTAL FM JUL 1 2294 CLOUDY (SCALE 8-10) 31
DPTR FM NORMAL -319
[CDD (BASE 65) ]
TOTAL THIS MO. 0
DPTR FM NORMAL 0 [PRESSURE DATA]
TOTAL FM JAN 1 429 HIGHEST SLP M ON M
DPTR FM NORMAL 34 LOWEST SLP M ON M
[REMARKS]
#FINAL-12-23#