000
CXUS51 KILN 010629
CF6HAO
PRELIMINARY LOCAL CLIMATOLOGICAL DATA (WS FORM: F-6)
STATION: HAMILTON
MONTH: DECEMBER
YEAR: 2023
LATITUDE: 39 21 N
LONGITUDE: 84 31 W
TEMPERATURE IN F: :PCPN: SNOW: WIND :SUNSHINE: SKY :PK WND
================================================================================
1 2 3 4 5 6A 6B 7 8 9 10 11 12 13 14 15 16 17 18
12Z AVG MX 2MIN
DY MAX MIN AVG DEP HDD CDD WTR SNW DPTH SPD SPD DIR MIN PSBL S-S WX SPD DR
================================================================================
1 56 44 50 12 15 0 M M M 3.5 17 210 M M 10 1 31 210
2 56 40 48 10 17 0 M M M 3.3 12 310 M M 7 14 310
3 52 37 45 7 20 0 M M M 5.8 20 260 M M 9 1 29 270
4 46 28 37 0 28 0 T M M 1.9 10 350 M M 6 12 350
5 46 31 39 2 26 0 M M M 3.3 13 320 M M 10 1 15 320
6 44 26 35 -2 30 0 0.00 M M 4.9 13 300 M M 7 16 260
7 57 25 41 5 24 0 0.00 M M 3.3 14 240 M M 1 22 250
8 64 34 49 13 16 0 0.00 M M 5.8 12 200 M M 5 19 220
9 62 43 53 17 12 0 0.61 M M 4.8 20 300 M M 10 13 28 290
10 46 34 40 4 25 0 0.00 M M 7.1 17 310 M M 7 1 21 310
11 41 22 32 -4 33 0 0.00 M M 4.1 14 300 M M 6 17 300
12 53 21 37 2 28 0 0.00 M M 3.2 12 260 M M 0 19 230
13 46 21 34 -1 31 0 0.00 M M 0.2 7 70 M M 1 9 70
14 52 18 35 0 30 0 0.00 M M 0.6 6 250 M M 0 1 8 290
15 57 20 39 4 26 0 0.00 M M 0.9 8 110 M M 0 1 11 120
16 58 25 42 8 23 0 T M M 2.3 8 140 M M 2 13 140
17 55 43 49 15 16 0 M M M 5.5 15 300 M M 10 1 20 290
18 43 28 36 2 29 0 0.00 M M 12.7 29 290 M M 9 1238 37 290
19 38 18 28 -6 37 0 0.00 M M 3.4 12 290 M M 2 18 290
20 51 21 36 2 29 0 0.00 M M 1.0 8 160 M M 1 13 160
21 51 23 37 3 28 0 0.00 M M 0.0 5 120 M M 1 6 120
22 56 27 42 9 23 0 M M M 1.9 7 170 M M 7 12 170
23 50 42 46 13 19 0 M M M 1.9 8 210 M M 10 18 12 240
24 61 38 50 17 15 0 M M M 1.6 8 90 M M 7 1 10 110
25 64 35 50 17 15 0 M M M 5.8 17 110 M M 6 1 27 120
26 59 37 48 15 17 0 M M M 2.6 10 290 M M 9 1 15 290
27 54 32 43 11 22 0 M M M 2.3 9 360 M M 1 1 13 10
28 42 32 37 5 28 0 M M M 3.1 12 260 M M 8 1 18 240
29 43 37 40 8 25 0 M M M 3.8 9 270 M M 10 14 260
30 43 36 40 8 25 0 M M M 5.3 12 260 M M 10 1 19 240
31 42 33 38 6 27 0 M M M 6.6 18 290 M M 10 1 24 290
================================================================================
SM 1588 951 739 0 0.61 M 112.5 M 182
================================================================================
AV 51.2 30.7 3.6 FASTST M M 6 MAX(MPH)
MISC ----> 29 290 37 290
================================================================================
NOTES:
# LAST OF SEVERAL OCCURRENCES
COLUMN 17 PEAK WIND IN M.P.H.
PRELIMINARY LOCAL CLIMATOLOGICAL DATA (WS FORM: F-6) , PAGE 2
STATION: HAMILTON
MONTH: DECEMBER
YEAR: 2023
LATITUDE: 39 21 N
LONGITUDE: 84 31 W
[TEMPERATURE DATA] [PRECIPITATION DATA] SYMBOLS USED IN COLUMN 16
AVERAGE MONTHLY: 41.0 TOTAL FOR MONTH: 0.61 1 = FOG OR MIST
DPTR FM NORMAL: 6.4 DPTR FM NORMAL: -2.73 2 = FOG REDUCING VISIBILITY
HIGHEST: 64 ON 25, 8 GRTST 24HR 0.61 ON 9- 9 TO 1/4 MILE OR LESS
LOWEST: 18 ON 19,14 3 = THUNDER
SNOW, ICE PELLETS, HAIL 4 = ICE PELLETS
TOTAL MONTH: M 5 = HAIL
GRTST 24HR M ON M 6 = FREEZING RAIN OR DRIZZLE
GRTST DEPTH: M ON M 7 = DUSTSTORM OR SANDSTORM:
VSBY 1/2 MILE OR LESS
8 = SMOKE OR HAZE
[NO. OF DAYS WITH] [WEATHER - DAYS WITH] 9 = BLOWING SNOW
X = TORNADO
MAX 32 OR BELOW: 0 0.01 INCH OR MORE: 1
MAX 90 OR ABOVE: 0 0.10 INCH OR MORE: 1
MIN 32 OR BELOW: 17 0.50 INCH OR MORE: 1
MIN 0 OR BELOW: 0 1.00 INCH OR MORE: 0
[HDD (BASE 65) ]
TOTAL THIS MO. 739 CLEAR (SCALE 0-3) 10
DPTR FM NORMAL -202 PTCLDY (SCALE 4-7) 9
TOTAL FM JUL 1 1522 CLOUDY (SCALE 8-10) 12
DPTR FM NORMAL -475
[CDD (BASE 65) ]
TOTAL THIS MO. 0
DPTR FM NORMAL 0 [PRESSURE DATA]
TOTAL FM JAN 1 923 HIGHEST SLP M ON M
DPTR FM NORMAL -143 LOWEST SLP 29.74 ON 18
[REMARKS]
#FINAL-12-23#