000
CXUS54 KJAN 011529
CF6HBG
PRELIMINARY LOCAL CLIMATOLOGICAL DATA (WS FORM: F-6)
STATION: HATTIESBURG
MONTH: MARCH
YEAR: 2020
LATITUDE: 31 16 N
LONGITUDE: 89 15 W
TEMPERATURE IN F: :PCPN: SNOW: WIND :SUNSHINE: SKY :PK WND
================================================================================
1 2 3 4 5 6A 6B 7 8 9 10 11 12 13 14 15 16 17 18
12Z AVG MX 2MIN
DY MAX MIN AVG DEP HDD CDD WTR SNW DPTH SPD SPD DIR MIN PSBL S-S WX SPD DR
================================================================================
1 71 38 55 -1 10 0 0.00 0.0 0 7.9 22 170 M M 0 30 190
2 76 60 68 12 0 3 T 0.0 0 11.0 23 190 M M 5 36 210
3 77 67 72 16 0 7 T 0.0 0 6.6 16 210 M M 6 1 26 240
4 71 54 63 6 2 0 0.67 0.0 0 9.1 23 350 M M 8 13 33 360
5 65 46 56 -1 9 0 0.06 0.0 0 6.8 16 340 M M 8 13 24 320
6 67 42 55 -2 10 0 0.00 0.0 0 8.2 18 340 M M 0 29 340
7 65 34 50 -7 15 0 0.00 0.0 0 4.0 14 30 M M 0 23 60
8 72 42 57 -1 8 0 0.00 0.0 0 6.2 20 140 M M 0 8 26 170
9 77 47 62 4 3 0 0.00 0.0 0 7.3 22 170 M M 2 1 31 150
10 71 58 65 7 0 0 0.31 0.0 0 5.0 14 190 M M 9 1 18 190
11 80 62 71 13 0 6 0.00 0.0 0 6.2 14 220 M M 6 1 19 230
12 81 55 68 10 0 3 0.00 0.0 0 8.0 18 180 M M 4 1 25 180
13 82 64 73 14 0 8 0.00 0.0 0 3.3 12 180 M M 6 17 220
14 83 63 73 14 0 8 0.00 0.0 0 5.3 14 160 M M 4 21 210
15 85 61 73 14 0 8 0.00 0.0 0 1.6 9 20 M M 3 12 13 10
16 80 58 69 10 0 4 0.00 0.0 0 4.7 12 200 M M 4 8 15 190
17 76 65 71 12 0 6 0.02 0.0 0 1.8 7 160 M M 8 1 10 150
18 84 66 75 15 0 10 0.09 0.0 0 7.4 17 180 M M 7 23 170
19 85 67 76 16 0 11 T 0.0 0 9.9 23 160 M M 6 34 150
20 85 64 75 15 0 10 0.24 0.0 0 6.9 18 190 M M 6 13 24 320
21 72 57 65 5 0 0 0.17 0.0 0 7.1 14 340 M M 10 1 18 340
22 78 53 66 6 0 1 0.17 0.0 0 5.3 13 310 M M 7 1 21 180
23 84 67 76 15 0 11 0.00 0.0 0 7.4 16 240 M M 5 23 240
24 85 64 75 14 0 10 0.00 0.0 0 10.3 24 180 M M 5 1 33 170
25 86 61 74 13 0 9 T 0.0 0 4.2 13 220 M M 4 1 20 230
26 88 55 72 11 0 7 0.00 0.0 0 5.8 15 180 M M 0 23 170
27 87 67 77 16 0 12 0.00 0.0 0 7.0 17 190 M M 5 1 22 190
28 87 67 77 16 0 12 0.00 0.0 0 8.6 20 180 M M 4 1 28 200
29 79 62 71 9 0 6 T 0.0 0 4.9 14 20 M M 5 20 200
30 77 60 69 7 0 4 0.00 0.0 0 3.9 12 110 M M 3 16 100
31 75 50 63 1 2 0 0.91 0.0 0 10.8 28 290 M M 6 12 46 280
================================================================================
SM 2431 1776 59 156 2.64 0.0 202.5 M 146
================================================================================
AV 78.4 57.3 6.5 FASTST M M 5 MAX(MPH)
MISC ----> # 28 290 # 46 280
================================================================================
NOTES:
# LAST OF SEVERAL OCCURRENCES
COLUMN 17 PEAK WIND IN M.P.H.
PRELIMINARY LOCAL CLIMATOLOGICAL DATA (WS FORM: F-6) , PAGE 2
STATION: HATTIESBURG
MONTH: MARCH
YEAR: 2020
LATITUDE: 31 16 N
LONGITUDE: 89 15 W
[TEMPERATURE DATA] [PRECIPITATION DATA] SYMBOLS USED IN COLUMN 16
AVERAGE MONTHLY: 67.9 TOTAL FOR MONTH: 2.64 1 = FOG OR MIST
DPTR FM NORMAL: 8.9 DPTR FM NORMAL: -2.86 2 = FOG REDUCING VISIBILITY
HIGHEST: 88 ON 26 GRTST 24HR 0.91 ON 31-31 TO 1/4 MILE OR LESS
LOWEST: 34 ON 7 3 = THUNDER
SNOW, ICE PELLETS, HAIL 4 = ICE PELLETS
TOTAL MONTH: 0.0 INCH 5 = HAIL
GRTST 24HR 0.0 6 = FREEZING RAIN OR DRIZZLE
GRTST DEPTH: 0 7 = DUSTSTORM OR SANDSTORM:
VSBY 1/2 MILE OR LESS
8 = SMOKE OR HAZE
[NO. OF DAYS WITH] [WEATHER - DAYS WITH] 9 = BLOWING SNOW
X = TORNADO
MAX 32 OR BELOW: 0 0.01 INCH OR MORE: 9
MAX 90 OR ABOVE: 0 0.10 INCH OR MORE: 6
MIN 32 OR BELOW: 0 0.50 INCH OR MORE: 2
MIN 0 OR BELOW: 0 1.00 INCH OR MORE: 0
[HDD (BASE 65) ]
TOTAL THIS MO. 59 CLEAR (SCALE 0-3) 7
DPTR FM NORMAL -158 PTCLDY (SCALE 4-7) 21
TOTAL FM JUL 1 1478 CLOUDY (SCALE 8-10) 3
DPTR FM NORMAL -417
[CDD (BASE 65) ]
TOTAL THIS MO. 156
DPTR FM NORMAL 123 [PRESSURE DATA]
TOTAL FM JAN 1 189 HIGHEST SLP M ON M
DPTR FM NORMAL 141 LOWEST SLP 29.66 ON 31
[REMARKS]
#FINAL-03-20#