000
CXUS53 KGID 020407 CCA
CF6HDE
PRELIMINARY LOCAL CLIMATOLOGICAL DATA (WS FORM: F-6)
STATION: HOLDREGE NE
MONTH: DECEMBER
YEAR: 2021
LATITUDE: 40 27 N
LONGITUDE: 99 20 W
TEMPERATURE IN F: :PCPN: SNOW: WIND :SUNSHINE: SKY :PK WND
================================================================================
1 2 3 4 5 6A 6B 7 8 9 10 11 12 13 14 15 16 17 18
12Z AVG MX 2MIN
DY MAX MIN AVG DEP HDD CDD WTR SNW DPTH SPD SPD DIR MIN PSBL S-S WX SPD DR
================================================================================
1 66 35 51 M 14 0 0.00 M M 9.2 15 260 M M 1 21 260
2 74 45 60 M 5 0 0.00 M M 7.6 13 260 M M 0 17 280
3 59 30 45 M 20 0 0.00 M M 12.0 20 360 M M 0 25 10
4 46 24 35 M 30 0 0.00 M M 8.5 17 170 M M 3 12 17 110
5 54 29 42 M 23 0 0.00 M M 14.7 24 350 M M 1 35 360
6 29 16 23 M 42 0 0.00 M M 8.5 15 170 M M 1 23 170
7 43 24 34 M 31 0 0.00 M M 7.9 20 180 M M 2 27 170
8 57 25 41 M 24 0 0.00 M M 7.6 16 150 M M 1 23 150
9 55 36 46 M 19 0 0.00 M M 10.2 16 360 M M 0 20 310
10 39 26 33 M 32 0 M M M 17.3 23 70 M M 6 31 70
11 39 18 29 M 36 0 0.00 M M 10.5 15 250 M M 1 21 250
12 49 26 38 M 27 0 0.00 M M 6.9 12 170 M M 0 18 170
13 59 25 42 M 23 0 0.00 M M 4.7 9 100 M M 0 M M
14 56 24 40 M 25 0 0.00 M M 4.4 12 150 M M 0 M M
15 67 31 49 M 16 0 0.13 M M 18.0 38 290 M M 2 8 52 290
16 43 24 34 M 31 0 0.00 M M 7.0 14 300 M M 0 M M
17 43 23 33 M 32 0 0.00 M M 7.1 21 340 M M 1 29 360
18 28 12 20 M 45 0 0.00 M M 9.4 17 340 M M 1 29 330
19 46 15 31 M 34 0 0.00 M M 12.6 18 190 M M 0 25 190
20 36 18 27 M 38 0 0.00 M M 10.4 23 10 M M 1 29 10
21 48 19 34 M 31 0 0.00 M M 7.4 16 220 M M 0 23 220
22 55 29 42 M 23 0 0.00 M M 7.9 13 220 M M 0 18 220
23 60 33 47 M 18 0 0.00 M M 7.3 12 170 M M 0 20 240
24 63 32 48 M 17 0 0.00 M M 9.4 17 320 M M 1 24 320
25 58 20 39 M 26 0 0.00 M M 5.7 14 250 M M 0 20 250
26 53 25 39 M 26 0 0.00 M M 7.0 18 160 M M 1 28 160
27 41 24 33 M 32 0 0.00 M M 8.9 14 140 M M 0 18 180
28 34 12 23 M 42 0 0.00 M M 9.2 22 330 M M 0 31 330
29 28 12 20 M 45 0 0.00 M M 3.0 8 60 M M 0 M M
30 43 12 28 M 37 0 0.00 M M 6.5 15 200 M M 0 18 220
31 24 6 15 M 50 0 T M M 15.2 27 10 M M 5 32 20
================================================================================
SM 1495 730 894 0 M M 282.0 M 28
================================================================================
AV 48.2 23.5 9.1 FASTST M M 1 MAX(MPH)
MISC ----> 38 290 M M
================================================================================
NOTES:
# LAST OF SEVERAL OCCURRENCES
COLUMN 17 PEAK WIND IN M.P.H.
PRELIMINARY LOCAL CLIMATOLOGICAL DATA (WS FORM: F-6) , PAGE 2
STATION: HOLDREGE NE
MONTH: DECEMBER
YEAR: 2021
LATITUDE: 40 27 N
LONGITUDE: 99 20 W
[TEMPERATURE DATA] [PRECIPITATION DATA] SYMBOLS USED IN COLUMN 16
AVERAGE MONTHLY: 35.9 TOTAL FOR MONTH: M 1 = FOG OR MIST
DPTR FM NORMAL: M DPTR FM NORMAL: M 2 = FOG REDUCING VISIBILITY
HIGHEST: 74 ON 2 GRTST 24HR M ON M TO 1/4 MILE OR LESS
LOWEST: 6 ON 31 3 = THUNDER
SNOW, ICE PELLETS, HAIL 4 = ICE PELLETS
TOTAL MONTH: M 5 = HAIL
GRTST 24HR M ON M 6 = FREEZING RAIN OR DRIZZLE
GRTST DEPTH: M ON M 7 = DUSTSTORM OR SANDSTORM:
VSBY 1/2 MILE OR LESS
8 = SMOKE OR HAZE
[NO. OF DAYS WITH] [WEATHER - DAYS WITH] 9 = BLOWING SNOW
X = TORNADO
MAX 32 OR BELOW: 4 0.01 INCH OR MORE: M
MAX 90 OR ABOVE: 0 0.10 INCH OR MORE: M
MIN 32 OR BELOW: 27 0.50 INCH OR MORE: M
MIN 0 OR BELOW: 0 1.00 INCH OR MORE: M
[HDD (BASE 65) ]
TOTAL THIS MO. 894 CLEAR (SCALE 0-3) 29
DPTR FM NORMAL M PTCLDY (SCALE 4-7) 2
TOTAL FM JUL 1 1830 CLOUDY (SCALE 8-10) 0
DPTR FM NORMAL M
[CDD (BASE 65) ]
TOTAL THIS MO. 0
DPTR FM NORMAL M [PRESSURE DATA]
TOTAL FM JAN 1 1147 HIGHEST SLP M ON M
DPTR FM NORMAL 1147 LOWEST SLP M ON M
[REMARKS]
#FINAL-12-21#