000
CXUS53 KBIS 010830
CF6HEI
PRELIMINARY LOCAL CLIMATOLOGICAL DATA (WS FORM: F-6)
STATION: HETTINGER ND
MONTH: NOVEMBER
YEAR: 2020
LATITUDE: 46 0 N
LONGITUDE: 102 39 W
TEMPERATURE IN F: :PCPN: SNOW: WIND :SUNSHINE: SKY :PK WND
================================================================================
1 2 3 4 5 6A 6B 7 8 9 10 11 12 13 14 15 16 17 18
12Z AVG MX 2MIN
DY MAX MIN AVG DEP HDD CDD WTR SNW DPTH SPD SPD DIR MIN PSBL S-S WX SPD DR
================================================================================
1 57 20 39 3 26 0 0.00 M M 6.0 17 180 M M 1 23 200
2 73 30 52 16 13 0 0.00 M M 4.7 14 260 M M 0 18 260
3 75 31 53 18 12 0 0.00 M M 8.0 22 280 M M 0 28 290
4 73 33 53 18 12 0 0.00 M M 7.8 29 300 M M 0 38 300
5 78 33 56 22 9 0 0.00 M M 4.5 21 230 M M 0 28 230
6 65 34 50 16 15 0 0.00 M M 6.0 18 50 M M 0 1 23 50
7 46 30 38 5 27 0 0.00 M M 9.4 18 100 M M 6 12 22 100
8 54 18 36 3 29 0 0.04 M M 18.8 32 270 M M 3 1 44 260
9 27 14 21 -11 44 0 0.00 M M 15.4 29 300 M M 1 38 290
10 40 14 27 -5 38 0 0.00 M M 7.8 22 280 M M 2 29 290
11 36 13 25 -6 40 0 0.00 M M 20.0 36 290 M M 4 47 290
12 35 5 20 -11 45 0 0.00 M M 7.5 20 260 M M 0 26 300
13 51 11 31 1 34 0 0.00 M M 6.1 17 150 M M 0 24 160
14 46 21 34 4 31 0 T M M 18.9 37 290 M M 2 1 49 310
15 43 21 32 3 33 0 T M M 13.9 41 290 M M 4 59 290
16 49 20 35 6 30 0 T M M 13.2 32 280 M M 1 43 320
17 51 25 38 10 27 0 0.00 M M 7.9 16 130 M M 3 22 120
18 71 29 50 22 15 0 0.00 M M 5.9 17 10 M M 2 22 320
19 50 23 37 10 28 0 0.03 M M 7.2 31 300 M M 3 1 44 310
20 41 19 30 3 35 0 0.00 M M 6.4 17 270 M M 3 21 260
21 48 19 34 8 31 0 0.00 M M 7.5 20 280 M M 1 25 270
22 45 18 32 6 33 0 0.00 M M 9.6 17 290 M M 0 25 290
23 42 16 29 3 36 0 0.00 M M 8.8 17 130 M M 0 23 140
24 42 13 28 3 37 0 0.00 M M 8.8 22 300 M M 0 27 300
25 53 15 34 10 31 0 0.00 M M 6.1 21 300 M M 2 29 310
26 42 16 29 5 36 0 0.00 M M 12.0 21 300 0 0 0 32 300
27 51 13 32 8 33 0 0.00 M M 8.9 26 270 M M 0 36 280
28 58 22 40 17 25 0 0.00 M M 13.2 26 330 M M 0 37 330
29 36 10 23 0 42 0 0.00 M M 10.8 25 320 M M 2 35 320
30 55 11 33 11 32 0 0.00 M M 4.0 15 270 M M 0 19 270
================================================================================
SM 1533 597 879 0 0.07 M 285.1 0 40
================================================================================
AV 51.1 19.9 9.5 FASTST 0 0 1 MAX(MPH)
MISC ----> # 41 290 # 59 290
================================================================================
NOTES:
# LAST OF SEVERAL OCCURRENCES
COLUMN 17 PEAK WIND IN M.P.H.
PRELIMINARY LOCAL CLIMATOLOGICAL DATA (WS FORM: F-6) , PAGE 2
STATION: HETTINGER ND
MONTH: NOVEMBER
YEAR: 2020
LATITUDE: 46 0 N
LONGITUDE: 102 39 W
[TEMPERATURE DATA] [PRECIPITATION DATA] SYMBOLS USED IN COLUMN 16
AVERAGE MONTHLY: 35.5 TOTAL FOR MONTH: 0.07 1 = FOG OR MIST
DPTR FM NORMAL: 6.4 DPTR FM NORMAL: -0.53 2 = FOG REDUCING VISIBILITY
HIGHEST: 78 ON 5 GRTST 24HR 0.04 ON 8- 8 TO 1/4 MILE OR LESS
LOWEST: 5 ON 12 3 = THUNDER
SNOW, ICE PELLETS, HAIL 4 = ICE PELLETS
TOTAL MONTH: M 5 = HAIL
GRTST 24HR M ON M 6 = FREEZING RAIN OR DRIZZLE
GRTST DEPTH: M ON M 7 = DUSTSTORM OR SANDSTORM:
VSBY 1/2 MILE OR LESS
8 = SMOKE OR HAZE
[NO. OF DAYS WITH] [WEATHER - DAYS WITH] 9 = BLOWING SNOW
X = TORNADO
MAX 32 OR BELOW: 1 0.01 INCH OR MORE: 2
MAX 90 OR ABOVE: 0 0.10 INCH OR MORE: 0
MIN 32 OR BELOW: 27 0.50 INCH OR MORE: 0
MIN 0 OR BELOW: 0 1.00 INCH OR MORE: 0
[HDD (BASE 65) ]
TOTAL THIS MO. 879 CLEAR (SCALE 0-3) 25
DPTR FM NORMAL -196 PTCLDY (SCALE 4-7) 5
TOTAL FM JUL 1 2042 CLOUDY (SCALE 8-10) 0
DPTR FM NORMAL -88
[CDD (BASE 65) ]
TOTAL THIS MO. 0
DPTR FM NORMAL 0 [PRESSURE DATA]
TOTAL FM JAN 1 362 HIGHEST SLP 30.54 ON 20
DPTR FM NORMAL -15 LOWEST SLP 29.22 ON 8
[REMARKS]
#FINAL-11-20#