000
CXUS54 KJAN 011414
CF6HEZ
PRELIMINARY LOCAL CLIMATOLOGICAL DATA (WS FORM: F-6)
STATION: NATCHEZ
MONTH: JANUARY
YEAR: 2020
LATITUDE: 31 37 N
LONGITUDE: 91 15 W
TEMPERATURE IN F: :PCPN: SNOW: WIND :SUNSHINE: SKY :PK WND
================================================================================
1 2 3 4 5 6A 6B 7 8 9 10 11 12 13 14 15 16 17 18
12Z AVG MX 2MIN
DY MAX MIN AVG DEP HDD CDD WTR SNW DPTH SPD SPD DIR MIN PSBL S-S WX SPD DR
================================================================================
1 55 33 44 M 21 0 0.02 M 0 4.7 10 160 M M 4 M M
2 69 51 60 M 5 0 5.86 0.0 0 6.0 13 130 M M 10 13 18 120
3 62 52 57 M 8 0 0.61 0.0 0 5.3 9 250 M M 9 123 M M
4 58 37 48 M 17 0 0.00 0.0 0 7.6 16 290 M M 2 17 320
5 66 33 50 M 15 0 0.00 0.0 0 5.8 12 190 M M 0 17 220
6 70 48 59 M 6 0 0.00 0.0 0 7.6 15 220 M M 3 23 220
7 60 37 49 M 16 0 0.00 0.0 0 5.8 14 340 M M 0 18 330
8 66 29 48 M 17 0 0.00 0.0 0 5.9 12 150 M M 0 M M
9 73 47 60 M 5 0 0.00 0.0 0 13.1 20 140 M M 2 31 140
10 M M M M M M T M 0 13.5 20 160 M M 10 31 180
11 75 44 60 M 5 0 1.27 M 0 13.7 25 180 M M 8 13 39 180
12 60 40 50 M 15 0 0.00 0.0 0 5.2 10 100 M M 6 M M
13 67 44 56 M 9 0 0.44 M 0 4.5 13 160 M M 10 123 M M
14 71 64 68 M 0 3 2.18 0.0 0 6.3 12 190 M M 10 13 M M
15 76 62 69 M 0 4 0.00 0.0 0 6.6 13 220 M M 8 1 16 180
16 65 55 60 M 5 0 T 0.0 0 7.2 14 40 M M 8 1 20 40
17 67 53 60 M 5 0 T 0.0 0 8.4 13 150 M M 9 16 110
18 71 56 64 M 1 0 0.62 0.0 0 10.2 17 20 M M 9 13 31 350
19 56 36 46 M 19 0 0.00 0.0 0 13.0 24 20 M M 0 36 360
20 44 32 38 M 27 0 0.00 0.0 0 7.4 15 350 M M 0 20 10
21 44 26 35 M 30 0 0.00 0.0 0 6.1 12 320 M M 0 17 30
22 47 28 38 M 27 0 0.08 M 0 5.3 12 120 M M 4 M M
23 59 42 51 M 14 0 0.21 M 0 7.9 15 150 M M 10 1 M M
24 57 36 47 M 18 0 T M 0 6.7 15 300 M M 2 12 21 290
25 61 30 46 M 19 0 T M 0 1.8 7 150 M M 2 M M
26 52 48 50 M 15 0 0.54 M 0 5.1 9 150 M M 10 12 M M
27 53 40 47 M 18 0 0.01 M 0 2.6 8 350 M M 8 128 M M
28 56 34 45 M 20 0 T 0.0 0 3.6 12 130 M M 6 12 M M
29 53 45 49 M 16 0 0.14 0.0 0 7.3 13 120 M M 9 1 M M
30 53 46 50 M 15 0 0.01 M 0 6.5 10 340 M M 10 1 M M
31 49 45 47 M 18 0 0.01 0.0 0 4.9 8 340 M M 10 1 M M
================================================================================
SM 1815 1273 406 7 12.00 0.0 215.6 M 179
================================================================================
AV 60.5 42.4 7.0 FASTST M M 6 MAX(MPH)
MISC ----> # 25 180 # 39 180
================================================================================
NOTES:
# LAST OF SEVERAL OCCURRENCES
COLUMN 17 PEAK WIND IN M.P.H.
PRELIMINARY LOCAL CLIMATOLOGICAL DATA (WS FORM: F-6) , PAGE 2
STATION: NATCHEZ
MONTH: JANUARY
YEAR: 2020
LATITUDE: 31 37 N
LONGITUDE: 91 15 W
[TEMPERATURE DATA] [PRECIPITATION DATA] SYMBOLS USED IN COLUMN 16
AVERAGE MONTHLY: 51.5 TOTAL FOR MONTH: 12.00 1 = FOG OR MIST
DPTR FM NORMAL: M DPTR FM NORMAL: M 2 = FOG REDUCING VISIBILITY
HIGHEST: 76 ON 15 GRTST 24HR 5.86 ON 2- 2 TO 1/4 MILE OR LESS
LOWEST: 26 ON 21 3 = THUNDER
SNOW, ICE PELLETS, HAIL 4 = ICE PELLETS
TOTAL MONTH: 0.0 INCH 5 = HAIL
GRTST 24HR 0.0 6 = FREEZING RAIN OR DRIZZLE
GRTST DEPTH: 0 7 = DUSTSTORM OR SANDSTORM:
VSBY 1/2 MILE OR LESS
8 = SMOKE OR HAZE
[NO. OF DAYS WITH] [WEATHER - DAYS WITH] 9 = BLOWING SNOW
X = TORNADO
MAX 32 OR BELOW: 0 0.01 INCH OR MORE: 14
MAX 90 OR ABOVE: 0 0.10 INCH OR MORE: 9
MIN 32 OR BELOW: 5 0.50 INCH OR MORE: 6
MIN 0 OR BELOW: 0 1.00 INCH OR MORE: 3
[HDD (BASE 65) ]
TOTAL THIS MO. 406 CLEAR (SCALE 0-3) 11
DPTR FM NORMAL M PTCLDY (SCALE 4-7) 8
TOTAL FM JUL 1 1217 CLOUDY (SCALE 8-10) 12
DPTR FM NORMAL M
[CDD (BASE 65) ]
TOTAL THIS MO. 7
DPTR FM NORMAL M [PRESSURE DATA]
TOTAL FM JAN 1 7 HIGHEST SLP M ON M
DPTR FM NORMAL M LOWEST SLP M ON M
[REMARKS]
#FINAL-01-20#