000
CXUS53 KDLH 240627
CF6HIB
PRELIMINARY LOCAL CLIMATOLOGICAL DATA (WS FORM: F-6)
STATION: HIBBING
MONTH: APRIL
YEAR: 2024
LATITUDE: 47 22 N
LONGITUDE: 92 50 W
TEMPERATURE IN F: :PCPN: SNOW: WIND :SUNSHINE: SKY :PK WND
================================================================================
1 2 3 4 5 6A 6B 7 8 9 10 11 12 13 14 15 16 17 18
12Z AVG MX 2MIN
DY MAX MIN AVG DEP HDD CDD WTR SNW DPTH SPD SPD DIR MIN PSBL S-S WX SPD DR
================================================================================
1 44 13 29 -2 36 0 0.00 M M 4.7 13 120 M M 2 21 120
2 41 28 35 3 30 0 T M M 5.5 16 70 M M 10 22 90
3 43 30 37 5 28 0 0.00 M M 14.3 28 340 M M 1 37 340
4 49 24 37 5 28 0 0.00 M M 8.6 18 20 M M 1 25 40
5 53 21 37 4 28 0 T M M 5.9 16 150 M M 0 22 130
6 52 18 35 2 30 0 0.00 M M 10.0 23 120 M M 0 32 130
7 52 32 42 8 23 0 T M M 12.8 23 110 M M 4 35 120
8 41 37 39 5 26 0 0.43 M M 6.7 15 70 M M 10 1 23 50
9 57 31 44 10 21 0 0.01 M M 4.7 17 310 M M 10 1 26 280
10 65 25 45 10 20 0 T M M 3.3 17 330 M M 4 30 230
11 59 24 42 7 23 0 T M M 8.0 26 310 M M 4 1 35 320
12 54 25 40 4 25 0 0.00 M M 12.7 25 330 M M 4 32 320
13 70 24 47 11 18 0 T M M 4.5 17 210 M M 4 33 210
14 64 27 46 10 19 0 0.00 M M 10.7 29 310 M M 1 44 300
15 61 24 43 6 22 0 0.00 M M 4.3 14 100 M M 2 20 100
16 53 35 44 7 21 0 0.50 M M 14.8 28 120 M M 5 1 41 100
17 42 28 35 -3 30 0 0.29 M M 6.0 18 90 M M 9 12 28 100
18 45 29 37 -1 28 0 T M M 7.9 17 280 M M 7 1 31 240
19 34 27 31 -8 34 0 0.02 M M 10.6 21 310 M M 10 1 31 230
20 44 24 34 -5 31 0 T M M 11.5 22 320 M M 5 31 330
21 58 22 40 0 25 0 M M M 7.2 21 320 M M 0 28 310
22 63 23 43 3 22 0 M M M 5.4 23 300 M M 2 33 300
23 52 25 39 -1 26 0 T M M 9.7 20 360 M M 4 27 350
================================================================================
SM 1196 596 594 0 1.25 M 189.8 M 99
================================================================================
AV 52.0 25.9 8.3 FASTST M M 4 MAX(MPH)
MISC ----> 29 310 44 300
================================================================================
NOTES:
# LAST OF SEVERAL OCCURRENCES
COLUMN 17 PEAK WIND IN M.P.H.
PRELIMINARY LOCAL CLIMATOLOGICAL DATA (WS FORM: F-6) , PAGE 2
STATION: HIBBING
MONTH: APRIL
YEAR: 2024
LATITUDE: 47 22 N
LONGITUDE: 92 50 W
[TEMPERATURE DATA] [PRECIPITATION DATA] SYMBOLS USED IN COLUMN 16
AVERAGE MONTHLY: 39.0 TOTAL FOR MONTH: 1.25 1 = FOG OR MIST
DPTR FM NORMAL: 3.3 DPTR FM NORMAL: 0.11 2 = FOG REDUCING VISIBILITY
HIGHEST: 70 ON 13 GRTST 24HR 0.79 ON 16-17 TO 1/4 MILE OR LESS
LOWEST: 13 ON 1 3 = THUNDER
SNOW, ICE PELLETS, HAIL 4 = ICE PELLETS
TOTAL MONTH: M 5 = HAIL
GRTST 24HR M ON M 6 = FREEZING RAIN OR DRIZZLE
GRTST DEPTH: M ON M 7 = DUSTSTORM OR SANDSTORM:
VSBY 1/2 MILE OR LESS
8 = SMOKE OR HAZE
[NO. OF DAYS WITH] [WEATHER - DAYS WITH] 9 = BLOWING SNOW
X = TORNADO
MAX 32 OR BELOW: 0 0.01 INCH OR MORE: 5
MAX 90 OR ABOVE: 0 0.10 INCH OR MORE: 3
MIN 32 OR BELOW: 21 0.50 INCH OR MORE: 1
MIN 0 OR BELOW: 0 1.00 INCH OR MORE: 0
[HDD (BASE 65) ]
TOTAL THIS MO. 594 CLEAR (SCALE 0-3) 9
DPTR FM NORMAL -81 PTCLDY (SCALE 4-7) 9
TOTAL FM JUL 1 7968 CLOUDY (SCALE 8-10) 5
DPTR FM NORMAL -1522
[CDD (BASE 65) ]
TOTAL THIS MO. 0
DPTR FM NORMAL 0 [PRESSURE DATA]
TOTAL FM JAN 1 0 HIGHEST SLP M ON M
DPTR FM NORMAL 0 LOWEST SLP 29.55 ON 22
[REMARKS]