232
CXUS56 KPQR 011537
CF6HIO
PRELIMINARY LOCAL CLIMATOLOGICAL DATA (WS FORM: F-6)
STATION: HILLSBORO OR
MONTH: DECEMBER
YEAR: 2020
LATITUDE: 45 32 N
LONGITUDE: 122 57 W
TEMPERATURE IN F: :PCPN: SNOW: WIND :SUNSHINE: SKY :PK WND
================================================================================
1 2 3 4 5 6A 6B 7 8 9 10 11 12 13 14 15 16 17 18
12Z AVG MX 2MIN
DY MAX MIN AVG DEP HDD CDD WTR SNW DPTH SPD SPD DIR MIN PSBL S-S WX SPD DR
================================================================================
1 51 30 41 0 24 0 0.00 M M 5.8 20 80 M M 5 12 28 70
2 55 33 44 4 21 0 0.00 M M 11.3 21 100 M M 0 30 90
3 50 30 40 0 25 0 0.00 M M 1.7 7 290 M M 1 8 290
4 55 26 41 1 24 0 0.00 M M 2.4 8 310 M M 0 1 10 330
5 54 28 41 1 24 0 0.01 M M 3.7 14 100 M M 3 16 100
6 47 38 43 3 22 0 0.03 M M 1.8 7 70 M M 10 1 9 50
7 50 34 42 3 23 0 0.00 M M 0.9 7 300 M M 1 1 8 140
8 54 34 44 5 21 0 0.18 M M 1.8 14 310 M M 6 1 18 330
9 50 35 43 4 22 0 T M M 2.2 13 310 M M 8 12 16 310
10 41 34 38 -1 27 0 0.12 M M 3.0 10 170 M M 10 12 12 170
11 42 31 37 -2 28 0 0.40 M M 1.9 9 30 M M 10 12 12 30
12 46 31 39 1 26 0 0.04 M M 5.5 16 90 M M 5 12 20 80
13 44 38 41 3 24 0 0.44 M M 2.9 12 110 M M 10 1 16 130
14 45 36 41 3 24 0 T M M 1.7 8 230 M M 9 12 10 320
15 49 41 45 7 20 0 0.11 M M 9.0 22 170 M M 9 1 27 170
16 50 42 46 8 19 0 0.47 M M 4.7 16 190 M M 8 1 22 180
17 52 38 45 7 20 0 0.02 M M 5.4 13 240 M M 8 1 18 180
18 50 38 44 6 21 0 0.17 M M 8.3 22 180 M M 8 1 26 180
19 53 44 49 11 16 0 0.48 M M 9.9 22 180 M M 10 1 30 180
20 53 46 50 12 15 0 1.24 M M 2.7 13 180 M M 10 1 16 170
21 59 41 50 12 15 0 0.28 M M 9.8 30 310 M M 9 1 39 180
22 49 31 40 2 25 0 0.03 M M 3.5 17 260 M M 7 12 23 280
23 49 28 39 1 26 0 0.00 M M 3.3 10 60 M M 3 12 13 70
24 44 22 33 -5 32 0 0.00 M M 2.6 7 290 M M 0 1 8 300
25 49 31 40 2 25 0 0.61 M M 4.3 20 160 M M 8 1 25 150
26 51 40 46 8 19 0 0.10 M M 7.6 15 170 M M 7 1 19 200
27 52 32 42 4 23 0 0.02 M M 3.6 12 60 M M 4 12 16 60
28 48 26 37 -1 28 0 0.00 M M 3.4 8 310 M M 0 1 10 70
29 37 27 32 -6 33 0 0.06 M M 1.6 7 300 M M 8 12 8 120
30 47 36 42 4 23 0 0.42 M M 8.6 18 180 M M 10 1 25 150
31 51 45 48 10 17 0 0.04 M M 9.8 16 190 M M 9 1 22 180
================================================================================
SM 1527 1066 712 0 5.27 M 144.7 M 196
================================================================================
AV 49.3 34.4 4.7 FASTST M M 6 MAX(MPH)
MISC ----> 30 310 39 180
================================================================================
NOTES:
# LAST OF SEVERAL OCCURRENCES
COLUMN 17 PEAK WIND IN M.P.H.
PRELIMINARY LOCAL CLIMATOLOGICAL DATA (WS FORM: F-6) , PAGE 2
STATION: HILLSBORO OR
MONTH: DECEMBER
YEAR: 2020
LATITUDE: 45 32 N
LONGITUDE: 122 57 W
[TEMPERATURE DATA] [PRECIPITATION DATA] SYMBOLS USED IN COLUMN 16
AVERAGE MONTHLY: 41.8 TOTAL FOR MONTH: 5.27 1 = FOG OR MIST
DPTR FM NORMAL: 3.3 DPTR FM NORMAL: -1.47 2 = FOG REDUCING VISIBILITY
HIGHEST: 59 ON 21 GRTST 24HR 1.46 ON 19-20 TO 1/4 MILE OR LESS
LOWEST: 22 ON 24 3 = THUNDER
SNOW, ICE PELLETS, HAIL 4 = ICE PELLETS
TOTAL MONTH: M 5 = HAIL
GRTST 24HR M ON M 6 = FREEZING RAIN OR DRIZZLE
GRTST DEPTH: M ON M 7 = DUSTSTORM OR SANDSTORM:
VSBY 1/2 MILE OR LESS
8 = SMOKE OR HAZE
[NO. OF DAYS WITH] [WEATHER - DAYS WITH] 9 = BLOWING SNOW
X = TORNADO
MAX 32 OR BELOW: 0 0.01 INCH OR MORE: 21
MAX 90 OR ABOVE: 0 0.10 INCH OR MORE: 13
MIN 32 OR BELOW: 13 0.50 INCH OR MORE: 2
MIN 0 OR BELOW: 0 1.00 INCH OR MORE: 1
[HDD (BASE 65) ]
TOTAL THIS MO. 712 CLEAR (SCALE 0-3) 7
DPTR FM NORMAL -108 PTCLDY (SCALE 4-7) 9
TOTAL FM JUL 1 1778 CLOUDY (SCALE 8-10) 15
DPTR FM NORMAL -342
[CDD (BASE 65) ]
TOTAL THIS MO. 0
DPTR FM NORMAL 0 [PRESSURE DATA]
TOTAL FM JAN 1 344 HIGHEST SLP 30.58 ON 1
DPTR FM NORMAL 146 LOWEST SLP 29.61 ON 21
[REMARKS]
#FINAL-12-20#