783
CXUS53 KGID 011753
CF6HJH
PRELIMINARY LOCAL CLIMATOLOGICAL DATA (WS FORM: F-6)
STATION: HEBRON
MONTH: NOVEMBER
YEAR: 2020
LATITUDE: 40 9 N
LONGITUDE: 97 35 W
TEMPERATURE IN F: :PCPN: SNOW: WIND :SUNSHINE: SKY :PK WND
================================================================================
1 2 3 4 5 6A 6B 7 8 9 10 11 12 13 14 15 16 17 18
12Z AVG MX 2MIN
DY MAX MIN AVG DEP HDD CDD WTR SNW DPTH SPD SPD DIR MIN PSBL S-S WX SPD DR
================================================================================
1 53 31 42 -5 23 0 0.00 M M 4.2 10 340 M M 0 16 340
2 72 32 52 6 13 0 0.00 M M 4.2 9 240 M M 0 17 230
3 81 37 59 13 6 0 0.00 M M 6.0 16 210 M M 0 24 210
4 81 46 64 18 1 0 0.00 M M 4.9 12 210 M M 0 18 210
5 79 38 59 14 6 0 0.00 M M 2.1 7 360 M M 0 M M
6 78 35 57 13 8 0 0.00 M M 8.4 17 180 M M 0 25 180
7 77 58 68 24 0 3 0.00 M M 17.1 24 170 M M 2 33 190
8 75 55 65 21 0 0 0.00 M M 21.0 36 180 M M 2 46 180
9 68 33 51 8 14 0 0.76 M M 16.6 25 180 M M 9 13 33 180
10 36 28 32 -10 33 0 0.37 M M 7.5 14 40 M M 7 1 20 10
11 56 29 43 1 22 0 0.00 M M 7.3 15 220 M M 1 20 220
12 40 21 31 -10 34 0 0.00 M M 5.9 16 360 M M 3 28 330
13 47 18 33 -8 32 0 0.00 M M 8.0 17 200 M M 0 24 190
14 63 37 50 10 15 0 0.00 M M 11.6 20 290 M M 1 30 290
15 53 30 42 2 23 0 0.00 M M M M M M M M M M
16 63 29 46 7 19 0 0.00 M M 6.3 15 330 M M 1 21 340
17 65 28 47 8 18 0 0.00 M M 7.7 21 170 M M 1 25 170
18 73 47 60 22 5 0 0.00 M M 14.5 25 210 M M 0 30 210
19 75 40 58 20 7 0 0.00 M M 3.5 15 200 M M 0 24 200
20 61 41 51 14 14 0 0.00 M M 5.9 16 70 M M 1 20 50
21 46 38 42 6 23 0 T M M 3.5 10 100 M M 9 M M
22 54 23 39 3 26 0 0.00 M M 4.3 14 310 M M 2 21 320
23 43 21 32 -3 33 0 0.01 M M 10.6 20 150 M M 9 1 25 150
24 53 36 45 10 20 0 0.49 M M 12.5 20 360 M M 10 1 25 360
25 43 31 37 3 28 0 0.00 M M 8.3 21 350 M M 5 25 340
26 48 27 38 4 27 0 0.00 M M 5.3 15 30 M M 1 1 20 30
27 52 26 39 6 26 0 0.00 M M 3.6 8 30 M M 2 1 M M
28 57 32 45 12 20 0 0.00 M M 9.2 15 220 M M 0 21 220
29 44 24 34 2 31 0 0.00 M M 14.4 27 350 M M 0 37 360
30 44 14 29 -3 36 0 0.00 M M 5.4 9 170 M M 0 M M
================================================================================
SM 1780 985 563 3 1.63 M 239.8 M 66
================================================================================
AV 59.3 32.8 8.3 FASTST M M 2 MAX(MPH)
MISC ----> 36 180 M M
================================================================================
NOTES:
# LAST OF SEVERAL OCCURRENCES
COLUMN 17 PEAK WIND IN M.P.H.
PRELIMINARY LOCAL CLIMATOLOGICAL DATA (WS FORM: F-6) , PAGE 2
STATION: HEBRON
MONTH: NOVEMBER
YEAR: 2020
LATITUDE: 40 9 N
LONGITUDE: 97 35 W
[TEMPERATURE DATA] [PRECIPITATION DATA] SYMBOLS USED IN COLUMN 16
AVERAGE MONTHLY: 46.1 TOTAL FOR MONTH: 1.63 1 = FOG OR MIST
DPTR FM NORMAL: 6.7 DPTR FM NORMAL: 0.19 2 = FOG REDUCING VISIBILITY
HIGHEST: 81 ON 4, 3 GRTST 24HR 0.76 ON 9- 9 TO 1/4 MILE OR LESS
LOWEST: 14 ON 30 3 = THUNDER
SNOW, ICE PELLETS, HAIL 4 = ICE PELLETS
TOTAL MONTH: M 5 = HAIL
GRTST 24HR M ON M 6 = FREEZING RAIN OR DRIZZLE
GRTST DEPTH: M ON M 7 = DUSTSTORM OR SANDSTORM:
VSBY 1/2 MILE OR LESS
8 = SMOKE OR HAZE
[NO. OF DAYS WITH] [WEATHER - DAYS WITH] 9 = BLOWING SNOW
X = TORNADO
MAX 32 OR BELOW: 0 0.01 INCH OR MORE: 4
MAX 90 OR ABOVE: 0 0.10 INCH OR MORE: 3
MIN 32 OR BELOW: 17 0.50 INCH OR MORE: 1
MIN 0 OR BELOW: 0 1.00 INCH OR MORE: 0
[HDD (BASE 65) ]
TOTAL THIS MO. 563 CLEAR (SCALE 0-3) 23
DPTR FM NORMAL -204 PTCLDY (SCALE 4-7) 2
TOTAL FM JUL 1 1125 CLOUDY (SCALE 8-10) 5
DPTR FM NORMAL -124
[CDD (BASE 65) ]
TOTAL THIS MO. 3
DPTR FM NORMAL 2 [PRESSURE DATA]
TOTAL FM JAN 1 1241 HIGHEST SLP M ON M
DPTR FM NORMAL 103 LOWEST SLP M ON M
[REMARKS]
#FINAL-11-20#