000
CXUS53 KGID 011243
CF6HJH
PRELIMINARY LOCAL CLIMATOLOGICAL DATA (WS FORM: F-6)
STATION: HEBRON
MONTH: JUNE
YEAR: 2020
LATITUDE: 40 9 N
LONGITUDE: 97 35 W
TEMPERATURE IN F: :PCPN: SNOW: WIND :SUNSHINE: SKY :PK WND
================================================================================
1 2 3 4 5 6A 6B 7 8 9 10 11 12 13 14 15 16 17 18
12Z AVG MX 2MIN
DY MAX MIN AVG DEP HDD CDD WTR SNW DPTH SPD SPD DIR MIN PSBL S-S WX SPD DR
================================================================================
1 93 67 80 13 0 15 T M M 17.7 27 210 M M 0 35 210
2 95 67 81 13 0 16 0.00 M M 11.3 17 200 M M 0 24 210
3 93 66 80 12 0 15 0.40 M M 6.4 23 360 M M 1 3 29 360
4 94 60 77 9 0 12 0.09 M M 5.9 13 200 M M 1 3 17 190
5 94 66 80 11 0 15 0.00 M M 5.6 12 140 M M 0 3 M M
6 96 72 84 15 0 19 0.00 M M 11.2 20 180 M M 0 25 170
7 94 74 84 15 0 19 0.00 M M 17.4 28 160 M M 0 38 160
8 95 73 84 14 0 19 0.00 M M 16.5 23 160 M M 0 32 160
9 90 57 74 4 0 9 1.96 M M 14.1 29 360 M M 7 3 45 350
10 77 55 66 -4 0 1 0.01 M M 13.2 22 340 M M 4 3 33 340
11 87 54 71 0 0 6 0.00 M M 4.9 13 220 M M 0 18 220
12 90 61 76 5 0 11 0.00 M M 3.6 14 100 M M 1 17 90
13 94 61 78 7 0 13 0.00 M M 9.4 21 140 M M 0 28 140
14 93 73 83 11 0 18 0.00 M M 16.1 23 190 M M 0 31 190
15 93 71 82 10 0 17 0.00 M M 13.6 21 170 M M 0 31 170
16 93 71 82 10 0 17 0.00 M M 13.9 21 170 M M 1 28 160
17 95 73 84 11 0 19 0.00 M M 17.2 25 170 M M 1 32 170
18 91 63 77 4 0 12 0.14 M M 13.3 22 360 M M 6 3 29 20
19 75 61 68 -5 0 3 1.04 M M 5.9 21 290 M M 9 3 31 290
20 84 65 75 1 0 10 0.00 M M 3.5 8 290 M M 5 1 M M
21 81 64 73 -1 0 8 0.08 M M 5.3 13 170 M M 2 3 21 190
22 85 63 74 0 0 9 T M M 6.2 12 340 M M 3 17 340
23 83 58 71 -3 0 6 0.00 M M 5.9 15 30 M M 1 1 M M
24 84 55 70 -5 0 5 0.00 M M 3.0 9 100 M M 0 M M
25 94 66 80 5 0 15 0.00 M M 10.4 16 180 M M 0 24 190
26 90 70 80 5 0 15 0.11 M M 6.6 14 190 M M 1 3 21 200
27 85 67 76 1 0 11 0.44 M M 7.2 16 200 M M 5 3 22 140
28 89 65 77 1 0 12 0.62 M M 10.8 17 160 M M 2 38 33 20
29 90 75 83 7 0 18 0.00 M M 12.7 20 160 M M 4 27 160
30 92 74 83 7 0 18 0.00 M M 10.9 18 150 M M 3 3 27 140
================================================================================
SM 2689 1967 0 383 4.89 M 299.7 M 57
================================================================================
AV 89.6 65.6 10.0 FASTST M M 2 MAX(MPH)
MISC ----> # 29 360 # M M
================================================================================
NOTES:
# LAST OF SEVERAL OCCURRENCES
COLUMN 17 PEAK WIND IN M.P.H.
PRELIMINARY LOCAL CLIMATOLOGICAL DATA (WS FORM: F-6) , PAGE 2
STATION: HEBRON
MONTH: JUNE
YEAR: 2020
LATITUDE: 40 9 N
LONGITUDE: 97 35 W
[TEMPERATURE DATA] [PRECIPITATION DATA] SYMBOLS USED IN COLUMN 16
AVERAGE MONTHLY: 77.6 TOTAL FOR MONTH: 4.89 1 = FOG OR MIST
DPTR FM NORMAL: 5.6 DPTR FM NORMAL: 0.11 2 = FOG REDUCING VISIBILITY
HIGHEST: 96 ON 6 GRTST 24HR 1.96 ON 9- 9 TO 1/4 MILE OR LESS
LOWEST: 54 ON 11 3 = THUNDER
SNOW, ICE PELLETS, HAIL 4 = ICE PELLETS
TOTAL MONTH: M 5 = HAIL
GRTST 24HR M ON M 6 = FREEZING RAIN OR DRIZZLE
GRTST DEPTH: M ON M 7 = DUSTSTORM OR SANDSTORM:
VSBY 1/2 MILE OR LESS
8 = SMOKE OR HAZE
[NO. OF DAYS WITH] [WEATHER - DAYS WITH] 9 = BLOWING SNOW
X = TORNADO
MAX 32 OR BELOW: 0 0.01 INCH OR MORE: 10
MAX 90 OR ABOVE: 20 0.10 INCH OR MORE: 7
MIN 32 OR BELOW: 0 0.50 INCH OR MORE: 3
MIN 0 OR BELOW: 0 1.00 INCH OR MORE: 2
[HDD (BASE 65) ]
TOTAL THIS MO. 0 CLEAR (SCALE 0-3) 22
DPTR FM NORMAL -20 PTCLDY (SCALE 4-7) 7
TOTAL FM JUL 1 5446 CLOUDY (SCALE 8-10) 1
DPTR FM NORMAL -550
[CDD (BASE 65) ]
TOTAL THIS MO. 383
DPTR FM NORMAL 153 [PRESSURE DATA]
TOTAL FM JAN 1 436 HIGHEST SLP M ON M
DPTR FM NORMAL 134 LOWEST SLP M ON M
[REMARKS]
#FINAL-06-20#