000
CXUS54 KJAN 011925
CF6HKS
PRELIMINARY LOCAL CLIMATOLOGICAL DATA (WS FORM: F-6)
STATION: JACKSON HAWKINS
MONTH: NOVEMBER
YEAR: 2022
LATITUDE: 32 20 N
LONGITUDE: 90 14 W
TEMPERATURE IN F: :PCPN: SNOW: WIND :SUNSHINE: SKY :PK WND
================================================================================
1 2 3 4 5 6A 6B 7 8 9 10 11 12 13 14 15 16 17 18
12Z AVG MX 2MIN
DY MAX MIN AVG DEP HDD CDD WTR SNW DPTH SPD SPD DIR MIN PSBL S-S WX SPD DR
================================================================================
1 73 52 63 2 2 0 0.00 0.0 0 1.7 8 350 M M 0 1 11 350
2 81 56 69 9 0 4 0.00 0.0 0 2.1 8 90 M M 2 128 13 80
3 83 52 68 8 0 3 0.00 0.0 0 4.3 12 150 M M 1 16 130
4 81 61 71 12 0 6 0.00 0.0 0 10.3 24 150 M M 6 39 130
5 72 56 64 5 1 0 1.99 0.0 0 4.7 21 290 M M 9 13 30 300
6 85 62 74 15 0 9 T 0.0 0 3.3 14 180 M M 7 1 19 190
7 87 63 75 17 0 10 0.00 0.0 0 3.4 8 20 M M 1 12 13 60
8 88 65 77 19 0 12 0.00 0.0 0 2.1 10 50 M M 1 12 14 90
9 81 59 70 12 0 5 0.00 0.0 0 5.9 15 120 M M 0 1 21 130
10 76 51 64 7 1 0 0.00 0.0 0 3.8 10 10 M M 0 16 70
11 77 54 66 9 0 1 0.25 0.0 0 4.8 16 300 M M 2 1 22 290
12 62 36 49 -8 16 0 0.13 0.0 0 7.3 18 310 M M 7 1 32 320
13 49 30 40 -16 25 0 0.00 0.0 0 4.8 12 40 M M 0 21 10
14 60 34 47 -9 18 0 0.62 0.0 0 6.0 14 110 M M 3 1 23 120
15 49 41 45 -11 20 0 0.35 0.0 0 6.1 14 320 M M 9 1 21 300
16 54 36 45 -10 20 0 0.00 0.0 0 4.6 12 350 M M 1 18 330
17 50 31 41 -14 24 0 0.00 0.0 0 4.5 13 290 M M 0 28 310
18 58 28 43 -12 22 0 0.00 0.0 0 2.1 9 40 M M 0 128 14 310
19 48 33 41 -14 24 0 0.00 0.0 0 1.7 10 70 M M 0 14 20
20 54 31 43 -11 22 0 0.00 0.0 0 3.8 12 60 M M 0 16 70
21 56 31 44 -10 21 0 0.00 0.0 0 2.2 9 50 M M 5 13 50
22 66 43 55 1 10 0 T 0.0 0 2.3 7 80 M M 5 11 50
23 74 40 57 3 8 0 0.00 0.0 0 2.9 8 120 M M 1 12 100
24 73 54 64 11 1 0 0.29 0.0 0 6.7 15 120 M M 5 1 21 140
25 64 58 61 8 4 0 0.03 0.0 0 4.6 16 120 M M 9 12 22 110
26 67 56 62 9 3 0 0.64 0.0 0 9.2 21 220 M M 8 18 35 210
27 70 47 59 6 6 0 0.00 0.0 0 8.6 26 250 M M 1 37 230
28 70 41 56 4 9 0 0.00 0.0 0 1.1 8 160 M M 0 1 11 150
29 76 47 62 10 3 0 0.27 0.0 0 9.1 26 290 M M 6 138 38 300
30 76 39 58 6 7 0 0.18 0.0 0 8.1 21 310 M M 2 13 36 350
================================================================================
SM 2060 1387 267 50 4.75 0.0 142.1 M 91
================================================================================
AV 68.7 46.2 4.7 FASTST M M 3 MAX(MPH)
MISC ----> # 26 250 39 130
================================================================================
NOTES:
# LAST OF SEVERAL OCCURRENCES
COLUMN 17 PEAK WIND IN M.P.H.
PRELIMINARY LOCAL CLIMATOLOGICAL DATA (WS FORM: F-6) , PAGE 2
STATION: JACKSON HAWKINS
MONTH: NOVEMBER
YEAR: 2022
LATITUDE: 32 20 N
LONGITUDE: 90 14 W
[TEMPERATURE DATA] [PRECIPITATION DATA] SYMBOLS USED IN COLUMN 16
AVERAGE MONTHLY: 57.5 TOTAL FOR MONTH: 4.75 1 = FOG OR MIST
DPTR FM NORMAL: 1.5 DPTR FM NORMAL: 0.55 2 = FOG REDUCING VISIBILITY
HIGHEST: 88 ON 8 GRTST 24HR 1.99 ON 5- 5 TO 1/4 MILE OR LESS
LOWEST: 28 ON 18 3 = THUNDER
SNOW, ICE PELLETS, HAIL 4 = ICE PELLETS
TOTAL MONTH: 0.0 INCH 5 = HAIL
GRTST 24HR 0.0 6 = FREEZING RAIN OR DRIZZLE
GRTST DEPTH: 0 7 = DUSTSTORM OR SANDSTORM:
VSBY 1/2 MILE OR LESS
8 = SMOKE OR HAZE
[NO. OF DAYS WITH] [WEATHER - DAYS WITH] 9 = BLOWING SNOW
X = TORNADO
MAX 32 OR BELOW: 0 0.01 INCH OR MORE: 10
MAX 90 OR ABOVE: 0 0.10 INCH OR MORE: 9
MIN 32 OR BELOW: 5 0.50 INCH OR MORE: 3
MIN 0 OR BELOW: 0 1.00 INCH OR MORE: 1
[HDD (BASE 65) ]
TOTAL THIS MO. 267 CLEAR (SCALE 0-3) 18
DPTR FM NORMAL -26 PTCLDY (SCALE 4-7) 8
TOTAL FM JUL 1 336 CLOUDY (SCALE 8-10) 4
DPTR FM NORMAL -35
[CDD (BASE 65) ]
TOTAL THIS MO. 50
DPTR FM NORMAL 31 [PRESSURE DATA]
TOTAL FM JAN 1 2746 HIGHEST SLP 30.47 ON 20
DPTR FM NORMAL 233 LOWEST SLP 29.68 ON 26
[REMARKS]
#FINAL-11-22#