000
CXUS54 KJAN 011833
CF6HKS
PRELIMINARY LOCAL CLIMATOLOGICAL DATA (WS FORM: F-6)
STATION: JACKSON HAWKINS
MONTH: SEPTEMBER
YEAR: 2021
LATITUDE: 32 20 N
LONGITUDE: 90 14 W
TEMPERATURE IN F: :PCPN: SNOW: WIND :SUNSHINE: SKY :PK WND
================================================================================
1 2 3 4 5 6A 6B 7 8 9 10 11 12 13 14 15 16 17 18
12Z AVG MX 2MIN
DY MAX MIN AVG DEP HDD CDD WTR SNW DPTH SPD SPD DIR MIN PSBL S-S WX SPD DR
================================================================================
1 95 71 83 2 0 18 0.41 0.0 0 5.7 20 340 M M 2 138 33 350
2 91 71 81 0 0 16 0.00 0.0 0 3.0 10 50 M M 3 14 20
3 92 70 81 0 0 16 0.00 0.0 0 1.6 7 40 M M 1 1 10 50
4 92 70 81 1 0 16 0.00 0.0 0 1.3 10 40 M M 0 8 17 50
5 95 70 83 3 0 18 0.19 0.0 0 3.4 12 280 M M 2 13 20 350
6 88 71 80 0 0 15 0.00 0.0 0 4.4 13 350 M M 5 20 340
7 90 69 80 0 0 15 0.00 0.0 0 2.6 12 10 M M 4 19 360
8 89 72 81 1 0 16 0.00 0.0 0 2.6 13 310 M M 1 17 310
9 87 64 76 -4 0 11 0.00 0.0 0 3.7 15 10 M M 1 23 50
10 86 60 73 -6 0 8 0.00 0.0 0 3.1 12 80 M M 0 1 17 50
11 86 61 74 -5 0 9 0.00 0.0 0 3.4 12 120 M M 1 16 140
12 91 65 78 -1 0 13 0.01 0.0 0 5.8 18 150 M M 1 1 24 140
13 86 72 79 1 0 14 T 0.0 0 4.8 10 120 M M 4 14 120
14 80 72 76 -2 0 11 0.34 0.0 0 6.4 13 160 M M 6 1 18 160
15 77 70 74 -4 0 9 0.14 0.0 0 8.4 14 70 M M 9 1 22 70
16 82 73 78 0 0 13 0.00 0.0 0 5.9 10 70 M M 9 1 15 50
17 89 76 83 5 0 18 T 0.0 0 7.3 17 190 M M 6 27 180
18 90 75 83 6 0 18 0.00 0.0 0 5.5 14 140 M M 6 1 20 80
19 89 74 82 5 0 17 T 0.0 0 5.5 12 150 M M 6 1 15 140
20 88 74 81 4 0 16 0.09 0.0 0 4.1 12 160 M M 5 15 180
21 92 73 83 7 0 18 0.00 0.0 0 4.8 20 350 M M 2 1 30 350
22 78 58 68 -8 0 3 0.07 0.0 0 8.2 18 350 M M 3 1 31 20
23 78 53 66 -10 0 1 0.00 0.0 0 3.6 13 350 M M 0 21 30
24 80 52 66 -9 0 1 0.00 0.0 0 2.2 10 40 M M 0 17 360
25 83 54 69 -6 0 4 0.00 0.0 0 1.5 12 350 M M 0 17 360
26 86 58 72 -3 0 7 0.00 0.0 0 1.8 9 80 M M 0 1 14 70
27 87 59 73 -1 0 8 0.00 0.0 0 2.6 10 180 M M 2 1 16 170
28 83 70 77 3 0 12 0.14 0.0 0 4.7 12 120 M M 6 128 17 80
29 83 69 76 2 0 11 0.20 0.0 0 6.2 18 160 M M 6 1 25 170
30 86 71 79 6 0 14 T 0.0 0 6.2 17 150 M M 6 23 180
================================================================================
SM 2599 2017 0 366 1.59 0.0 130.3 M 97
================================================================================
AV 86.6 67.2 4.3 FASTST M M 3 MAX(MPH)
MISC ----> # 20 340 33 350
================================================================================
NOTES:
# LAST OF SEVERAL OCCURRENCES
COLUMN 17 PEAK WIND IN M.P.H.
PRELIMINARY LOCAL CLIMATOLOGICAL DATA (WS FORM: F-6) , PAGE 2
STATION: JACKSON HAWKINS
MONTH: SEPTEMBER
YEAR: 2021
LATITUDE: 32 20 N
LONGITUDE: 90 14 W
[TEMPERATURE DATA] [PRECIPITATION DATA] SYMBOLS USED IN COLUMN 16
AVERAGE MONTHLY: 76.9 TOTAL FOR MONTH: 1.59 1 = FOG OR MIST
DPTR FM NORMAL: -0.8 DPTR FM NORMAL: -1.75 2 = FOG REDUCING VISIBILITY
HIGHEST: 95 ON 5, 1 GRTST 24HR 0.47 ON 14-15 TO 1/4 MILE OR LESS
LOWEST: 52 ON 24 3 = THUNDER
SNOW, ICE PELLETS, HAIL 4 = ICE PELLETS
TOTAL MONTH: 0.0 INCH 5 = HAIL
GRTST 24HR 0.0 6 = FREEZING RAIN OR DRIZZLE
GRTST DEPTH: 0 7 = DUSTSTORM OR SANDSTORM:
VSBY 1/2 MILE OR LESS
8 = SMOKE OR HAZE
[NO. OF DAYS WITH] [WEATHER - DAYS WITH] 9 = BLOWING SNOW
X = TORNADO
MAX 32 OR BELOW: 0 0.01 INCH OR MORE: 9
MAX 90 OR ABOVE: 9 0.10 INCH OR MORE: 6
MIN 32 OR BELOW: 0 0.50 INCH OR MORE: 0
MIN 0 OR BELOW: 0 1.00 INCH OR MORE: 0
[HDD (BASE 65) ]
TOTAL THIS MO. 0 CLEAR (SCALE 0-3) 16
DPTR FM NORMAL -2 PTCLDY (SCALE 4-7) 12
TOTAL FM JUL 1 0 CLOUDY (SCALE 8-10) 2
DPTR FM NORMAL 0
[CDD (BASE 65) ]
TOTAL THIS MO. 366
DPTR FM NORMAL -16 [PRESSURE DATA]
TOTAL FM JAN 1 2320 HIGHEST SLP 30.19 ON 12
DPTR FM NORMAL -35 LOWEST SLP 29.75 ON 1
[REMARKS]
#FINAL-09-21#