000
CXUS53 KGLD 010800
CF6HLC
PRELIMINARY LOCAL CLIMATOLOGICAL DATA (WS FORM: F-6)
STATION: HILL CITY KS
MONTH: JANUARY
YEAR: 2023
LATITUDE: 39 22 N
LONGITUDE: 99 50 W
TEMPERATURE IN F: :PCPN: SNOW: WIND :SUNSHINE: SKY :PK WND
================================================================================
1 2 3 4 5 6A 6B 7 8 9 10 11 12 13 14 15 16 17 18
12Z AVG MX 2MIN
DY MAX MIN AVG DEP HDD CDD WTR SNW DPTH SPD SPD DIR MIN PSBL S-S WX SPD DR
================================================================================
1 47 25 36 6 29 0 0.00 M M 6.9 17 50 M M 0 24 50
2 37 32 35 5 30 0 0.17 M M 9.2 17 40 M M 9 123 24 50
3 34 25 30 0 35 0 0.03 M M 13.4 25 330 M M 7 16 37 340
4 38 21 30 0 35 0 0.00 M M 10.3 18 310 M M 2 26 330
5 45 22 34 4 31 0 0.00 M M 7.5 16 300 M M 0 23 310
6 46 18 32 2 33 0 0.00 M M 5.8 16 360 M M 1 23 350
7 44 22 33 3 32 0 0.00 M M 4.4 13 340 M M 5 18 16 330
8 60 22 41 11 24 0 0.00 M M 5.3 13 170 M M 0 18 17 160
9 60 19 40 10 25 0 0.00 M M 6.2 18 340 M M 0 24 340
10 50 21 36 6 29 0 0.00 M M 3.1 9 330 M M 0 12 340
11 47 25 36 6 29 0 0.02 M M 10.6 25 10 M M 3 1 38 20
12 48 23 36 6 29 0 0.00 M M 10.2 24 340 M M 1 34 340
13 48 17 33 3 32 0 0.00 M M 4.4 13 200 M M 0 21 200
14 50 28 39 9 26 0 0.00 M M 5.8 14 190 M M 0 20 190
15 45 23 34 4 31 0 0.00 M M 4.4 20 350 M M 2 25 340
16 57 26 42 12 23 0 0.00 M M 11.9 25 300 M M 2 35 300
17 37 20 29 -1 36 0 T M M 7.1 20 80 M M 7 12 27 70
18 33 24 29 -1 36 0 0.14 M M 16.2 23 10 M M 10 168 32 90
19 36 20 28 -2 37 0 T M M 11.7 23 330 M M 4 1 33 330
20 39 14 27 -3 38 0 T M M 4.5 9 240 M M 1 12 240
21 31 21 26 -4 39 0 0.43 M M 7.2 16 310 M M 10 12 21 310
22 30 8 19 -11 46 0 T M M 6.8 13 310 M M 2 1 17 280
23 36 6 21 -9 44 0 0.00 M M 5.2 14 290 M M 0 1 16 290
24 31 11 21 -9 44 0 0.00 M M 6.7 18 310 M M 4 128 23 310
25 33 22 28 -2 37 0 0.00 M M 12.2 23 340 M M 3 32 330
26 38 27 33 3 32 0 0.00 M M 11.0 20 250 M M 6 8 27 260
27 47 28 38 8 27 0 0.00 M M 9.1 18 290 M M 2 28 280
28 38 9 24 -6 41 0 T M M 13.1 26 10 M M 6 18 35 360
29 9 2 6 -24 59 0 T M M 14.1 25 20 M M 10 8 36 10
30 11 -1 5 -25 60 0 T M M 6.5 15 10 M M 9 8 19 10
31 25 -5 10 -20 55 0 0.00 M M 5.8 12 270 M M 0 14 300
================================================================================
SM 1230 575 1104 0 0.79 M 256.6 M 106
================================================================================
AV 39.7 18.5 8.3 FASTST M M 3 MAX(MPH)
MISC ----> 26 10 38 20
================================================================================
NOTES:
# LAST OF SEVERAL OCCURRENCES
COLUMN 17 PEAK WIND IN M.P.H.
PRELIMINARY LOCAL CLIMATOLOGICAL DATA (WS FORM: F-6) , PAGE 2
STATION: HILL CITY KS
MONTH: JANUARY
YEAR: 2023
LATITUDE: 39 22 N
LONGITUDE: 99 50 W
[TEMPERATURE DATA] [PRECIPITATION DATA] SYMBOLS USED IN COLUMN 16
AVERAGE MONTHLY: 29.1 TOTAL FOR MONTH: 0.79 1 = FOG OR MIST
DPTR FM NORMAL: -0.9 DPTR FM NORMAL: 0.46 2 = FOG REDUCING VISIBILITY
HIGHEST: 60 ON 9, 8 GRTST 24HR 0.43 ON 21-21 TO 1/4 MILE OR LESS
LOWEST: -5 ON 31 3 = THUNDER
SNOW, ICE PELLETS, HAIL 4 = ICE PELLETS
TOTAL MONTH: M 5 = HAIL
GRTST 24HR M ON M 6 = FREEZING RAIN OR DRIZZLE
GRTST DEPTH: M ON M 7 = DUSTSTORM OR SANDSTORM:
VSBY 1/2 MILE OR LESS
8 = SMOKE OR HAZE
[NO. OF DAYS WITH] [WEATHER - DAYS WITH] 9 = BLOWING SNOW
X = TORNADO
MAX 32 OR BELOW: 6 0.01 INCH OR MORE: 5
MAX 90 OR ABOVE: 0 0.10 INCH OR MORE: 3
MIN 32 OR BELOW: 31 0.50 INCH OR MORE: 0
MIN 0 OR BELOW: 2 1.00 INCH OR MORE: 0
[HDD (BASE 65) ]
TOTAL THIS MO. 1104 CLEAR (SCALE 0-3) 19
DPTR FM NORMAL 18 PTCLDY (SCALE 4-7) 7
TOTAL FM JUL 1 3279 CLOUDY (SCALE 8-10) 5
DPTR FM NORMAL 23
[CDD (BASE 65) ]
TOTAL THIS MO. 0
DPTR FM NORMAL 0 [PRESSURE DATA]
TOTAL FM JAN 1 0 HIGHEST SLP M ON M
DPTR FM NORMAL 0 LOWEST SLP 29.37 ON 16
[REMARKS]
#FINAL-01-23#