000
CXUS51 KPBZ 011434
CF6HLG
PRELIMINARY LOCAL CLIMATOLOGICAL DATA (WS FORM: F-6)
STATION: WHEELING WV
MONTH: OCTOBER
YEAR: 2023
LATITUDE: 40 10 N
LONGITUDE: 80 39 W
TEMPERATURE IN F: :PCPN: SNOW: WIND :SUNSHINE: SKY :PK WND
================================================================================
1 2 3 4 5 6A 6B 7 8 9 10 11 12 13 14 15 16 17 18
12Z AVG MX 2MIN
DY MAX MIN AVG DEP HDD CDD WTR SNW DPTH SPD SPD DIR MIN PSBL S-S WX SPD DR
================================================================================
1 81 52 67 7 0 2 0.00 M M 2.8 12 30 M M 3 12 16 30
2 83 53 68 8 0 3 0.00 M M 1.8 10 340 M M 0 12 12 340
3 83 57 70 11 0 5 0.00 M M 3.3 12 90 M M 0 1 14 60
4 83 57 70 11 0 5 0.00 M M 5.2 13 140 M M 0 19 100
5 82 62 72 14 0 7 0.05 M M 6.6 13 260 M M 2 1 19 200
6 73 57 65 7 0 0 0.20 M M 6.6 18 300 M M 7 1 26 310
7 58 44 51 -7 14 0 0.02 M M 10.2 18 300 M M 5 25 320
8 55 41 48 -9 17 0 T M M 10.8 25 270 M M 7 34 260
9 60 44 52 -5 13 0 0.00 M M 6.6 17 230 M M 9 21 230
10 62 44 53 -3 12 0 0.00 M M 7.2 20 220 M M 7 25 250
11 66 42 54 -2 11 0 0.00 M M 7.4 20 260 M M 1 27 230
12 73 45 59 3 6 0 0.00 M M 5.0 15 30 M M 6 19 30
13 69 46 58 3 7 0 0.00 M M 8.4 15 70 M M 1 19 70
14 65 47 56 1 9 0 0.81 M M 7.5 18 360 M M 10 1 28 30
15 57 45 51 -4 14 0 0.10 M M 7.1 17 290 M M 9 24 290
16 53 45 49 -5 16 0 0.05 M M 5.7 12 350 M M 10 1 16 320
17 52 47 50 -4 15 0 T M M 5.0 12 290 M M 10 1 16 320
18 60 46 53 -1 12 0 0.00 M M 4.6 13 190 M M 7 16 170
19 68 46 57 4 8 0 0.04 M M 8.4 22 200 M M 3 27 200
20 58 52 55 2 10 0 0.50 M M 7.9 16 260 M M 10 1 21 200
21 54 47 51 -1 14 0 0.16 M M 9.3 20 250 M M 10 1 26 240
22 54 39 47 -5 18 0 0.08 M M 7.3 17 260 M M 6 1 26 250
23 62 29 46 -6 19 0 0.00 M M 1.9 10 150 M M 2 12 12 160
24 76 41 59 8 6 0 0.00 M M 6.5 13 200 M M 0 16 250
25 75 59 67 16 0 2 T M M 7.5 17 220 M M 0 22 240
26 74 56 65 15 0 0 0.00 M M 7.4 14 190 M M 0 21 180
27 72 63 68 18 0 3 T M M 10.0 21 220 M M 7 1 27 220
28 67 55 61 11 4 0 0.09 M M 7.2 14 320 M M 10 1 21 240
29 57 52 55 6 10 0 0.66 M M 4.3 16 310 M M 10 123 25 310
30 56 37 47 -2 18 0 0.38 M M 8.9 17 300 M M 9 12 25 300
31 46 30 38 -11 27 0 0.03 M M 4.9 21 290 M M 7 1 30 280
================================================================================
SM 2034 1480 280 27 3.17 M 203.3 M 168
================================================================================
AV 65.6 47.7 6.6 FASTST M M 5 MAX(MPH)
MISC ----> 25 270 34 260
================================================================================
NOTES:
# LAST OF SEVERAL OCCURRENCES
COLUMN 17 PEAK WIND IN M.P.H.
PRELIMINARY LOCAL CLIMATOLOGICAL DATA (WS FORM: F-6) , PAGE 2
STATION: WHEELING WV
MONTH: OCTOBER
YEAR: 2023
LATITUDE: 40 10 N
LONGITUDE: 80 39 W
[TEMPERATURE DATA] [PRECIPITATION DATA] SYMBOLS USED IN COLUMN 16
AVERAGE MONTHLY: 56.7 TOTAL FOR MONTH: 3.17 1 = FOG OR MIST
DPTR FM NORMAL: 2.5 DPTR FM NORMAL: 0.36 2 = FOG REDUCING VISIBILITY
HIGHEST: 83 ON 4, 3 GRTST 24HR 0.81 ON 14-14 TO 1/4 MILE OR LESS
LOWEST: 29 ON 23 3 = THUNDER
SNOW, ICE PELLETS, HAIL 4 = ICE PELLETS
TOTAL MONTH: M 5 = HAIL
GRTST 24HR M ON M 6 = FREEZING RAIN OR DRIZZLE
GRTST DEPTH: M ON M 7 = DUSTSTORM OR SANDSTORM:
VSBY 1/2 MILE OR LESS
8 = SMOKE OR HAZE
[NO. OF DAYS WITH] [WEATHER - DAYS WITH] 9 = BLOWING SNOW
X = TORNADO
MAX 32 OR BELOW: 0 0.01 INCH OR MORE: 14
MAX 90 OR ABOVE: 0 0.10 INCH OR MORE: 7
MIN 32 OR BELOW: 2 0.50 INCH OR MORE: 3
MIN 0 OR BELOW: 0 1.00 INCH OR MORE: 0
[HDD (BASE 65) ]
TOTAL THIS MO. 280 CLEAR (SCALE 0-3) 12
DPTR FM NORMAL -69 PTCLDY (SCALE 4-7) 9
TOTAL FM JUL 1 336 CLOUDY (SCALE 8-10) 10
DPTR FM NORMAL -104
[CDD (BASE 65) ]
TOTAL THIS MO. 27
DPTR FM NORMAL 12 [PRESSURE DATA]
TOTAL FM JAN 1 743 HIGHEST SLP 30.34 ON 1
DPTR FM NORMAL -38 LOWEST SLP 29.51 ON 20
[REMARKS]
#FINAL-10-23#