000
CXUS53 KFSD 030042 CCA
CF6HON
PRELIMINARY LOCAL CLIMATOLOGICAL DATA (WS FORM: F-6)
STATION: HURON
MONTH: FEBRUARY
YEAR: 2022
LATITUDE: 44 22 N
LONGITUDE: 98 13 W
TEMPERATURE IN F: :PCPN: SNOW: WIND :SUNSHINE: SKY :PK WND
================================================================================
1 2 3 4 5 6A 6B 7 8 9 10 11 12 13 14 15 16 17 18
12Z AVG MX 2MIN
DY MAX MIN AVG DEP HDD CDD WTR SNW DPTH SPD SPD DIR MIN PSBL S-S WX SPD DR
================================================================================
1 37 2 20 3 45 0 0.00 0.0 0 21.2 37 300 M M 1 48 280
2 11 -7 2 -15 63 0 0.00 0.0 0 9.7 17 360 M M 3 23 10
3 14 -8 3 -14 62 0 0.00 0.0 0 9.4 18 180 M M 1 28 150
4 17 0 9 -8 56 0 0.00 0.0 0 12.8 28 330 M M 4 34 330
5 55 10 33 15 32 0 0.00 0.0 0 12.7 32 320 M M 2 43 300
6 36 20 28 10 37 0 T T 0 13.4 37 330 M M 6 50 340
7 59 20 40 22 25 0 0.00 0.0 0 8.8 14 220 M M 3 19 290
8 56 34 45 27 20 0 T 0.0 0 17.1 38 320 M M 1 51 310
9 43 13 28 10 37 0 0.00 0.0 0 16.2 29 340 M M 5 37 330
10 51 13 32 13 33 0 0.09 T 0 13.2 30 300 M M 4 16 46 300
11 42 -1 21 2 44 0 T T 0 22.1 38 340 M M 4 50 340
12 23 -5 9 -10 56 0 T T 0 5.9 23 360 M M 8 30 360
13 26 -7 10 -10 55 0 0.00 0.0 T 9.4 29 170 M M 2 39 170
14 27 4 16 -4 49 0 0.00 0.0 0 10.2 26 350 M M 1 34 360
15 44 18 31 11 34 0 0.00 0.0 0 14.2 26 160 M M 0 39 160
16 30 8 19 -2 46 0 0.00 0.0 0 16.6 24 340 M M 2 32 350
17 23 -6 9 -12 56 0 0.00 0.0 0 8.7 16 350 M M 0 23 360
18 46 3 25 4 40 0 T 0.0 0 17.5 38 340 M M 5 52 340
19 48 -3 23 1 42 0 0.00 0.0 0 14.4 30 190 M M 1 42 170
20 49 14 32 10 33 0 0.00 0.0 0 13.8 26 360 M M 4 32 360
21 15 -4 6 -16 59 0 T T 0 22.1 31 360 M M 10 9 43 360
22 -1 -10 -5 -28 70 0 0.05 1.0 1 22.9 32 340 M M 9 9 45 340
23 4 -19 -7 -30 72 0 0.00 0.0 1 6.7 15 320 M M 2 18 330
24 7 -7 0 -24 65 0 0.06 0.5 1 4.5 10 20 M M 9 1 13 30
25 16 -14 1 -23 64 0 0.00 0.0 1 7.2 17 190 M M 1 1 22 180
26 36 -4 16 -9 49 0 0.00 0.0 1 8.6 21 280 M M 0 26 280
27 51 8 30 5 35 0 0.00 0.0 1 6.8 18 220 M M 0 28 220
28 61 26 44 18 21 0 0.00 0.0 0 9.9 26 290 M M 2 34 290
================================================================================
SM 926 98 1300 0 0.20 1.5 356.0 M 90
================================================================================
AV 33.1 3.5 12.7 FASTST M M 3 MAX(MPH)
MISC ----> # 38 320 52 340
================================================================================
NOTES:
# LAST OF SEVERAL OCCURRENCES
-COLUMN 17 PEAK WIND IN M.P.H.
-PRECIPIATION AMOUNTS IN COLUMNS 7,8, AND 9 ARE THE OFFICIAL PRECIPITATION
AMOUNTS FOR HURON, SD.
-SNOW DEPTHS IN COLUMN 9 IS RECORDED AT 6 AM CST (12Z).
PRELIMINARY LOCAL CLIMATOLOGICAL DATA (WS FORM: F-6) , PAGE 2
STATION: HURON
MONTH: FEBRUARY
YEAR: 2022
LATITUDE: 44 22 N
LONGITUDE: 98 13 W
[TEMPERATURE DATA] [PRECIPITATION DATA] SYMBOLS USED IN COLUMN 16
AVERAGE MONTHLY: 18.3 TOTAL FOR MONTH: 0.20 1 = FOG OR MIST
DPTR FM NORMAL: -2.2 DPTR FM NORMAL: -0.55 2 = FOG REDUCING VISIBILITY
HIGHEST: 61 ON 28 GRTST 24HR 0.09 ON 10 TO 1/4 MILE OR LESS
LOWEST: -19 ON 23 3 = THUNDER
SNOW, ICE PELLETS, HAIL 4 = ICE PELLETS
TOTAL MONTH: 1.5 INCHES 5 = HAIL
GRTST 24HR 1.0 ON 22 6 = FREEZING RAIN OR DRIZZLE
GRTST DEPTH: 1 ON 27,26 7 = DUSTSTORM OR SANDSTORM:
VSBY 1/2 MILE OR LESS
8 = SMOKE OR HAZE
[NO. OF DAYS WITH] [WEATHER - DAYS WITH] 9 = BLOWING SNOW
X = TORNADO
MAX 32 OR BELOW: 13 0.01 INCH OR MORE: 3
MAX 90 OR ABOVE: 0 0.10 INCH OR MORE: 0
MIN 32 OR BELOW: 27 0.50 INCH OR MORE: 0
MIN 0 OR BELOW: 14 1.00 INCH OR MORE: 0
[HDD (BASE 65) ]
TOTAL THIS MO. 1300 CLEAR (SCALE 0-3) 16
DPTR FM NORMAL 54 PTCLDY (SCALE 4-7) 9
TOTAL FM JUL 1 5333 CLOUDY (SCALE 8-10) 3
DPTR FM NORMAL -477
[CDD (BASE 65) ]
TOTAL THIS MO. 0
DPTR FM NORMAL 0 [PRESSURE DATA]
TOTAL FM JAN 1 0 HIGHEST SLP 30.87 ON 23
DPTR FM NORMAL 0 LOWEST SLP 29.49 ON 10
[REMARKS]
RECORD DAILY HIGH MINIMUM TEMPERATURE WAS TIED ON THE 8TH WITH 34 DEGREES.
THIS RECORD WAS ORIGINALLY ESTABLISHED IN 1966.
#FINAL-02-22#