000
CXUS55 KSEW 010930
CF6HQM
PRELIMINARY LOCAL CLIMATOLOGICAL DATA (WS FORM: F-6)
STATION: HOQUIAM WA AIRPORT
MONTH: AUGUST
YEAR: 2023
LATITUDE: 46 58 N
LONGITUDE: 123 56 W
TEMPERATURE IN F: :PCPN: SNOW: WIND :SUNSHINE: SKY :PK WND
================================================================================
1 2 3 4 5 6A 6B 7 8 9 10 11 12 13 14 15 16 17 18
12Z AVG MX 2MIN
DY MAX MIN AVG DEP HDD CDD WTR SNW DPTH SPD SPD DIR MIN PSBL S-S WX SPD DR
================================================================================
1 76 54 65 4 0 0 0.00 M M 5.8 16 290 M M 2 21 300
2 75 53 64 3 1 0 0.00 M M 7.8 18 260 M M 0 24 260
3 72 60 66 5 0 1 0.00 M M 7.9 18 260 M M 5 1 23 260
4 76 57 67 6 0 2 0.00 M M 7.2 17 290 M M 1 23 280
5 68 62 65 4 0 0 0.04 M M 4.3 16 260 M M 10 19 260
6 74 61 68 7 0 3 0.00 M M 10.0 20 260 M M 10 1 24 260
7 73 63 68 7 0 3 0.00 M M 9.3 17 270 M M 7 1 21 280
8 73 62 68 7 0 3 0.00 M M 7.7 16 260 M M 5 22 270
9 74 63 69 8 0 4 0.17 M M 8.8 16 290 M M 9 1 22 270
10 74 61 68 7 0 3 0.00 M M 6.0 16 260 M M 7 20 250
11 74 54 64 3 1 0 0.00 M M 6.7 18 270 M M 0 25 280
12 77 58 68 7 0 3 0.00 M M 5.5 15 280 M M 0 23 290
13 88 59 74 13 0 9 0.00 M M 5.5 16 210 M M 0 19 210
14 94 65 80 19 0 15 0.00 M M 6.5 14 260 M M 0 17 290
15 83 63 73 12 0 8 0.00 M M 6.1 16 270 M M 0 8 20 280
16 74 61 68 7 0 3 0.00 M M 6.2 15 240 M M 4 12 18 250
17 69 60 65 4 0 0 0.00 M M 9.4 18 260 M M 8 12 26 290
18 67 53 60 -1 5 0 0.00 M M 11.8 22 290 M M 0 30 300
19 77 50 64 3 1 0 0.00 M M 5.7 21 330 M M 2 1 27 320
20 76 51 64 3 1 0 0.00 M M 6.9 18 260 M M 2 22 270
21 69 51 60 -1 5 0 0.00 M M 7.1 20 290 M M 1 28 290
22 69 54 62 1 3 0 0.05 M M 8.1 16 210 M M 8 1 20 210
23 68 56 62 1 3 0 0.00 M M 5.3 15 260 M M 4 21 280
24 83 51 67 6 0 2 0.00 M M 4.3 17 80 M M 0 26 80
25 84 62 73 12 0 8 T M M 10.3 20 100 M M 2 1 25 70
26 76 59 68 7 0 3 0.00 M M 8.2 22 240 M M 6 1 26 240
27 69 61 65 4 0 0 0.00 M M 6.4 13 240 M M 10 18 15 260
28 70 62 66 5 0 1 0.00 M M 8.3 14 270 M M 9 18 19 230
29 72 62 67 6 0 2 T M M 8.2 15 240 M M 7 1 19 250
30 72 62 67 6 0 2 0.08 M M 6.4 15 260 M M 5 1 20 270
31 68 60 64 3 1 0 0.07 M M 5.6 13 80 M M 10 18 16 80
================================================================================
SM 2314 1810 21 75 0.41 M 223.3 M 134
================================================================================
AV 74.6 58.4 7.2 FASTST M M 4 MAX(MPH)
MISC ----> # 22 290 30 300
================================================================================
NOTES:
# LAST OF SEVERAL OCCURRENCES
COLUMN 17 PEAK WIND IN M.P.H.
PRELIMINARY LOCAL CLIMATOLOGICAL DATA (WS FORM: F-6) , PAGE 2
STATION: HOQUIAM WA AIRPORT
MONTH: AUGUST
YEAR: 2023
LATITUDE: 46 58 N
LONGITUDE: 123 56 W
[TEMPERATURE DATA] [PRECIPITATION DATA] SYMBOLS USED IN COLUMN 16
AVERAGE MONTHLY: 66.5 TOTAL FOR MONTH: 0.41 1 = FOG OR MIST
DPTR FM NORMAL: 5.5 DPTR FM NORMAL: -0.94 2 = FOG REDUCING VISIBILITY
HIGHEST: 94 ON 14 GRTST 24HR 0.17 ON 9- 9 TO 1/4 MILE OR LESS
LOWEST: 50 ON 19 3 = THUNDER
SNOW, ICE PELLETS, HAIL 4 = ICE PELLETS
TOTAL MONTH: M 5 = HAIL
GRTST 24HR M ON M 6 = FREEZING RAIN OR DRIZZLE
GRTST DEPTH: M ON M 7 = DUSTSTORM OR SANDSTORM:
VSBY 1/2 MILE OR LESS
8 = SMOKE OR HAZE
[NO. OF DAYS WITH] [WEATHER - DAYS WITH] 9 = BLOWING SNOW
X = TORNADO
MAX 32 OR BELOW: 0 0.01 INCH OR MORE: 5
MAX 90 OR ABOVE: 1 0.10 INCH OR MORE: 1
MIN 32 OR BELOW: 0 0.50 INCH OR MORE: 0
MIN 0 OR BELOW: 0 1.00 INCH OR MORE: 0
[HDD (BASE 65) ]
TOTAL THIS MO. 21 CLEAR (SCALE 0-3) 14
DPTR FM NORMAL -111 PTCLDY (SCALE 4-7) 11
TOTAL FM JUL 1 81 CLOUDY (SCALE 8-10) 6
DPTR FM NORMAL -193
[CDD (BASE 65) ]
TOTAL THIS MO. 75
DPTR FM NORMAL 67 [PRESSURE DATA]
TOTAL FM JAN 1 97 HIGHEST SLP M ON M
DPTR FM NORMAL 80 LOWEST SLP 29.83 ON 31
[REMARKS]
#FINAL-08-23#