000
CXUS56 KPDT 011810
CF6HRI
PRELIMINARY LOCAL CLIMATOLOGICAL DATA (WS FORM: F-6)
STATION: HERMISTON OR
MONTH: APRIL
YEAR: 2022
LATITUDE: 45 49 N
LONGITUDE: 119 16 W
TEMPERATURE IN F: :PCPN: SNOW: WIND :SUNSHINE: SKY :PK WND
================================================================================
1 2 3 4 5 6A 6B 7 8 9 10 11 12 13 14 15 16 17 18
12Z AVG MX 2MIN
DY MAX MIN AVG DEP HDD CDD WTR SNW DPTH SPD SPD DIR MIN PSBL S-S WX SPD DR
================================================================================
1 63 28 46 -4 19 0 0.05 M M 5.7 18 240 M M 2 27 250
2 62 36 49 -1 16 0 0.06 M M 15.2 29 240 M M 2 38 220
3 64 31 48 -2 17 0 0.00 M M 6.8 20 270 M M 3 29 260
4 59 38 49 -1 16 0 0.03 M M 22.6 43 260 M M 6 8 61 280
5 57 31 44 -6 21 0 0.00 M M 17.6 32 260 M M 1 49 220
6 61 24 43 -8 22 0 0.00 M M 4.4 12 40 M M 0 8 17 40
7 69 30 50 -1 15 0 0.00 M M 4.3 10 40 M M 0 14 40
8 65 36 51 0 14 0 0.00 M M 19.8 37 260 M M 2 52 270
9 57 39 48 -3 17 0 0.00 M M 19.2 35 260 M M 0 47 270
10 53 36 45 -6 20 0 T M M 15.7 33 260 M M 4 44 240
11 45 36 41 -11 24 0 0.45 M M 15.0 31 240 M M 9 1 42 250
12 49 32 41 -11 24 0 0.11 M M 8.5 22 250 M M 7 1 27 260
13 47 29 38 -14 27 0 T M M 5.5 14 280 M M 5 18 290
14 50 34 42 -10 23 0 0.04 M M 6.4 15 20 M M 6 1 21 360
15 55 30 43 -9 22 0 T M M 6.9 14 260 M M 3 21 250
16 45 33 39 -14 26 0 0.30 M M 8.8 17 230 M M 6 1 25 240
17 58 31 45 -8 20 0 0.00 M M 5.7 15 230 M M 2 23 230
18 57 39 48 -5 17 0 0.03 M M 5.6 26 270 M M 4 37 260
19 57 32 45 -8 20 0 0.01 M M 8.1 21 180 M M 2 28 220
20 64 31 48 -6 17 0 0.14 M M 9.1 32 280 M M 4 1 51 250
21 63 39 51 -3 14 0 0.15 M M 7.0 20 270 M M 2 1 27 260
22 66 32 49 -5 16 0 T M M 6.2 14 240 M M 1 22 240
23 66 40 53 -1 12 0 0.00 M M 7.5 15 240 M M 1 23 250
24 72 33 53 -2 12 0 0.00 M M 4.6 10 30 M M 0 14 50
25 67 41 54 -1 11 0 0.07 M M 6.9 18 210 M M 3 25 200
26 63 44 54 -1 11 0 T M M 13.6 28 260 M M 3 39 250
27 63 40 52 -4 13 0 0.00 M M 8.2 17 240 M M 5 25 250
28 61 38 50 -6 15 0 T M M 7.7 21 250 M M 5 30 250
29 66 44 55 -1 10 0 0.00 M M 8.9 21 260 M M 1 29 250
30 58 49 54 -3 11 0 0.50 M M 4.9 18 280 M M 10 13 26 280
================================================================================
SM 1782 1056 522 0 1.94 M 286.4 M 99
================================================================================
AV 59.4 35.2 9.5 FASTST M M 3 MAX(MPH)
MISC ----> 43 260 61 280
================================================================================
NOTES:
# LAST OF SEVERAL OCCURRENCES
COLUMN 17 PEAK WIND IN M.P.H.
PRELIMINARY LOCAL CLIMATOLOGICAL DATA (WS FORM: F-6) , PAGE 2
STATION: HERMISTON OR
MONTH: APRIL
YEAR: 2022
LATITUDE: 45 49 N
LONGITUDE: 119 16 W
[TEMPERATURE DATA] [PRECIPITATION DATA] SYMBOLS USED IN COLUMN 16
AVERAGE MONTHLY: 47.3 TOTAL FOR MONTH: 1.94 1 = FOG OR MIST
DPTR FM NORMAL: -5.5 DPTR FM NORMAL: 1.16 2 = FOG REDUCING VISIBILITY
HIGHEST: 72 ON 24 GRTST 24HR 0.50 ON 30-30 TO 1/4 MILE OR LESS
LOWEST: 24 ON 6 3 = THUNDER
SNOW, ICE PELLETS, HAIL 4 = ICE PELLETS
TOTAL MONTH: M 5 = HAIL
GRTST 24HR M ON M 6 = FREEZING RAIN OR DRIZZLE
GRTST DEPTH: M ON M 7 = DUSTSTORM OR SANDSTORM:
VSBY 1/2 MILE OR LESS
8 = SMOKE OR HAZE
[NO. OF DAYS WITH] [WEATHER - DAYS WITH] 9 = BLOWING SNOW
X = TORNADO
MAX 32 OR BELOW: 0 0.01 INCH OR MORE: 13
MAX 90 OR ABOVE: 0 0.10 INCH OR MORE: 6
MIN 32 OR BELOW: 12 0.50 INCH OR MORE: 1
MIN 0 OR BELOW: 0 1.00 INCH OR MORE: 0
[HDD (BASE 65) ]
TOTAL THIS MO. 522 CLEAR (SCALE 0-3) 15
DPTR FM NORMAL 153 PTCLDY (SCALE 4-7) 13
TOTAL FM JUL 1 4605 CLOUDY (SCALE 8-10) 2
DPTR FM NORMAL -64
[CDD (BASE 65) ]
TOTAL THIS MO. 0
DPTR FM NORMAL -2 [PRESSURE DATA]
TOTAL FM JAN 1 0 HIGHEST SLP 30.58 ON 6
DPTR FM NORMAL -2 LOWEST SLP 29.25 ON 11
[REMARKS]
#FINAL-04-22#