000
CXUS56 KPDT 011810
CF6HRI
PRELIMINARY LOCAL CLIMATOLOGICAL DATA (WS FORM: F-6)
STATION: HERMISTON OR
MONTH: JULY
YEAR: 2021
LATITUDE: 45 49 N
LONGITUDE: 119 16 W
TEMPERATURE IN F: :PCPN: SNOW: WIND :SUNSHINE: SKY :PK WND
================================================================================
1 2 3 4 5 6A 6B 7 8 9 10 11 12 13 14 15 16 17 18
12Z AVG MX 2MIN
DY MAX MIN AVG DEP HDD CDD WTR SNW DPTH SPD SPD DIR MIN PSBL S-S WX SPD DR
================================================================================
1 98 71 85 13 0 20 0.00 M M 14.9 30 270 M M 0 42 270
2 97 65 81 9 0 16 0.00 M M 9.8 21 240 M M 0 28 240
3 102 68 85 13 0 20 0.00 M M 10.4 17 240 M M 0 26 240
4 101 69 85 12 0 20 0.00 M M 14.0 23 260 M M 0 31 250
5 101 67 84 11 0 19 0.00 M M 9.7 20 260 M M 0 26 260
6 103 59 81 8 0 16 0.00 M M 4.9 12 260 M M 0 16 260
7 95 71 83 9 0 18 0.00 M M 19.1 31 250 M M 0 43 270
8 97 59 78 4 0 13 0.00 M M 11.7 23 230 M M 0 34 230
9 96 61 79 5 0 14 0.00 M M 6.4 20 240 M M 0 28 250
10 102 54 78 3 0 13 0.00 M M 7.8 20 240 M M 0 8 28 230
11 99 65 82 7 0 17 0.00 M M 5.9 20 240 M M 0 28 240
12 101 59 80 5 0 15 0.00 M M 5.4 15 230 M M 0 21 230
13 102 62 82 6 0 17 0.00 M M 5.6 16 240 M M 0 24 240
14 102 67 85 9 0 20 0.00 M M 9.9 23 240 M M 0 37 230
15 96 70 83 7 0 18 0.00 M M 15.9 25 240 M M 0 37 230
16 92 66 79 3 0 14 0.00 M M 16.5 25 260 M M 0 36 270
17 91 62 77 1 0 12 0.00 M M 8.2 17 230 M M 0 28 240
18 94 66 80 3 0 15 0.00 M M 7.1 16 220 M M 0 23 220
19 95 60 78 1 0 13 0.00 M M 6.7 21 230 M M 0 33 240
20 94 70 82 5 0 17 T M M 12.9 23 230 M M 0 35 220
21 88 64 76 -1 0 11 T M M 15.7 25 260 M M 1 3 34 270
22 85 54 70 -7 0 5 0.00 M M 6.7 15 230 M M 0 21 230
23 92 59 76 -1 0 11 0.00 M M 6.2 16 260 M M 0 22 250
24 98 56 77 0 0 12 0.00 M M 3.7 13 240 M M 0 19 240
25 102 60 81 3 0 16 0.00 M M 5.0 13 230 M M 0 18 240
26 96 64 80 2 0 15 0.00 M M 5.1 14 210 M M 0 18 210
27 83 69 76 -2 0 11 T M M 6.0 15 260 M M 2 22 250
28 96 64 80 2 0 15 0.00 M M 3.7 12 280 M M 0 17 280
29 106 63 85 7 0 20 0.00 M M 4.2 14 130 M M 0 18 130
30 110 67 89 12 0 24 0.00 M M 5.8 13 10 M M 0 17 50
31 102 71 87 10 0 22 T M M 7.5 21 230 M M 1 8 33 230
================================================================================
SM 3016 1982 0 489 T M 272.4 M 4
================================================================================
AV 97.3 63.9 8.8 FASTST M M 0 MAX(MPH)
MISC ----> 31 250 43 270
================================================================================
NOTES:
# LAST OF SEVERAL OCCURRENCES
COLUMN 17 PEAK WIND IN M.P.H.
PRELIMINARY LOCAL CLIMATOLOGICAL DATA (WS FORM: F-6) , PAGE 2
STATION: HERMISTON OR
MONTH: JULY
YEAR: 2021
LATITUDE: 45 49 N
LONGITUDE: 119 16 W
[TEMPERATURE DATA] [PRECIPITATION DATA] SYMBOLS USED IN COLUMN 16
AVERAGE MONTHLY: 80.6 TOTAL FOR MONTH: T 1 = FOG OR MIST
DPTR FM NORMAL: 5.0 DPTR FM NORMAL: -0.12 2 = FOG REDUCING VISIBILITY
HIGHEST: 110 ON 30 GRTST 24HR T ON 30- 1 TO 1/4 MILE OR LESS
LOWEST: 54 ON 22,10 3 = THUNDER
SNOW, ICE PELLETS, HAIL 4 = ICE PELLETS
TOTAL MONTH: M 5 = HAIL
GRTST 24HR M ON M 6 = FREEZING RAIN OR DRIZZLE
GRTST DEPTH: M ON M 7 = DUSTSTORM OR SANDSTORM:
VSBY 1/2 MILE OR LESS
8 = SMOKE OR HAZE
[NO. OF DAYS WITH] [WEATHER - DAYS WITH] 9 = BLOWING SNOW
X = TORNADO
MAX 32 OR BELOW: 0 0.01 INCH OR MORE: 0
MAX 90 OR ABOVE: 28 0.10 INCH OR MORE: 0
MIN 32 OR BELOW: 0 0.50 INCH OR MORE: 0
MIN 0 OR BELOW: 0 1.00 INCH OR MORE: 0
[HDD (BASE 65) ]
TOTAL THIS MO. 0 CLEAR (SCALE 0-3) 31
DPTR FM NORMAL -3 PTCLDY (SCALE 4-7) 0
TOTAL FM JUL 1 0 CLOUDY (SCALE 8-10) 0
DPTR FM NORMAL 0
[CDD (BASE 65) ]
TOTAL THIS MO. 489
DPTR FM NORMAL 156 [PRESSURE DATA]
TOTAL FM JAN 1 852 HIGHEST SLP 30.16 ON 23
DPTR FM NORMAL 362 LOWEST SLP 29.63 ON 1
[REMARKS]
#FINAL-07-21#