000
CXUS56 KPDT 011810
CF6HRI
PRELIMINARY LOCAL CLIMATOLOGICAL DATA (WS FORM: F-6)
STATION: HERMISTON OR
MONTH: APRIL
YEAR: 2021
LATITUDE: 45 49 N
LONGITUDE: 119 16 W
TEMPERATURE IN F: :PCPN: SNOW: WIND :SUNSHINE: SKY :PK WND
================================================================================
1 2 3 4 5 6A 6B 7 8 9 10 11 12 13 14 15 16 17 18
12Z AVG MX 2MIN
DY MAX MIN AVG DEP HDD CDD WTR SNW DPTH SPD SPD DIR MIN PSBL S-S WX SPD DR
================================================================================
1 74 30 52 3 13 0 0.00 M M 5.4 17 270 M M 0 22 280
2 70 35 53 4 12 0 0.00 M M 4.4 12 210 M M 0 14 230
3 66 37 52 2 13 0 0.00 M M 3.0 9 160 M M 0 10 250
4 66 36 51 1 14 0 T M M 12.1 29 260 M M 3 38 280
5 61 35 48 -2 17 0 0.00 M M 8.0 16 270 M M 2 23 250
6 69 28 49 -1 16 0 0.00 M M 3.8 9 170 M M 0 13 250
7 67 36 52 2 13 0 0.00 M M 15.0 28 250 M M 1 37 220
8 60 33 47 -3 18 0 T M M 15.4 31 270 M M 4 40 250
9 66 25 46 -4 19 0 0.00 M M 9.2 24 230 M M 0 31 230
10 56 34 45 -6 20 0 T M M 16.9 37 260 M M 5 51 250
11 56 22 39 -12 26 0 0.00 M M 4.8 14 50 M M 1 18 20
12 63 21 42 -9 23 0 0.00 M M 8.2 21 20 M M 1 34 10
13 65 31 48 -3 17 0 T M M 12.4 28 30 M M 0 39 40
14 70 39 55 4 10 0 0.00 M M 11.0 23 20 M M 0 8 35 50
15 M 30 M M M M 0.00 M M 5.5 20 40 M M 0 25 30
16 76 M M M M M 0.00 M M 10.0 21 40 M M 0 30 40
17 80 31 56 4 9 0 0.00 M M 4.2 10 170 M M 0 15 20
18 86 37 62 10 3 0 0.00 M M 6.8 18 350 M M 0 8 28 350
19 66 36 51 -1 14 0 0.00 M M 7.3 21 10 M M 1 8 29 20
20 69 28 49 -3 16 0 0.00 M M 6.0 18 40 M M 0 27 20
21 73 29 51 -2 14 0 0.00 M M 4.3 12 200 M M 0 16 200
22 75 45 60 7 5 0 0.00 M M 13.0 25 230 M M 2 35 230
23 69 46 58 5 7 0 0.00 M M 7.3 17 240 M M 3 24 240
24 64 49 57 4 8 0 0.08 M M 11.0 23 250 M M 7 30 260
25 67 46 57 3 8 0 0.00 M M 8.8 18 230 M M 4 26 220
26 69 45 57 3 8 0 0.00 M M 9.7 20 230 M M 2 27 230
27 73 38 56 2 9 0 0.00 M M 11.1 17 240 M M 0 25 250
28 79 42 61 7 4 0 0.00 M M 5.6 15 260 M M 0 8 30 260
29 87 47 67 12 0 2 0.00 M M 5.6 15 240 M M 0 22 240
30 80 55 68 13 0 3 0.00 M M 12.8 22 250 M M 1 31 270
================================================================================
SM 2022 1046 336 5 0.08 M 258.6 M 37
================================================================================
AV 69.7 36.1 8.6 FASTST M M 1 MAX(MPH)
MISC ----> 37 260 51 250
================================================================================
NOTES:
# LAST OF SEVERAL OCCURRENCES
COLUMN 17 PEAK WIND IN M.P.H.
PRELIMINARY LOCAL CLIMATOLOGICAL DATA (WS FORM: F-6) , PAGE 2
STATION: HERMISTON OR
MONTH: APRIL
YEAR: 2021
LATITUDE: 45 49 N
LONGITUDE: 119 16 W
[TEMPERATURE DATA] [PRECIPITATION DATA] SYMBOLS USED IN COLUMN 16
AVERAGE MONTHLY: 52.9 TOTAL FOR MONTH: 0.08 1 = FOG OR MIST
DPTR FM NORMAL: 0.8 DPTR FM NORMAL: -0.80 2 = FOG REDUCING VISIBILITY
HIGHEST: 87 ON 29 GRTST 24HR 0.08 ON 24-24 TO 1/4 MILE OR LESS
LOWEST: 21 ON 12 3 = THUNDER
SNOW, ICE PELLETS, HAIL 4 = ICE PELLETS
TOTAL MONTH: M 5 = HAIL
GRTST 24HR M ON M 6 = FREEZING RAIN OR DRIZZLE
GRTST DEPTH: M ON M 7 = DUSTSTORM OR SANDSTORM:
VSBY 1/2 MILE OR LESS
8 = SMOKE OR HAZE
[NO. OF DAYS WITH] [WEATHER - DAYS WITH] 9 = BLOWING SNOW
X = TORNADO
MAX 32 OR BELOW: 0 0.01 INCH OR MORE: 1
MAX 90 OR ABOVE: 0 0.10 INCH OR MORE: 0
MIN 32 OR BELOW: 10 0.50 INCH OR MORE: 0
MIN 0 OR BELOW: 0 1.00 INCH OR MORE: 0
[HDD (BASE 65) ]
TOTAL THIS MO. 336 CLEAR (SCALE 0-3) 26
DPTR FM NORMAL -52 PTCLDY (SCALE 4-7) 4
TOTAL FM JUL 1 4331 CLOUDY (SCALE 8-10) 0
DPTR FM NORMAL -517
[CDD (BASE 65) ]
TOTAL THIS MO. 5
DPTR FM NORMAL 5 [PRESSURE DATA]
TOTAL FM JAN 1 5 HIGHEST SLP 30.37 ON 19
DPTR FM NORMAL 5 LOWEST SLP 29.62 ON 25
[REMARKS]
#FINAL-04-21#