000
CXUS54 KLZK 011130
CF6HRO
PRELIMINARY LOCAL CLIMATOLOGICAL DATA (WS FORM: F-6)
STATION: Harrison
MONTH: MAY
YEAR: 2020
LATITUDE: 36 15 N
LONGITUDE: 93 9 W
TEMPERATURE IN F: :PCPN: SNOW: WIND :SUNSHINE: SKY :PK WND
================================================================================
1 2 3 4 5 6A 6B 7 8 9 10 11 12 13 14 15 16 17 18
12Z AVG MX 2MIN
DY MAX MIN AVG DEP HDD CDD WTR SNW DPTH SPD SPD DIR MIN PSBL S-S WX SPD DR
================================================================================
1 80 46 63 1 2 0 0.00 0.0 0 8.4 20 160 M M 0 24 150
2 86 61 74 12 0 9 0.00 0.0 0 8.4 18 150 M M 0 24 150
3 75 61 68 5 0 3 0.03 0.0 0 5.1 13 340 M M 9 13 20 360
4 71 58 65 2 0 0 0.36 0.0 0 9.4 20 150 M M 10 123 25 140
5 72 54 63 0 2 0 T 0.0 0 10.3 21 300 M M 3 12 31 300
6 67 46 57 -6 8 0 T 0.0 0 6.6 18 340 M M 2 27 300
7 68 42 55 -9 10 0 0.04 0.0 0 6.5 16 170 M M 3 3 21 160
8 65 43 54 -10 11 0 0.61 M 0 8.7 21 340 M M 5 13 28 360
9 66 36 51 -13 14 0 0.00 0.0 0 3.9 12 150 M M 0 14 80
10 66 47 57 -7 8 0 0.00 0.0 0 6.9 16 310 M M 1 23 280
11 51 38 45 -19 20 0 0.22 M 0 3.0 8 120 M M 7 1 10 320
12 49 43 46 -19 19 0 0.65 M 0 9.2 17 120 M M 10 1 23 110
13 74 49 62 -3 3 0 0.03 0.0 0 9.3 20 140 M M 7 12 26 180
14 80 64 72 7 0 7 T 0.0 0 10.6 24 160 M M 4 30 150
15 76 57 67 1 0 2 0.79 0.0 0 7.4 26 50 M M 8 13 41 340
16 78 57 68 2 0 3 0.55 0.0 0 5.9 13 100 M M 7 12 21 100
17 76 56 66 0 0 1 2.31 0.0 0 8.0 17 310 M M 6 1 25 320
18 66 52 59 -7 6 0 0.00 0.0 0 7.6 18 300 M M 6 26 310
19 68 53 61 -5 4 0 0.00 0.0 0 4.8 13 10 M M 9 17 10
20 70 49 60 -7 5 0 0.00 0.0 0 3.6 9 60 M M 6 12 90
21 74 55 65 -2 0 0 0.29 0.0 0 8.2 14 120 M M 7 123 17 120
22 70 60 65 -2 0 0 0.72 0.0 0 7.6 25 260 M M 7 13 38 270
23 84 63 74 6 0 9 0.00 0.0 0 9.2 16 150 M M 1 3 22 160
24 86 65 76 8 0 11 0.00 0.0 0 8.1 17 170 M M 1 23 170
25 83 65 74 6 0 9 0.66 0.0 0 8.2 22 150 M M 4 13 25 160
26 76 64 70 2 0 5 0.08 0.0 0 7.0 18 160 M M 9 1 25 170
27 79 58 69 1 0 4 0.32 0.0 0 2.9 17 160 M M 6 13 22 170
28 78 57 68 -1 0 3 0.10 0.0 0 5.3 17 300 M M 6 1 24 290
29 79 56 68 -1 0 3 0.00 0.0 0 6.3 14 330 M M 3 1 19 340
30 79 51 65 -4 0 0 0.00 0.0 0 2.7 9 100 M M 0 14 70
31 79 56 68 -2 0 3 0.00 0.0 0 4.2 13 140 M M 0 16 120
================================================================================
SM 2271 1662 112 72 7.76 0.0 213.3 M 147
================================================================================
AV 73.3 53.6 6.9 FASTST M M 5 MAX(MPH)
MISC ----> # 26 50 # 41 340
================================================================================
NOTES:
# LAST OF SEVERAL OCCURRENCES
COLUMN 17 PEAK WIND IN M.P.H.
PRELIMINARY LOCAL CLIMATOLOGICAL DATA (WS FORM: F-6) , PAGE 2
STATION: Harrison
MONTH: MAY
YEAR: 2020
LATITUDE: 36 15 N
LONGITUDE: 93 9 W
[TEMPERATURE DATA] [PRECIPITATION DATA] SYMBOLS USED IN COLUMN 16
AVERAGE MONTHLY: 63.4 TOTAL FOR MONTH: 7.76 1 = FOG OR MIST
DPTR FM NORMAL: -2.4 DPTR FM NORMAL: 3.07 2 = FOG REDUCING VISIBILITY
HIGHEST: 86 ON 24, 2 GRTST 24HR 2.31 ON 17-17 TO 1/4 MILE OR LESS
LOWEST: 36 ON 9 3 = THUNDER
SNOW, ICE PELLETS, HAIL 4 = ICE PELLETS
TOTAL MONTH: 0.0 INCH 5 = HAIL
GRTST 24HR 0.0 6 = FREEZING RAIN OR DRIZZLE
GRTST DEPTH: 0 7 = DUSTSTORM OR SANDSTORM:
VSBY 1/2 MILE OR LESS
8 = SMOKE OR HAZE
[NO. OF DAYS WITH] [WEATHER - DAYS WITH] 9 = BLOWING SNOW
X = TORNADO
MAX 32 OR BELOW: 0 0.01 INCH OR MORE: 16
MAX 90 OR ABOVE: 0 0.10 INCH OR MORE: 12
MIN 32 OR BELOW: 0 0.50 INCH OR MORE: 7
MIN 0 OR BELOW: 0 1.00 INCH OR MORE: 1
[HDD (BASE 65) ]
TOTAL THIS MO. 112 CLEAR (SCALE 0-3) 11
DPTR FM NORMAL 35 PTCLDY (SCALE 4-7) 15
TOTAL FM JUL 1 3734 CLOUDY (SCALE 8-10) 5
DPTR FM NORMAL -264
[CDD (BASE 65) ]
TOTAL THIS MO. 72
DPTR FM NORMAL -30 [PRESSURE DATA]
TOTAL FM JAN 1 121 HIGHEST SLP 30.40 ON 11
DPTR FM NORMAL -18 LOWEST SLP 29.69 ON 17
[REMARKS]
ALL SNOWFALL DATA IS FROM THE HARRISON COOPERATIVE OBSERVER SITE
#FINAL-05-20#