000
CXUS52 KMHX 290600
CF6HSE
PRELIMINARY LOCAL CLIMATOLOGICAL DATA (WS FORM: F-6)
STATION: CAPE HATTERAS NC
MONTH: MARCH
YEAR: 2024
LATITUDE: 35 13 N
LONGITUDE: 75 37 W
TEMPERATURE IN F: :PCPN: SNOW: WIND :SUNSHINE: SKY :PK WND
================================================================================
1 2 3 4 5 6A 6B 7 8 9 10 11 12 13 14 15 16 17 18
12Z AVG MX 2MIN
DY MAX MIN AVG DEP HDD CDD WTR SNW DPTH SPD SPD DIR MIN PSBL S-S WX SPD DR
================================================================================
1 63 36 50 -1 15 0 0.01 0.0 0 10.4 20 120 M M 2 27 120
2 62 56 59 8 6 0 2.04 0.0 0 10.7 22 200 M M 9 12 36 190
3 65 54 60 9 5 0 0.21 0.0 0 6.5 12 110 M M 5 1 19 50
4 67 58 63 12 2 0 3.75 0.0 0 10.3 22 190 M M 10 18 33 130
5 62 56 59 7 6 0 0.00 0.0 0 6.9 17 220 M M 8 18 28 220
6 67 60 64 12 1 0 2.63 0.0 0 12.7 28 170 M M 8 123 48 170
7 62 51 57 5 8 0 0.03 0.0 0 6.2 13 40 M M 6 1 25 50
8 57 49 53 1 12 0 0.00 0.0 0 9.9 16 30 M M 2 29 50
9 66 51 59 7 6 0 0.27 0.0 M 13.0 23 170 M M 8 138 36 200
10 63 47 55 3 10 0 0.00 0.0 0 12.7 23 310 M M 3 1 45 330
11 58 45 52 -1 13 0 0.00 0.0 0 12.7 24 310 M M 0 49 310
12 64 50 57 4 8 0 0.00 0.0 0 9.2 16 230 M M 0 27 250
13 67 52 60 7 5 0 0.00 0.0 0 6.6 10 230 M M 0 22 250
14 75 51 63 10 2 0 0.00 0.0 0 5.1 9 200 M M 0 16 210
15 68 60 64 11 1 0 T 0.0 0 12.3 20 230 M M 1 32 240
16 66 52 59 5 6 0 0.00 0.0 0 7.9 15 20 M M 4 29 350
17 69 57 63 9 2 0 0.01 0.0 0 8.2 15 240 M M 1 1 27 240
18 63 49 56 2 9 0 T 0.0 0 9.0 16 30 M M 5 1 35 30
19 53 40 47 -7 18 0 0.09 0.0 0 10.5 21 330 M M 2 1 43 320
20 63 51 57 3 8 0 0.00 0.0 0 13.1 21 230 M M 0 35 230
21 60 46 53 -2 12 0 0.00 0.0 0 10.3 17 50 M M 0 8 31 60
22 68 51 60 5 5 0 0.09 0.0 0 16.7 28 130 M M 3 18 42 140
23 67 51 59 4 6 0 2.87 0.0 0 16.6 40 180 M M 9 1238 62 170
24 51 41 46 -10 19 0 0.00 0.0 0 15.4 22 30 M M 9 46 50
25 52 45 49 -7 16 0 0.00 0.0 0 11.2 17 30 M M 9 33 20
26 50 44 47 -9 18 0 0.00 0.0 0 7.8 14 30 M M 10 1 24 30
27 57 45 51 -5 14 0 T 0.0 0 4.6 10 90 M M 7 12 16 20
28 58 48 53 -3 12 0 1.86 0.0 0 8.5 16 320 M M 8 1 37 10
================================================================================
SM 1743 1396 245 0 13.86 0.0 285.0 M 129
================================================================================
AV 62.3 49.9 10.2 FASTST M M 5 MAX(MPH)
MISC ----> 40 180 62 170
================================================================================
NOTES:
# LAST OF SEVERAL OCCURRENCES
COLUMN 17 PEAK WIND IN M.P.H.
PRELIMINARY LOCAL CLIMATOLOGICAL DATA (WS FORM: F-6) , PAGE 2
STATION: CAPE HATTERAS NC
MONTH: MARCH
YEAR: 2024
LATITUDE: 35 13 N
LONGITUDE: 75 37 W
[TEMPERATURE DATA] [PRECIPITATION DATA] SYMBOLS USED IN COLUMN 16
AVERAGE MONTHLY: 56.1 TOTAL FOR MONTH: 13.86 1 = FOG OR MIST
DPTR FM NORMAL: 2.6 DPTR FM NORMAL: 9.83 2 = FOG REDUCING VISIBILITY
HIGHEST: 75 ON 14 GRTST 24HR 3.96 ON 3- 4 TO 1/4 MILE OR LESS
LOWEST: 36 ON 1 3 = THUNDER
SNOW, ICE PELLETS, HAIL 4 = ICE PELLETS
TOTAL MONTH: 0.0 INCH 5 = HAIL
GRTST 24HR 0.0 6 = FREEZING RAIN OR DRIZZLE
GRTST DEPTH: 0 7 = DUSTSTORM OR SANDSTORM:
VSBY 1/2 MILE OR LESS
8 = SMOKE OR HAZE
[NO. OF DAYS WITH] [WEATHER - DAYS WITH] 9 = BLOWING SNOW
X = TORNADO
MAX 32 OR BELOW: 0 0.01 INCH OR MORE: 12
MAX 90 OR ABOVE: 0 0.10 INCH OR MORE: 7
MIN 32 OR BELOW: 0 0.50 INCH OR MORE: 5
MIN 0 OR BELOW: 0 1.00 INCH OR MORE: 5
[HDD (BASE 65) ]
TOTAL THIS MO. 245 CLEAR (SCALE 0-3) 12
DPTR FM NORMAL -84 PTCLDY (SCALE 4-7) 9
TOTAL FM JUL 1 1866 CLOUDY (SCALE 8-10) 7
DPTR FM NORMAL -107
[CDD (BASE 65) ]
TOTAL THIS MO. 0
DPTR FM NORMAL 0 [PRESSURE DATA]
TOTAL FM JAN 1 0 HIGHEST SLP M ON M
DPTR FM NORMAL -2 LOWEST SLP 29.57 ON 10
[REMARKS]