000
CDUS43 KGID 042223
CLIHSI


CLIMATE REPORT
NATIONAL WEATHER SERVICE HASTINGS NE
523 PM CDT WED APR 4 2018


...................................

...THE HASTINGS NE CLIMATE SUMMARY FOR APRIL 4 2018...
VALID TODAY AS OF 0500 PM LOCAL TIME.

CLIMATE NORMAL PERIOD 1981 TO 2010
CLIMATE RECORD PERIOD 1894 TO 2018


WEATHER ITEM   OBSERVED TIME   RECORD YEAR NORMAL DEPARTURE LAST
                VALUE   (LST)  VALUE       VALUE  FROM      YEAR
                                                  NORMAL
..................................................................
TEMPERATURE (F)
 TODAY
  MAXIMUM         53    358 PM  87    1959  59     -6       55
  MINIMUM         14    616 AM  13    1968  35    -21       38
  AVERAGE         34                        47    -13       47

PRECIPITATION (IN)
  TODAY            0.00          1.78 1898   0.05  -0.05     0.00
  MONTH TO DATE    0.24                      0.23   0.01     0.16
  SINCE MAR 1      1.31                      2.02  -0.71     1.24
  SINCE JAN 1      2.33                      2.92  -0.59     2.34

SNOWFALL (IN)
  TODAY            0.0           8.0  1920   0.1   -0.1      0.0
  MONTH TO DATE    5.1                       0.4    4.7      0.0
  SINCE MAR 1      5.4                       5.6   -0.2      1.2
  SINCE JUL 1     25.3                      28.0   -2.7     10.3
  SNOW DEPTH       0

DEGREE DAYS
 HEATING
  TODAY           31                        18     13       18
  MONTH TO DATE  143                        74     69       68
  SINCE MAR 1    910                       851     59      731
  SINCE JUL 1   5628                      5481    147     4661

 COOLING
  TODAY            0                         0      0        0
  MONTH TO DATE    0                         0      0        0
  SINCE MAR 1      0                         0      0        0
  SINCE JAN 1      0                         0      0        0
..................................................................


WIND (MPH)
  HIGHEST WIND SPEED    22   HIGHEST WIND DIRECTION     S (180)
  HIGHEST GUST SPEED    32   HIGHEST GUST DIRECTION    SW (220)
  AVERAGE WIND SPEED     8.7


SKY COVER
  AVERAGE SKY COVER 0.0


WEATHER CONDITIONS
 THE FOLLOWING WEATHER WAS RECORDED TODAY.
  NO SIGNIFICANT WEATHER WAS OBSERVED.


RELATIVE HUMIDITY (PERCENT)
 HIGHEST    88           400 AM
 LOWEST     26           400 PM
 AVERAGE    57

..........................................................


THE HASTINGS NE CLIMATE NORMALS FOR TOMORROW
                         NORMAL    RECORD    YEAR
 MAXIMUM TEMPERATURE (F)   60        87      2000
 MINIMUM TEMPERATURE (F)   35        14      1920


SUNRISE AND SUNSET
APRIL  4 2018.........SUNRISE   712 AM CDT   SUNSET   802 PM CDT
APRIL  5 2018.........SUNRISE   711 AM CDT   SUNSET   803 PM CDT


-  INDICATES NEGATIVE NUMBERS.
R  INDICATES RECORD WAS SET OR TIED.
MM INDICATES DATA IS MISSING.
T  INDICATES TRACE AMOUNT.




$$
