000
CXUS54 KHUN 010810
CF6HSV
PRELIMINARY LOCAL CLIMATOLOGICAL DATA (WS FORM: F-6)
STATION: HUNTSVILLE
MONTH: MAY
YEAR: 2023
LATITUDE: 34 39 N
LONGITUDE: 86 46 W
TEMPERATURE IN F: :PCPN: SNOW: WIND :SUNSHINE: SKY :PK WND
================================================================================
1 2 3 4 5 6A 6B 7 8 9 10 11 12 13 14 15 16 17 18
12Z AVG MX 2MIN
DY MAX MIN AVG DEP HDD CDD WTR SNW DPTH SPD SPD DIR MIN PSBL S-S WX SPD DR
================================================================================
1 68 45 57 -10 8 0 0.00 0.0 0 9.2 24 260 M M 1 36 250
2 72 42 57 -11 8 0 0.00 0.0 0 9.1 30 300 M M 0 44 330
3 73 43 58 -10 7 0 0.00 0.0 0 6.6 17 310 M M 0 26 320
4 76 44 60 -8 5 0 0.00 0.0 0 2.6 10 240 M M 6 16 10
5 62 57 60 -8 5 0 0.09 0.0 0 7.3 17 100 M M 9 1 24 100
6 82 58 70 1 0 5 0.00 0.0 0 8.8 16 140 M M 6 24 140
7 87 62 75 6 0 10 0.00 0.0 0 8.5 16 200 M M 5 24 170
8 85 64 75 6 0 10 0.02 0.0 0 7.0 23 190 M M 8 3 31 190
9 90 68 79 9 0 14 0.00 0.0 0 4.9 13 250 M M 5 1 19 260
10 87 62 75 5 0 10 0.43 0.0 0 7.3 31 250 M M 6 13 43 250
11 81 66 74 4 0 9 0.46 0.0 0 10.7 35 120 M M 8 3 54 140
12 76 63 70 0 0 5 0.23 0.0 0 5.2 22 220 M M 8 1 30 210
13 87 61 74 3 0 9 0.00 0.0 0 3.6 10 300 M M 3 13 350
14 91 66 79 8 0 14 0.00 0.0 0 4.0 15 40 M M 3 1 21 320
15 93 67 80 9 0 15 T 0.0 0 4.9 23 360 M M 4 3 32 10
16 89 66 78 7 0 13 0.24 0.0 0 5.9 22 270 M M 6 13 32 280
17 80 67 74 2 0 9 0.13 0.0 0 5.0 14 20 M M 9 1 19 360
18 84 62 73 1 0 8 T 0.0 0 8.5 25 120 M M 6 3 35 100
19 73 66 70 -2 0 5 0.00 0.0 0 8.1 17 140 M M 10 21 160
20 77 63 70 -2 0 5 1.02 0.0 0 8.4 18 310 M M 10 13 31 320
21 81 59 70 -3 0 5 0.00 0.0 0 7.5 15 30 M M 2 1 20 40
22 83 61 72 -1 0 7 0.00 0.0 0 8.1 17 110 M M 6 22 140
23 75 60 68 -5 0 3 0.13 0.0 0 8.1 17 130 M M 7 1 23 110
24 84 59 72 -2 0 7 0.00 0.0 0 6.9 16 20 M M 3 8 20 20
25 85 57 71 -3 0 6 0.00 0.0 0 5.9 15 40 M M 2 20 40
26 84 59 72 -2 0 7 0.00 0.0 0 5.9 15 40 M M 2 22 100
27 81 64 73 -1 0 8 0.00 0.0 0 5.8 15 130 M M 7 21 140
28 83 57 70 -4 0 5 0.00 0.0 0 7.9 17 310 M M 2 25 360
29 76 57 67 -8 0 2 0.00 0.0 0 5.2 15 30 M M 4 21 40
30 86 56 71 -4 0 6 0.00 0.0 0 3.5 10 70 M M 2 16 140
31 86 66 76 1 0 11 0.00 0.0 0 7.9 16 120 M M 3 21 130
================================================================================
SM 2517 1847 33 208 2.75 0.0 208.3 M 153
================================================================================
AV 81.2 59.6 6.7 FASTST M M 5 MAX(MPH)
MISC ----> 35 120 54 140
================================================================================
NOTES:
# LAST OF SEVERAL OCCURRENCES
COLUMN 17 PEAK WIND IN M.P.H.
PRELIMINARY LOCAL CLIMATOLOGICAL DATA (WS FORM: F-6) , PAGE 2
STATION: HUNTSVILLE
MONTH: MAY
YEAR: 2023
LATITUDE: 34 39 N
LONGITUDE: 86 46 W
[TEMPERATURE DATA] [PRECIPITATION DATA] SYMBOLS USED IN COLUMN 16
AVERAGE MONTHLY: 70.4 TOTAL FOR MONTH: 2.75 1 = FOG OR MIST
DPTR FM NORMAL: -0.9 DPTR FM NORMAL: -1.92 2 = FOG REDUCING VISIBILITY
HIGHEST: 93 ON 15 GRTST 24HR 1.02 ON 20-20 TO 1/4 MILE OR LESS
LOWEST: 42 ON 2 3 = THUNDER
SNOW, ICE PELLETS, HAIL 4 = ICE PELLETS
TOTAL MONTH: 0.0 INCH 5 = HAIL
GRTST 24HR 0.0 6 = FREEZING RAIN OR DRIZZLE
GRTST DEPTH: 0 7 = DUSTSTORM OR SANDSTORM:
VSBY 1/2 MILE OR LESS
8 = SMOKE OR HAZE
[NO. OF DAYS WITH] [WEATHER - DAYS WITH] 9 = BLOWING SNOW
X = TORNADO
MAX 32 OR BELOW: 0 0.01 INCH OR MORE: 9
MAX 90 OR ABOVE: 3 0.10 INCH OR MORE: 7
MIN 32 OR BELOW: 0 0.50 INCH OR MORE: 1
MIN 0 OR BELOW: 0 1.00 INCH OR MORE: 1
[HDD (BASE 65) ]
TOTAL THIS MO. 33 CLEAR (SCALE 0-3) 11
DPTR FM NORMAL 10 PTCLDY (SCALE 4-7) 15
TOTAL FM JUL 1 2461 CLOUDY (SCALE 8-10) 5
DPTR FM NORMAL -369
[CDD (BASE 65) ]
TOTAL THIS MO. 208
DPTR FM NORMAL -12 [PRESSURE DATA]
TOTAL FM JAN 1 272 HIGHEST SLP M ON M
DPTR FM NORMAL -36 LOWEST SLP 29.72 ON 1
[REMARKS]
#FINAL-05-23#