000
CXUS54 KHUN 021516
CF6HSV
PRELIMINARY LOCAL CLIMATOLOGICAL DATA (WS FORM: F-6)
STATION: HUNTSVILLE
MONTH: MAY
YEAR: 2022
LATITUDE: 34 39 N
LONGITUDE: 86 46 W
TEMPERATURE IN F: :PCPN: SNOW: WIND :SUNSHINE: SKY :PK WND
================================================================================
1 2 3 4 5 6A 6B 7 8 9 10 11 12 13 14 15 16 17 18
12Z AVG MX 2MIN
DY MAX MIN AVG DEP HDD CDD WTR SNW DPTH SPD SPD DIR MIN PSBL S-S WX SPD DR
================================================================================
1 82 60 71 4 0 6 0.03 0.0 0 7.5 20 240 M M 5 26 220
2 87 57 72 4 0 7 0.39 0.0 0 5.6 26 220 M M 5 138 40 220
3 84 65 75 7 0 10 0.00 0.0 0 9.7 25 200 M M 6 37 200
4 84 65 75 7 0 10 0.00 0.0 0 4.5 14 350 M M 7 19 340
5 88 61 75 7 0 10 0.29 0.0 0 8.0 28 210 M M 6 13 39 210
6 75 59 67 -2 0 2 0.13 0.0 0 12.6 29 230 M M 7 13 43 240
7 65 56 61 -8 4 0 0.04 0.0 0 8.7 16 310 M M 10 1 25 300
8 76 54 65 -4 0 0 0.00 0.0 0 5.1 9 140 M M 5 15 100
9 79 57 68 -2 0 3 0.00 0.0 0 9.3 17 150 M M 2 23 160
10 83 58 71 1 0 6 0.00 0.0 0 4.2 14 150 M M 2 19 140
11 88 61 75 5 0 10 0.00 0.0 0 2.6 10 130 M M 2 8 13 250
12 89 66 78 8 0 13 0.00 0.0 0 5.4 15 120 M M 3 1 20 120
13 84 64 74 3 0 9 0.00 0.0 0 8.3 18 130 M M 2 23 110
14 88 64 76 5 0 11 0.00 0.0 0 5.6 14 240 M M 5 22 160
15 92 65 79 8 0 14 0.01 0.0 0 4.6 31 220 M M 5 38 42 220
16 85 61 73 2 0 8 0.00 0.0 0 5.1 14 360 M M 4 1 22 360
17 88 54 71 -1 0 6 0.00 0.0 0 3.0 14 40 M M 1 19 20
18 89 58 74 2 0 9 0.00 0.0 0 8.4 20 180 M M 4 28 210
19 92 68 80 8 0 15 0.00 0.0 0 8.2 18 200 M M 5 18 25 210
20 92 71 82 10 0 17 0.00 0.0 0 12.6 23 190 M M 3 32 180
21 92 72 82 9 0 17 T 0.0 0 9.8 20 300 M M 5 27 310
22 88 66 77 4 0 12 2.13 0.0 0 5.8 22 310 M M 8 123 29 310
23 75 64 70 -3 0 5 0.46 0.0 0 8.4 17 330 M M 10 1 24 320
24 80 63 72 -2 0 7 0.22 0.0 0 8.4 29 190 M M 9 13 36 200
25 77 67 72 -2 0 7 0.25 0.0 0 12.9 24 140 M M 9 1 31 130
26 76 63 70 -4 0 5 0.41 0.0 0 13.0 29 160 M M 8 18 39 160
27 73 61 67 -7 0 2 0.01 0.0 0 6.3 17 260 M M 8 1 25 300
28 80 57 69 -5 0 4 0.00 0.0 0 3.9 12 10 M M 3 14 10
29 86 59 73 -2 0 8 0.00 0.0 0 6.1 15 160 M M 2 23 150
30 90 65 78 3 0 13 0.00 0.0 0 7.4 18 160 M M 3 24 160
31 91 67 79 4 0 14 0.00 0.0 0 5.1 13 150 M M 1 16 110
================================================================================
SM 2598 1928 4 260 4.37 0.0 226.1 M 155
================================================================================
AV 83.8 62.2 7.3 FASTST M M 5 MAX(MPH)
MISC ----> 31 220 43 240
================================================================================
NOTES:
# LAST OF SEVERAL OCCURRENCES
COLUMN 17 PEAK WIND IN M.P.H.
PRELIMINARY LOCAL CLIMATOLOGICAL DATA (WS FORM: F-6) , PAGE 2
STATION: HUNTSVILLE
MONTH: MAY
YEAR: 2022
LATITUDE: 34 39 N
LONGITUDE: 86 46 W
[TEMPERATURE DATA] [PRECIPITATION DATA] SYMBOLS USED IN COLUMN 16
AVERAGE MONTHLY: 73.0 TOTAL FOR MONTH: 4.37 1 = FOG OR MIST
DPTR FM NORMAL: 1.7 DPTR FM NORMAL: -0.30 2 = FOG REDUCING VISIBILITY
HIGHEST: 92 ON 21,20 GRTST 24HR 2.17 ON 22-23 TO 1/4 MILE OR LESS
LOWEST: 54 ON 17, 8 3 = THUNDER
SNOW, ICE PELLETS, HAIL 4 = ICE PELLETS
TOTAL MONTH: 0.0 INCH 5 = HAIL
GRTST 24HR 0.0 6 = FREEZING RAIN OR DRIZZLE
GRTST DEPTH: 0 7 = DUSTSTORM OR SANDSTORM:
VSBY 1/2 MILE OR LESS
8 = SMOKE OR HAZE
[NO. OF DAYS WITH] [WEATHER - DAYS WITH] 9 = BLOWING SNOW
X = TORNADO
MAX 32 OR BELOW: 0 0.01 INCH OR MORE: 12
MAX 90 OR ABOVE: 6 0.10 INCH OR MORE: 8
MIN 32 OR BELOW: 0 0.50 INCH OR MORE: 1
MIN 0 OR BELOW: 0 1.00 INCH OR MORE: 1
[HDD (BASE 65) ]
TOTAL THIS MO. 4 CLEAR (SCALE 0-3) 10
DPTR FM NORMAL -19 PTCLDY (SCALE 4-7) 17
TOTAL FM JUL 1 2773 CLOUDY (SCALE 8-10) 4
DPTR FM NORMAL -57
[CDD (BASE 65) ]
TOTAL THIS MO. 260
DPTR FM NORMAL 40 [PRESSURE DATA]
TOTAL FM JAN 1 328 HIGHEST SLP 30.27 ON 10
DPTR FM NORMAL 20 LOWEST SLP 29.62 ON 6
[REMARKS]
#FINAL-05-22#