000
CXUS53 KAPX 041228
CF6HTL
PRELIMINARY LOCAL CLIMATOLOGICAL DATA (WS FORM: F-6)
STATION: HOUGHTON LAKE MI
MONTH: DECEMBER
YEAR: 2020
LATITUDE: 44 22 N
LONGITUDE: 84 41 W
TEMPERATURE IN F: :PCPN: SNOW: WIND :SUNSHINE: SKY :PK WND
================================================================================
1 2 3 4 5 6A 6B 7 8 9 10 11 12 13 14 15 16 17 18
12Z AVG MX 2MIN
DY MAX MIN AVG DEP HDD CDD WTR SNW DPTH SPD SPD DIR MIN PSBL S-S WX SPD DR
================================================================================
1 35 23 29 0 36 0 0.00 0.0 0 15.0 20 320 M M 0 32 310
2 43 27 35 7 30 0 0.00 0.0 0 10.6 17 310 M M 0 25 250
3 35 33 34 6 31 0 0.00 0.0 0 11.0 16 240 M M 8 24 240
4 38 29 34 6 31 0 T T 0 8.2 14 340 M M 10 21 330
5 34 24 29 2 36 0 T T T 5.6 13 10 M M M 19 10
6 27 24 26 -1 39 0 0.00 0.0 0 2.2 8 260 M M M 10 280
7 36 23 30 3 35 0 0.00 0.0 0 3.2 13 320 M M 5 16 310
8 33 19 26 0 39 0 0.00 0.0 0 9.4 20 250 M M 9 31 260
9 38 22 30 4 35 0 0.00 0.0 0 7.7 20 270 M M 9 12 28 260
10 47 18 33 7 32 0 0.00 0.0 0 3.1 12 220 M M 1 12 17 210
11 39 26 33 8 32 0 0.00 0.0 0 7.3 14 60 M M 7 1 20 350
12 34 25 30 5 35 0 0.78 7.0 2 13.5 23 40 M M 10 12 36 50
13 29 24 27 2 38 0 T T 7 8.4 15 280 M M 10 1 24 310
14 29 20 25 1 40 0 T T 7 13.4 23 300 M M 10 36 290
15 22 16 19 -5 46 0 T T 6 5.1 13 260 M M 8 18 260
16 26 18 22 -2 43 0 T T 6 8.9 16 80 M M 10 21 70
17 25 23 24 1 41 0 T T 6 5.8 10 30 M M 10 1 13 50
18 29 24 27 4 38 0 T T 6 5.4 15 170 M M 7 19 160
19 32 27 30 7 35 0 0.08 2.0 6 6.1 14 170 M M 9 18 21 170
20 34 31 33 11 32 0 0.00 0.0 7 7.4 12 230 M M 9 12 21 220
21 33 30 32 10 33 0 0.26 4.0 6 5.4 12 280 M M 10 1 18 270
22 32 28 30 8 35 0 T T 8 8.3 22 320 M M 10 1 31 320
23 44 30 37 15 28 0 0.10 0.0 8 13.5 21 160 M M 8 1 31 150
24 44 17 31 10 34 0 0.11 T 6 14.5 29 220 M M 10 1 44 230
25 22 16 19 -2 46 0 0.03 T 4 11.8 22 270 M M 10 1 30 270
26 25 21 23 2 42 0 0.09 1.0 5 10.5 17 300 M M 10 1 27 260
27 30 24 27 6 38 0 0.06 0.7 5 6.5 15 100 M M 8 1 20 150
28 30 21 26 6 39 0 0.05 0.3 6 12.9 23 280 M M 9 18 34 300
29 23 9 16 -4 49 0 0.08 1.0 6 5.4 15 320 M M 3 1 23 140
30 33 22 28 8 37 0 0.39 3.6 10 13.8 24 270 M M 10 1 45 280
31 26 14 20 0 45 0 0.00 0.0 8 7.1 14 280 M M 10 M M
================================================================================
SM 1007 708 1150 0 2.03 19.6 267.0 M 230
================================================================================
AV 32.5 22.8 8.6 FASTST M M 8 MAX(MPH)
MISC ----> 29 220 45 280
================================================================================
NOTES:
# LAST OF SEVERAL OCCURRENCES
COLUMN 17 PEAK WIND IN M.P.H.
PRELIMINARY LOCAL CLIMATOLOGICAL DATA (WS FORM: F-6) , PAGE 2
STATION: HOUGHTON LAKE MI
MONTH: DECEMBER
YEAR: 2020
LATITUDE: 44 22 N
LONGITUDE: 84 41 W
[TEMPERATURE DATA] [PRECIPITATION DATA] SYMBOLS USED IN COLUMN 16
AVERAGE MONTHLY: 27.7 TOTAL FOR MONTH: 2.03 1 = FOG OR MIST
DPTR FM NORMAL: 3.8 DPTR FM NORMAL: 0.38 2 = FOG REDUCING VISIBILITY
HIGHEST: 47 ON 10 GRTST 24HR 0.78 ON 12-12 TO 1/4 MILE OR LESS
LOWEST: 9 ON 29 3 = THUNDER
SNOW, ICE PELLETS, HAIL 4 = ICE PELLETS
TOTAL MONTH: 19.6 INCHES 5 = HAIL
GRTST 24HR 7.0 ON 12-12 6 = FREEZING RAIN OR DRIZZLE
GRTST DEPTH: 10 ON 30 7 = DUSTSTORM OR SANDSTORM:
VSBY 1/2 MILE OR LESS
8 = SMOKE OR HAZE
[NO. OF DAYS WITH] [WEATHER - DAYS WITH] 9 = BLOWING SNOW
X = TORNADO
MAX 32 OR BELOW: 15 0.01 INCH OR MORE: 11
MAX 90 OR ABOVE: 0 0.10 INCH OR MORE: 5
MIN 32 OR BELOW: 30 0.50 INCH OR MORE: 1
MIN 0 OR BELOW: 0 1.00 INCH OR MORE: 0
[HDD (BASE 65) ]
TOTAL THIS MO. 1150 CLEAR (SCALE 0-3) 4
DPTR FM NORMAL -124 PTCLDY (SCALE 4-7) 5
TOTAL FM JUL 1 2859 CLOUDY (SCALE 8-10) 22
DPTR FM NORMAL -299
[CDD (BASE 65) ]
TOTAL THIS MO. 0
DPTR FM NORMAL 0 [PRESSURE DATA]
TOTAL FM JAN 1 490 HIGHEST SLP 30.57 ON 29
DPTR FM NORMAL 203 LOWEST SLP 29.32 ON 24
[REMARKS]
#FINAL-12-20#