000
CXUS56 KMTR 171751
CF6HWD
PRELIMINARY LOCAL CLIMATOLOGICAL DATA (WS FORM: F-6)
STATION: HAYWARD AIRPORT
MONTH: OCTOBER
YEAR: 2020
LATITUDE: 37 39 N
LONGITUDE: 122 7 W
TEMPERATURE IN F: :PCPN: SNOW: WIND :SUNSHINE: SKY :PK WND
================================================================================
1 2 3 4 5 6A 6B 7 8 9 10 11 12 13 14 15 16 17 18
12Z AVG MX 2MIN
DY MAX MIN AVG DEP HDD CDD WTR SNW DPTH SPD SPD DIR MIN PSBL S-S WX SPD DR
================================================================================
1 96 67 82 17 0 17 0.00 M M 2.3 7 260 M M 5 8 8 290
2 91 62 77 12 0 12 0.00 M M 2.7 8 290 M M 3 8 10 290
3 90 59 75 11 0 10 0.00 M M 3.3 12 280 M M 3 8 14 280
4 79 57 68 4 0 3 0.00 M M 4.1 13 270 M M 0 14 270
5 82 52 67 3 0 2 0.00 M M 3.8 10 280 M M 0 18 13 270
6 76 55 66 2 0 1 0.00 M M 4.6 12 300 M M 0 8 16 250
7 67 56 62 -2 3 0 0.00 M M 6.5 15 290 M M 5 18 18 310
8 68 61 65 1 0 0 0.00 M M 7.9 17 290 M M 8 8 21 290
9 71 60 66 2 0 1 0.00 M M 3.8 12 290 M M 5 18 14 280
10 75 59 67 3 0 2 0.00 M M 6.8 16 300 M M 6 19 310
11 78 59 69 5 0 4 0.00 M M 5.4 18 300 M M 2 22 300
12 86 57 72 9 0 7 0.00 M M 4.9 15 280 M M 0 18 290
13 87 59 73 10 0 8 0.00 M M 4.1 13 280 M M 0 15 280
14 89 62 76 13 0 11 0.00 M M 3.9 17 280 M M 0 8 20 290
15 97 61 79 16 0 14 0.00 M M 4.3 15 40 M M 0 8 21 50
16 92 66 79 16 0 14 0.00 M M 4.4 12 270 M M 0 15 80
17 92 61 77 14 0 12 0.00 M M 3.6 12 290 M M 0 13 290
18 84 60 72 10 0 7 0.00 M M 4.3 14 290 M M 0 16 300
19 78 55 67 5 0 2 0.00 M M 4.0 12 270 M M 0 16 290
20 85 57 71 9 0 6 0.00 M M 3.1 13 310 M M 0 17 290
21 86 57 72 10 0 7 0.00 M M 3.8 13 300 M M 0 15 310
22 76 56 66 4 0 1 0.00 M M 5.2 15 290 M M 0 19 290
23 72 54 63 1 2 0 0.00 M M 6.0 16 290 M M 3 20 290
24 71 53 62 1 3 0 0.00 M M 5.0 17 300 M M 6 22 310
25 73 57 65 4 0 0 0.00 M M 7.9 31 30 M M 4 8 46 30
26 78 55 67 6 0 2 0.00 M M 9.6 24 10 M M 0 33 350
27 82 51 67 6 0 2 0.00 M M 5.1 17 30 M M 0 22 20
28 75 51 63 3 2 0 0.00 M M 4.2 8 280 M M 0 11 250
29 77 50 64 4 1 0 0.00 M M 4.1 10 280 M M 0 13 290
30 71 49 60 0 5 0 0.00 M M 3.8 14 280 M M 0 8 16 280
31 77 49 63 3 2 0 0.00 M M 3.1 9 290 M M 0 8 10 230
================================================================================
SM 2501 1767 18 145 0.00 M 145.6 M 50
================================================================================
AV 80.7 57.0 4.7 FASTST M M 2 MAX(MPH)
MISC ----> 31 30 46 30
================================================================================
NOTES:
# LAST OF SEVERAL OCCURRENCES
COLUMN 17 PEAK WIND IN M.P.H.
PRELIMINARY LOCAL CLIMATOLOGICAL DATA (WS FORM: F-6) , PAGE 2
STATION: HAYWARD AIRPORT
MONTH: OCTOBER
YEAR: 2020
LATITUDE: 37 39 N
LONGITUDE: 122 7 W
[TEMPERATURE DATA] [PRECIPITATION DATA] SYMBOLS USED IN COLUMN 16
AVERAGE MONTHLY: 68.8 TOTAL FOR MONTH: 0.00 1 = FOG OR MIST
DPTR FM NORMAL: 6.2 DPTR FM NORMAL: -1.00 2 = FOG REDUCING VISIBILITY
HIGHEST: 97 ON 15 GRTST 24HR 0.00 ON 1- 1 TO 1/4 MILE OR LESS
LOWEST: 49 ON 31,30 3 = THUNDER
SNOW, ICE PELLETS, HAIL 4 = ICE PELLETS
TOTAL MONTH: M 5 = HAIL
GRTST 24HR M ON M 6 = FREEZING RAIN OR DRIZZLE
GRTST DEPTH: M ON M 7 = DUSTSTORM OR SANDSTORM:
VSBY 1/2 MILE OR LESS
8 = SMOKE OR HAZE
[NO. OF DAYS WITH] [WEATHER - DAYS WITH] 9 = BLOWING SNOW
X = TORNADO
MAX 32 OR BELOW: 0 0.01 INCH OR MORE: 0
MAX 90 OR ABOVE: 6 0.10 INCH OR MORE: 0
MIN 32 OR BELOW: 0 0.50 INCH OR MORE: 0
MIN 0 OR BELOW: 0 1.00 INCH OR MORE: 0
[HDD (BASE 65) ]
TOTAL THIS MO. 18 CLEAR (SCALE 0-3) 23
DPTR FM NORMAL -85 PTCLDY (SCALE 4-7) 8
TOTAL FM JUL 1 24 CLOUDY (SCALE 8-10) 0
DPTR FM NORMAL -181
[CDD (BASE 65) ]
TOTAL THIS MO. 145
DPTR FM NORMAL 118 [PRESSURE DATA]
TOTAL FM JAN 1 754 HIGHEST SLP 30.21 ON 26
DPTR FM NORMAL 462 LOWEST SLP 29.78 ON 21
[REMARKS]
#FINAL-10-20#