000
CXUS54 KHGX 012237
CF6IAH
PRELIMINARY LOCAL CLIMATOLOGICAL DATA (WS FORM: F-6)
STATION: HOUSTON INTERCONTINENTAL
MONTH: AUGUST
YEAR: 2023
LATITUDE: 29 58 N
LONGITUDE: 95 21 W
TEMPERATURE IN F: :PCPN: SNOW: WIND :SUNSHINE: SKY :PK WND
================================================================================
1 2 3 4 5 6A 6B 7 8 9 10 11 12 13 14 15 16 17 18
12Z AVG MX 2MIN
DY MAX MIN AVG DEP HDD CDD WTR SNW DPTH SPD SPD DIR MIN PSBL S-S WX SPD DR
================================================================================
1 102 82 92 6 0 27 0.00 0.0 0 4.9 14 160 M M 5 20 160
2 102 78 90 4 0 25 0.00 0.0 0 6.0 18 130 M M 2 23 130
3 102 78 90 4 0 25 0.00 0.0 0 7.0 21 140 M M 2 28 120
4 102 82 92 6 0 27 0.00 0.0 0 7.0 20 150 M M 2 26 150
5 103 81 92 6 0 27 0.00 0.0 0 7.0 22 140 M M 3 27 140
6 102 82 92 6 0 27 0.00 0.0 0 7.1 18 170 M M 4 25 160
7 101 82 92 6 0 27 0.00 0.0 0 9.0 23 150 M M 2 27 160
8 102 82 92 6 0 27 0.00 0.0 0 9.4 25 140 M M 3 32 150
9 101 83 92 6 0 27 0.00 0.0 0 9.9 18 160 M M 5 32 180
10 103 82 93 7 0 28 0.00 0.0 0 9.4 17 150 M M 3 28 180
11 103 83 93 7 0 28 0.00 0.0 0 9.8 18 150 M M 4 25 160
12 103 83 93 7 0 28 0.00 0.0 0 8.5 21 160 M M 5 29 220
13 103 81 92 6 0 27 0.00 0.0 0 7.3 17 170 M M 2 23 170
14 104 81 93 7 0 28 0.00 0.0 0 5.6 18 160 M M 4 24 160
15 105 83 94 8 0 29 0.00 0.0 0 7.9 16 340 M M 3 23 340
16 101 73 87 2 0 22 0.00 0.0 0 7.2 13 130 M M 1 19 40
17 105 72 89 4 0 24 0.00 0.0 0 5.8 22 150 M M 1 28 140
18 103 81 92 7 0 27 0.00 0.0 0 6.8 16 140 M M 2 23 170
19 103 81 92 7 0 27 0.00 0.0 0 6.3 17 150 M M 2 22 130
20 108 82 95 10 0 30 0.00 0.0 0 6.0 16 340 M M 3 24 360
21 102 78 90 5 0 25 0.00 0.0 0 8.4 20 150 M M 5 27 140
22 97 82 90 5 0 25 T 0.0 0 13.4 28 140 M M 7 35 140
23 103 78 91 6 0 26 T 0.0 0 5.9 15 110 M M 2 24 110
24 109 80 95 10 0 30 0.01 0.0 0 5.7 33 140 M M 5 3 43 140
25 102 77 90 6 0 25 0.00 0.0 0 5.5 18 150 M M 4 25 120
26 104 78 91 7 0 26 0.00 0.0 0 4.4 17 140 M M 2 22 130
27 109 78 94 10 0 29 T 0.0 0 7.5 35 360 M M 4 45 360
28 99 77 88 4 0 23 T 0.0 0 6.7 18 360 M M 5 28 20
29 99 78 89 5 0 24 0.00 0.0 0 10.1 25 10 M M 3 33 360
30 101 72 87 3 0 22 0.00 0.0 0 7.3 20 350 M M 3 33 360
31 100 70 85 1 0 20 0.00 0.0 0 4.8 16 10 M M 2 22 10
================================================================================
SM 3183 2460 0 812 0.01 0.0 227.6 M 100
================================================================================
AV102.7 79.4 7.3 FASTST M M 3 MAX(MPH)
MISC ----> 35 360 45 360
================================================================================
NOTES:
# LAST OF SEVERAL OCCURRENCES
COLUMN 17 PEAK WIND IN M.P.H.
PRELIMINARY LOCAL CLIMATOLOGICAL DATA (WS FORM: F-6) , PAGE 2
STATION: HOUSTON INTERCONTINENTAL
MONTH: AUGUST
YEAR: 2023
LATITUDE: 29 58 N
LONGITUDE: 95 21 W
[TEMPERATURE DATA] [PRECIPITATION DATA] SYMBOLS USED IN COLUMN 16
AVERAGE MONTHLY: 91.0 TOTAL FOR MONTH: 0.01 1 = FOG OR MIST
DPTR FM NORMAL: 5.8 DPTR FM NORMAL: -4.83 2 = FOG REDUCING VISIBILITY
HIGHEST: 109 ON 27,24 GRTST 24HR 0.01 ON 24-24 TO 1/4 MILE OR LESS
LOWEST: 70 ON 31 3 = THUNDER
SNOW, ICE PELLETS, HAIL 4 = ICE PELLETS
TOTAL MONTH: 0.0 INCH 5 = HAIL
GRTST 24HR 0.0 6 = FREEZING RAIN OR DRIZZLE
GRTST DEPTH: 0 7 = DUSTSTORM OR SANDSTORM:
VSBY 1/2 MILE OR LESS
8 = SMOKE OR HAZE
[NO. OF DAYS WITH] [WEATHER - DAYS WITH] 9 = BLOWING SNOW
X = TORNADO
MAX 32 OR BELOW: 0 0.01 INCH OR MORE: 1
MAX 90 OR ABOVE: 31 0.10 INCH OR MORE: 0
MIN 32 OR BELOW: 0 0.50 INCH OR MORE: 0
MIN 0 OR BELOW: 0 1.00 INCH OR MORE: 0
[HDD (BASE 65) ]
TOTAL THIS MO. 0 CLEAR (SCALE 0-3) 16
DPTR FM NORMAL 0 PTCLDY (SCALE 4-7) 15
TOTAL FM JUL 1 0 CLOUDY (SCALE 8-10) 0
DPTR FM NORMAL 0
[CDD (BASE 65) ]
TOTAL THIS MO. 812
DPTR FM NORMAL 187 [PRESSURE DATA]
TOTAL FM JAN 1 2922 HIGHEST SLP 30.07 ON 15
DPTR FM NORMAL 437 LOWEST SLP 29.67 ON 27
[REMARKS]
#FINAL-08-23#