000
CXUS53 KICT 011410
CF6ICT
PRELIMINARY LOCAL CLIMATOLOGICAL DATA (WS FORM: F-6)
STATION: WICHITA EISENHOWER NATIONAL
MONTH: AUGUST
YEAR: 2021
LATITUDE: 37 39 N
LONGITUDE: 97 25 W
TEMPERATURE IN F: :PCPN: SNOW: WIND :SUNSHINE: SKY :PK WND
================================================================================
1 2 3 4 5 6A 6B 7 8 9 10 11 12 13 14 15 16 17 18
12Z AVG MX 2MIN
DY MAX MIN AVG DEP HDD CDD WTR SNW DPTH SPD SPD DIR MIN PSBL S-S WX SPD DR
================================================================================
1 88 67 78 -4 0 13 0.05 0.0 0 10.7 22 30 M M 6 18 27 50
2 85 61 73 -9 0 8 0.00 0.0 0 7.0 15 40 M M 2 8 20 60
3 87 59 73 -9 0 8 0.00 0.0 0 5.2 13 60 M M 2 18 17 120
4 88 63 76 -6 0 11 0.00 0.0 0 7.2 14 150 M M 5 8 18 130
5 93 67 80 -2 0 15 0.00 0.0 0 9.7 22 170 M M 3 27 170
6 95 66 81 0 0 16 0.00 0.0 0 12.0 21 160 M M 0 1 29 180
7 99 68 84 3 0 19 0.77 0.0 0 17.4 39 320 M M 3 13 47 320
8 93 67 80 -1 0 15 T 0.0 0 11.3 21 140 M M 5 13 26 230
9 97 73 85 4 0 20 0.00 0.0 0 11.4 20 170 M M 0 28 180
10 100 77 89 8 0 24 0.00 0.0 0 17.1 29 190 M M 3 38 190
11 100 75 88 7 0 23 0.00 0.0 0 16.3 30 180 M M 4 41 180
12 103 73 88 7 0 23 0.00 0.0 0 13.1 21 200 M M 4 3 29 200
13 86 71 79 -2 0 14 T 0.0 0 10.1 22 80 M M 8 3 31 90
14 90 67 79 -1 0 14 0.00 0.0 0 7.6 16 110 M M 5 22 90
15 89 68 79 -1 0 14 0.00 0.0 0 8.2 21 50 M M 6 3 25 60
16 88 68 78 -2 0 13 0.34 0.0 0 8.2 18 120 M M 6 38 23 120
17 91 67 79 -1 0 14 T 0.0 0 9.3 26 100 M M 4 36 100
18 90 67 79 -1 0 14 0.10 0.0 0 10.6 24 160 M M 6 18 33 150
19 86 73 80 0 0 15 0.00 0.0 0 11.3 18 150 M M 7 24 140
20 101 71 86 6 0 21 0.27 0.0 0 15.1 31 280 M M 6 138 44 270
21 88 68 78 -1 0 13 0.16 0.0 0 9.1 16 40 M M 6 13 20 40
22 95 71 83 4 0 18 0.00 0.0 0 12.1 21 180 M M 3 32 170
23 101 74 88 9 0 23 0.00 0.0 0 14.2 29 180 M M 2 38 180
24 102 74 88 9 0 23 0.00 0.0 0 16.7 29 190 M M 2 3 40 180
25 102 76 89 11 0 24 0.00 0.0 0 12.0 22 160 M M 4 38 29 120
26 99 71 85 7 0 20 0.00 0.0 0 10.2 22 160 M M 2 32 160
27 97 72 85 7 0 20 0.00 0.0 0 14.1 24 170 M M 1 1 36 200
28 95 73 84 6 0 19 0.00 0.0 0 15.0 25 160 M M 2 34 140
29 88 71 80 2 0 15 0.03 0.0 0 9.8 25 20 M M 4 138 33 20
30 95 68 82 5 0 17 0.00 0.0 0 3.6 9 150 M M 4 15 170
31 97 67 82 5 0 17 0.00 0.0 M 6.9 16 190 M M 1 26 230
================================================================================
SM 2908 2153 0 523 1.72 0.0 342.5 M 116
================================================================================
AV 93.8 69.5 11.0 FASTST M M 4 MAX(MPH)
MISC ----> 39 320 47 320
================================================================================
NOTES:
# LAST OF SEVERAL OCCURRENCES
COLUMN 17 PEAK WIND IN M.P.H.
PRELIMINARY LOCAL CLIMATOLOGICAL DATA (WS FORM: F-6) , PAGE 2
STATION: WICHITA EISENHOWER NATIONAL
MONTH: AUGUST
YEAR: 2021
LATITUDE: 37 39 N
LONGITUDE: 97 25 W
[TEMPERATURE DATA] [PRECIPITATION DATA] SYMBOLS USED IN COLUMN 16
AVERAGE MONTHLY: 81.6 TOTAL FOR MONTH: 1.72 1 = FOG OR MIST
DPTR FM NORMAL: 1.7 DPTR FM NORMAL: -2.58 2 = FOG REDUCING VISIBILITY
HIGHEST: 103 ON 12 GRTST 24HR 0.77 ON 7- 7 TO 1/4 MILE OR LESS
LOWEST: 59 ON 3 3 = THUNDER
SNOW, ICE PELLETS, HAIL 4 = ICE PELLETS
TOTAL MONTH: 0.0 INCH 5 = HAIL
GRTST 24HR 0.0 6 = FREEZING RAIN OR DRIZZLE
GRTST DEPTH: 0 7 = DUSTSTORM OR SANDSTORM:
VSBY 1/2 MILE OR LESS
8 = SMOKE OR HAZE
[NO. OF DAYS WITH] [WEATHER - DAYS WITH] 9 = BLOWING SNOW
X = TORNADO
MAX 32 OR BELOW: 0 0.01 INCH OR MORE: 7
MAX 90 OR ABOVE: 21 0.10 INCH OR MORE: 5
MIN 32 OR BELOW: 0 0.50 INCH OR MORE: 1
MIN 0 OR BELOW: 0 1.00 INCH OR MORE: 0
[HDD (BASE 65) ]
TOTAL THIS MO. 0 CLEAR (SCALE 0-3) 13
DPTR FM NORMAL 0 PTCLDY (SCALE 4-7) 17
TOTAL FM JUL 1 0 CLOUDY (SCALE 8-10) 1
DPTR FM NORMAL 0
[CDD (BASE 65) ]
TOTAL THIS MO. 523
DPTR FM NORMAL 61 [PRESSURE DATA]
TOTAL FM JAN 1 1430 HIGHEST SLP 30.23 ON 14
DPTR FM NORMAL -63 LOWEST SLP 29.63 ON 20
[REMARKS]
#FINAL-08-21#