000
CXUS53 KUNR 010930
CF6IEN
PRELIMINARY LOCAL CLIMATOLOGICAL DATA (WS FORM: F-6)
STATION: PINE RIDGE SD
MONTH: APRIL
YEAR: 2022
LATITUDE: 43 1 N
LONGITUDE: 102 31 W
TEMPERATURE IN F: :PCPN: SNOW: WIND :SUNSHINE: SKY :PK WND
================================================================================
1 2 3 4 5 6A 6B 7 8 9 10 11 12 13 14 15 16 17 18
12Z AVG MX 2MIN
DY MAX MIN AVG DEP HDD CDD WTR SNW DPTH SPD SPD DIR MIN PSBL S-S WX SPD DR
================================================================================
1 48 26 37 -6 28 0 0.03 M M 7.0 21 310 M M 8 1 27 360
2 63 19 41 -2 24 0 0.00 M M 5.2 22 180 M M 0 31 180
3 60 24 42 -1 23 0 0.00 M M 12.4 29 310 M M 1 46 280
4 72 20 46 3 19 0 0.00 M M 17.7 37 250 M M 2 8 54 250
5 53 39 46 2 19 0 T M M 17.4 39 280 M M 6 57 290
6 44 35 40 -4 25 0 T M M 20.5 37 340 M M 9 52 320
7 50 30 40 -4 25 0 T M M 19.6 37 340 M M 7 59 340
8 58 16 37 -7 28 0 0.00 M M 6.8 24 180 M M 0 36 180
9 71 35 53 9 12 0 0.26 M M 15.2 29 360 M M 2 1 40 180
10 44 26 35 -9 30 0 0.26 M M 6.0 24 250 M M 9 1238 37 250
11 60 23 42 -3 23 0 T M M 10.6 21 120 M M 5 32 130
12 52 14 33 -12 32 0 0.00 M M 13.9 36 270 M M 2 51 270
13 30 14 22 -23 43 0 0.00 M M 22.7 40 280 M M 2 56 290
14 42 16 29 -16 36 0 0.00 M M 15.9 30 270 M M 2 42 260
15 33 18 26 -20 39 0 T M M 7.1 14 20 M M 10 1 18 30
16 48 16 32 -14 33 0 0.00 M M 11.0 36 180 M M 4 51 180
17 55 29 42 -4 23 0 T M M 16.8 39 180 M M 5 51 170
18 57 14 36 -10 29 0 0.00 M M 7.6 32 160 M M 2 45 160
19 M M M M M M M M M M M M M M M M M
20 65 M M M M M M M M 16.3 43 170 M M 1 67 170
21 76 24 50 3 15 0 0.00 M M 19.7 39 160 M M 0 57 150
22 82 44 63 16 2 0 0.04 M M 17.5 40 330 M M 4 13 62 330
23 44 32 38 -10 27 0 0.94 M M 17.8 32 20 M M 10 123 44 300
24 45 29 37 -11 28 0 0.17 M M 12.5 25 290 M M 6 1 38 20
25 56 24 40 -8 25 0 0.00 M M 4.8 13 10 M M 1 24 10
26 71 35 53 5 12 0 0.00 M M 10.8 28 180 M M 0 36 190
27 61 28 45 -4 20 0 0.00 M M 7.0 18 10 M M 0 23 360
28 68 30 49 0 16 0 0.02 M M 7.1 26 100 M M 1 34 110
29 58 37 48 -1 17 0 0.20 M M 13.7 29 50 M M 9 1 42 130
30 57 32 45 -5 20 0 0.19 M M 19.1 32 340 M M 6 1 49 350
================================================================================
SM 1623 729 673 0 2.11 M 379.7 M 114
================================================================================
AV 56.0 26.0 13.1 FASTST M M 4 MAX(MPH)
MISC ----> 43 170 67 170
================================================================================
NOTES:
# LAST OF SEVERAL OCCURRENCES
COLUMN 17 PEAK WIND IN M.P.H.
PRELIMINARY LOCAL CLIMATOLOGICAL DATA (WS FORM: F-6) , PAGE 2
STATION: PINE RIDGE SD
MONTH: APRIL
YEAR: 2022
LATITUDE: 43 1 N
LONGITUDE: 102 31 W
[TEMPERATURE DATA] [PRECIPITATION DATA] SYMBOLS USED IN COLUMN 16
AVERAGE MONTHLY: 41.0 TOTAL FOR MONTH: 2.11 1 = FOG OR MIST
DPTR FM NORMAL: -4.9 DPTR FM NORMAL: 0.03 2 = FOG REDUCING VISIBILITY
HIGHEST: 82 ON 22 GRTST 24HR 1.06 ON 23-24 TO 1/4 MILE OR LESS
LOWEST: 14 ON 18,13 3 = THUNDER
SNOW, ICE PELLETS, HAIL 4 = ICE PELLETS
TOTAL MONTH: M 5 = HAIL
GRTST 24HR M ON M 6 = FREEZING RAIN OR DRIZZLE
GRTST DEPTH: M ON M 7 = DUSTSTORM OR SANDSTORM:
VSBY 1/2 MILE OR LESS
8 = SMOKE OR HAZE
[NO. OF DAYS WITH] [WEATHER - DAYS WITH] 9 = BLOWING SNOW
X = TORNADO
MAX 32 OR BELOW: 1 0.01 INCH OR MORE: 9
MAX 90 OR ABOVE: 0 0.10 INCH OR MORE: 6
MIN 32 OR BELOW: 22 0.50 INCH OR MORE: 1
MIN 0 OR BELOW: 0 1.00 INCH OR MORE: 0
[HDD (BASE 65) ]
TOTAL THIS MO. 673 CLEAR (SCALE 0-3) 15
DPTR FM NORMAL 98 PTCLDY (SCALE 4-7) 9
TOTAL FM JUL 1 6149 CLOUDY (SCALE 8-10) 6
DPTR FM NORMAL -477
[CDD (BASE 65) ]
TOTAL THIS MO. 0
DPTR FM NORMAL -1 [PRESSURE DATA]
TOTAL FM JAN 1 0 HIGHEST SLP 30.48 ON 18
DPTR FM NORMAL -1 LOWEST SLP 29.14 ON 12
[REMARKS]
#FINAL-04-22#