000
CXUS54 KFWD 010832
CF6ILE
PRELIMINARY LOCAL CLIMATOLOGICAL DATA (WS FORM: F-6)
STATION: KILLEEN SKYLARK
MONTH: DECEMBER
YEAR: 2023
LATITUDE: 31 4 N
LONGITUDE: 97 41 W
TEMPERATURE IN F: :PCPN: SNOW: WIND :SUNSHINE: SKY :PK WND
================================================================================
1 2 3 4 5 6A 6B 7 8 9 10 11 12 13 14 15 16 17 18
12Z AVG MX 2MIN
DY MAX MIN AVG DEP HDD CDD WTR SNW DPTH SPD SPD DIR MIN PSBL S-S WX SPD DR
================================================================================
1 67 42 55 3 10 0 0.01 M M 5.8 14 330 M M 0 M M
2 71 42 57 6 8 0 0.00 M M 4.7 10 320 M M 2 M M
3 74 37 56 5 9 0 0.00 M M 7.8 17 250 M M 0 24 250
4 67 41 54 3 11 0 0.00 M M 5.1 13 350 M M 0 8 20 350
5 72 37 55 5 10 0 0.00 M M 1.9 6 190 M M 0 M M
6 68 38 53 3 12 0 0.00 M M 5.4 9 160 M M 0 M M
7 72 45 59 9 6 0 0.00 M M 10.8 22 190 M M 2 30 190
8 78 61 70 20 0 5 0.00 M M 13.7 21 180 M M 3 25 190
9 69 47 58 9 7 0 0.00 M M 11.1 17 350 M M 4 12 24 340
10 57 34 46 -3 19 0 0.00 M M 6.9 12 330 M M 0 18 320
11 68 29 49 0 16 0 0.00 M M 5.8 12 150 M M 0 M M
12 68 38 53 4 12 0 0.00 M M 6.1 14 130 M M 2 17 130
13 55 49 52 4 13 0 0.02 M M 6.3 9 60 M M 9 M M
14 69 46 58 10 7 0 T M M 7.7 13 120 M M 7 21 120
15 59 47 53 5 12 0 0.23 M M 7.7 15 130 M M 9 1 20 140
16 64 37 51 3 14 0 0.00 M M 7.4 15 350 M M 0 21 330
17 72 32 52 4 13 0 0.00 M M 3.4 9 220 M M 0 17 220
18 66 42 54 6 11 0 0.00 M M 8.0 14 20 M M 0 17 30
19 67 33 50 2 15 0 0.00 M M 6.2 14 150 M M 0 18 160
20 71 49 60 13 5 0 0.00 M M 9.2 17 160 M M 6 21 160
21 61 59 60 13 5 0 0.52 M M 8.1 13 140 M M 10 1 M M
22 73 59 66 19 0 1 0.05 M M 7.0 12 160 M M 7 1 M M
23 68 60 64 17 1 0 0.19 M M 9.1 18 140 M M 10 1 26 140
24 71 49 60 13 5 0 1.39 M M 9.5 17 170 M M 6 1 26 280
25 54 33 44 -3 21 0 0.00 M M 9.1 16 320 M M 0 22 340
26 59 27 43 -4 22 0 0.00 M M 6.3 14 170 M M 0 20 180
27 58 35 47 0 18 0 0.00 M M 7.6 13 330 M M 0 18 310
28 57 34 46 -1 19 0 M M M 6.5 13 320 M M 1 24 350
29 59 31 45 -2 20 0 0.00 M M 7.7 14 280 M M 0 21 270
30 69 29 49 2 16 0 0.00 M M 5.0 8 180 M M 0 M M
31 73 37 55 8 10 0 0.00 M M 4.2 15 180 M M 0 M M
================================================================================
SM 2056 1279 347 6 2.41 M 221.1 M 78
================================================================================
AV 66.3 41.3 7.1 FASTST M M 3 MAX(MPH)
MISC ----> 22 190 30 190
================================================================================
NOTES:
# LAST OF SEVERAL OCCURRENCES
COLUMN 17 PEAK WIND IN M.P.H.
PRELIMINARY LOCAL CLIMATOLOGICAL DATA (WS FORM: F-6) , PAGE 2
STATION: KILLEEN SKYLARK
MONTH: DECEMBER
YEAR: 2023
LATITUDE: 31 4 N
LONGITUDE: 97 41 W
[TEMPERATURE DATA] [PRECIPITATION DATA] SYMBOLS USED IN COLUMN 16
AVERAGE MONTHLY: 53.8 TOTAL FOR MONTH: 2.41 1 = FOG OR MIST
DPTR FM NORMAL: 5.4 DPTR FM NORMAL: -0.12 2 = FOG REDUCING VISIBILITY
HIGHEST: 78 ON 8 GRTST 24HR 1.58 ON 23-24 TO 1/4 MILE OR LESS
LOWEST: 27 ON 26 3 = THUNDER
SNOW, ICE PELLETS, HAIL 4 = ICE PELLETS
TOTAL MONTH: M 5 = HAIL
GRTST 24HR M ON M 6 = FREEZING RAIN OR DRIZZLE
GRTST DEPTH: M ON M 7 = DUSTSTORM OR SANDSTORM:
VSBY 1/2 MILE OR LESS
8 = SMOKE OR HAZE
[NO. OF DAYS WITH] [WEATHER - DAYS WITH] 9 = BLOWING SNOW
X = TORNADO
MAX 32 OR BELOW: 0 0.01 INCH OR MORE: 7
MAX 90 OR ABOVE: 0 0.10 INCH OR MORE: 4
MIN 32 OR BELOW: 5 0.50 INCH OR MORE: 2
MIN 0 OR BELOW: 0 1.00 INCH OR MORE: 1
[HDD (BASE 65) ]
TOTAL THIS MO. 347 CLEAR (SCALE 0-3) 21
DPTR FM NORMAL -172 PTCLDY (SCALE 4-7) 6
TOTAL FM JUL 1 649 CLOUDY (SCALE 8-10) 4
DPTR FM NORMAL -201
[CDD (BASE 65) ]
TOTAL THIS MO. 6
DPTR FM NORMAL 1 [PRESSURE DATA]
TOTAL FM JAN 1 3498 HIGHEST SLP 30.49 ON 13
DPTR FM NORMAL 950 LOWEST SLP 29.72 ON 8
[REMARKS]
#FINAL-12-23#