000
CXUS54 KFWD 010832
CF6ILE
PRELIMINARY LOCAL CLIMATOLOGICAL DATA (WS FORM: F-6)
STATION: KILLEEN SKYLARK
MONTH: NOVEMBER
YEAR: 2023
LATITUDE: 31 4 N
LONGITUDE: 97 41 W
TEMPERATURE IN F: :PCPN: SNOW: WIND :SUNSHINE: SKY :PK WND
================================================================================
1 2 3 4 5 6A 6B 7 8 9 10 11 12 13 14 15 16 17 18
12Z AVG MX 2MIN
DY MAX MIN AVG DEP HDD CDD WTR SNW DPTH SPD SPD DIR MIN PSBL S-S WX SPD DR
================================================================================
1 60 31 46 -17 19 0 0.00 M M 4.7 8 20 M M 0 8 M M
2 66 30 48 -14 17 0 0.00 M M 5.8 13 140 M M 0 16 180
3 76 45 61 -1 4 0 0.00 M M 8.8 18 180 M M 1 22 180
4 80 57 69 7 0 4 0.00 M M 9.0 14 170 M M 3 1 17 170
5 79 57 68 7 0 3 0.00 M M 7.7 14 180 M M 2 12 M M
6 82 63 73 12 0 8 0.00 M M 11.1 18 180 M M 2 22 190
7 87 58 73 12 0 8 0.00 M M 10.3 18 170 M M 0 23 170
8 82 69 76 16 0 11 0.00 M M 12.3 20 180 M M 4 24 200
9 72 52 62 2 3 0 0.86 M M 8.8 14 330 M M 8 1 24 340
10 55 52 54 -6 11 0 0.03 M M 10.5 14 350 M M 10 1 18 10
11 64 52 58 -1 7 0 0.00 M M 7.0 13 10 M M 9 1 M M
12 63 53 58 -1 7 0 0.01 M M 6.4 10 20 M M 7 M M
13 68 54 61 3 4 0 0.00 M M 7.3 12 70 M M 9 21 70
14 70 50 60 2 5 0 0.00 M M 4.2 9 30 M M 3 M M
15 73 47 60 2 5 0 0.00 M M 3.3 8 50 M M 0 M M
16 64 48 56 -1 9 0 0.00 M M 5.1 10 150 M M 5 1 M M
17 77 55 66 9 0 1 T M M 8.7 17 360 M M 3 1 24 10
18 66 52 59 3 6 0 0.01 M M 4.8 10 20 M M 7 1 M M
19 66 52 59 3 6 0 T M M 7.7 16 170 M M 8 1 M M
20 78 58 68 12 0 3 0.00 M M 9.4 15 330 M M 4 1 26 330
21 58 44 51 -4 14 0 0.00 M M 12.4 21 350 M M 6 35 360
22 64 37 51 -4 14 0 0.00 M M 6.1 12 360 M M 0 M M
23 64 39 52 -2 13 0 0.00 M M 5.9 13 240 M M 3 17 240
24 66 38 52 -2 13 0 0.00 M M 3.7 10 110 M M 0 1 M M
25 64 39 52 -2 13 0 0.12 M M 3.7 12 130 M M 6 M M
26 52 37 45 -8 20 0 T M M 10.2 18 350 M M 4 29 350
27 54 33 44 -9 21 0 0.00 M M 5.2 12 30 M M 1 M M
28 62 42 52 -1 13 0 T M M 3.4 8 120 M M 4 8 M M
29 64 38 51 -1 14 0 0.00 M M 6.9 15 160 M M 6 M M
30 76 56 66 14 0 1 0.05 M M 8.7 16 200 M M 7 1 20 150
================================================================================
SM 2052 1438 238 39 1.08 M 219.0 M 122
================================================================================
AV 68.4 47.9 7.3 FASTST M M 4 MAX(MPH)
MISC ----> 21 350 35 360
================================================================================
NOTES:
# LAST OF SEVERAL OCCURRENCES
COLUMN 17 PEAK WIND IN M.P.H.
PRELIMINARY LOCAL CLIMATOLOGICAL DATA (WS FORM: F-6) , PAGE 2
STATION: KILLEEN SKYLARK
MONTH: NOVEMBER
YEAR: 2023
LATITUDE: 31 4 N
LONGITUDE: 97 41 W
[TEMPERATURE DATA] [PRECIPITATION DATA] SYMBOLS USED IN COLUMN 16
AVERAGE MONTHLY: 58.2 TOTAL FOR MONTH: 1.08 1 = FOG OR MIST
DPTR FM NORMAL: 0.9 DPTR FM NORMAL: -1.80 2 = FOG REDUCING VISIBILITY
HIGHEST: 87 ON 7 GRTST 24HR 0.89 ON 9-10 TO 1/4 MILE OR LESS
LOWEST: 30 ON 2 3 = THUNDER
SNOW, ICE PELLETS, HAIL 4 = ICE PELLETS
TOTAL MONTH: M 5 = HAIL
GRTST 24HR M ON M 6 = FREEZING RAIN OR DRIZZLE
GRTST DEPTH: M ON M 7 = DUSTSTORM OR SANDSTORM:
VSBY 1/2 MILE OR LESS
8 = SMOKE OR HAZE
[NO. OF DAYS WITH] [WEATHER - DAYS WITH] 9 = BLOWING SNOW
X = TORNADO
MAX 32 OR BELOW: 0 0.01 INCH OR MORE: 6
MAX 90 OR ABOVE: 0 0.10 INCH OR MORE: 2
MIN 32 OR BELOW: 2 0.50 INCH OR MORE: 1
MIN 0 OR BELOW: 0 1.00 INCH OR MORE: 0
[HDD (BASE 65) ]
TOTAL THIS MO. 238 CLEAR (SCALE 0-3) 14
DPTR FM NORMAL -24 PTCLDY (SCALE 4-7) 11
TOTAL FM JUL 1 302 CLOUDY (SCALE 8-10) 5
DPTR FM NORMAL -30
[CDD (BASE 65) ]
TOTAL THIS MO. 39
DPTR FM NORMAL 6 [PRESSURE DATA]
TOTAL FM JAN 1 3492 HIGHEST SLP 30.53 ON 1
DPTR FM NORMAL 949 LOWEST SLP 29.66 ON 20
[REMARKS]
#FINAL-11-23#