000
CXUS52 KILM 020349
CF6ILM
PRELIMINARY LOCAL CLIMATOLOGICAL DATA (WS FORM: F-6)
STATION: WILMINGTON NORTH CAROLINA
MONTH: DECEMBER
YEAR: 2021
LATITUDE: 34 16 N
LONGITUDE: 77 55 W
TEMPERATURE IN F: :PCPN: SNOW: WIND :SUNSHINE: SKY :PK WND
================================================================================
1 2 3 4 5 6A 6B 7 8 9 10 11 12 13 14 15 16 17 18
12Z AVG MX 2MIN
DY MAX MIN AVG DEP HDD CDD WTR SNW DPTH SPD SPD DIR MIN PSBL S-S WX SPD DR
================================================================================
1 69 39 54 2 11 0 0.00 0.0 0 3.4 13 190 M M 0 16 180
2 74 46 60 8 5 0 0.00 0.0 0 8.1 16 230 M M 1 20 240
3 79 49 64 12 1 0 0.00 0.0 0 4.4 13 250 M M 0 15 240
4 78 46 62 10 3 0 0.00 0.0 0 3.1 12 240 M M 1 12 14 240
5 69 48 59 7 6 0 0.00 0.0 0 4.4 10 90 M M 4 1 12 90
6 78 52 65 14 0 0 0.00 0.0 0 6.8 20 230 M M 3 12 24 250
7 65 48 57 6 8 0 0.00 0.0 0 9.2 23 10 M M 9 28 360
8 54 40 47 -4 18 0 0.96 0.0 0 7.0 26 330 M M 10 1 36 320
9 53 36 45 -6 20 0 0.00 0.0 0 6.4 12 70 M M 1 128 15 50
10 72 41 57 6 8 0 0.06 0.0 0 2.6 16 190 M M 7 1 23 180
11 80 59 70 20 0 5 T 0.0 0 10.2 22 270 M M 4 1 29 220
12 67 38 53 3 12 0 0.30 0.0 0 9.0 28 330 M M 4 1 35 330
13 67 35 51 1 14 0 0.00 0.0 0 2.4 7 130 M M 0 1 9 290
14 69 39 54 4 11 0 0.00 0.0 0 2.8 10 10 M M 0 12 10
15 72 38 55 5 10 0 0.00 0.0 0 2.9 9 30 M M 0 12 12 330
16 76 43 60 10 5 0 0.00 0.0 0 3.5 10 140 M M 2 1 15 160
17 80 56 68 19 0 3 0.00 0.0 0 5.7 15 240 M M 5 12 19 240
18 78 57 68 19 0 3 0.00 0.0 0 6.8 20 230 M M 4 12 26 210
19 70 44 57 8 8 0 0.13 0.0 0 10.6 31 30 M M 7 13 37 20
20 52 35 44 -5 21 0 0.00 0.0 0 11.4 22 10 M M 3 34 30
21 51 42 47 -2 18 0 0.94 0.0 0 8.4 16 320 M M 10 1 19 330
22 61 38 50 1 15 0 0.11 0.0 0 9.2 20 300 M M 5 1 24 330
23 55 34 45 -3 20 0 0.00 0.0 0 5.6 16 30 M M 0 21 30
24 66 32 49 1 16 0 0.00 0.0 0 5.7 15 210 M M 0 21 230
25 73 55 64 16 1 0 0.00 0.0 0 14.3 28 230 M M 0 38 220
26 79 54 67 19 0 2 0.00 0.0 0 5.3 10 290 M M 2 13 270
27 78 50 64 16 1 0 0.00 0.0 0 6.8 18 220 M M 2 12 24 220
28 79 60 70 22 0 5 0.00 0.0 0 9.6 15 210 M M 1 21 210
29 80 64 72 24 0 7 0.00 0.0 0 11.7 23 240 M M 1 31 260
30 78 67 73 25 0 8 0.03 0.0 0 10.6 21 250 M M 7 1 26 260
31 78 63 71 23 0 6 0.00 0.0 0 6.5 14 210 M M 6 19 180
================================================================================
SM 2180 1448 232 39 2.53 0.0 214.4 M 99
================================================================================
AV 70.3 46.7 6.9 FASTST M M 3 MAX(MPH)
MISC ----> 31 30 38 220
================================================================================
NOTES:
# LAST OF SEVERAL OCCURRENCES
COLUMN 17 PEAK WIND IN M.P.H.
PRELIMINARY LOCAL CLIMATOLOGICAL DATA (WS FORM: F-6) , PAGE 2
STATION: WILMINGTON NORTH CAROLINA
MONTH: DECEMBER
YEAR: 2021
LATITUDE: 34 16 N
LONGITUDE: 77 55 W
[TEMPERATURE DATA] [PRECIPITATION DATA] SYMBOLS USED IN COLUMN 16
AVERAGE MONTHLY: 58.5 TOTAL FOR MONTH: 2.53 1 = FOG OR MIST
DPTR FM NORMAL: 8.8 DPTR FM NORMAL: -1.16 2 = FOG REDUCING VISIBILITY
HIGHEST: 80 ON 29,17 GRTST 24HR 1.05 ON 21-22 TO 1/4 MILE OR LESS
LOWEST: 32 ON 24 3 = THUNDER
SNOW, ICE PELLETS, HAIL 4 = ICE PELLETS
TOTAL MONTH: 0.0 INCH 5 = HAIL
GRTST 24HR 0.0 6 = FREEZING RAIN OR DRIZZLE
GRTST DEPTH: 0 7 = DUSTSTORM OR SANDSTORM:
VSBY 1/2 MILE OR LESS
8 = SMOKE OR HAZE
[NO. OF DAYS WITH] [WEATHER - DAYS WITH] 9 = BLOWING SNOW
X = TORNADO
MAX 32 OR BELOW: 0 0.01 INCH OR MORE: 7
MAX 90 OR ABOVE: 0 0.10 INCH OR MORE: 5
MIN 32 OR BELOW: 1 0.50 INCH OR MORE: 2
MIN 0 OR BELOW: 0 1.00 INCH OR MORE: 0
[HDD (BASE 65) ]
TOTAL THIS MO. 232 CLEAR (SCALE 0-3) 17
DPTR FM NORMAL -249 PTCLDY (SCALE 4-7) 11
TOTAL FM JUL 1 572 CLOUDY (SCALE 8-10) 3
DPTR FM NORMAL -282
[CDD (BASE 65) ]
TOTAL THIS MO. 39
DPTR FM NORMAL 32 [PRESSURE DATA]
TOTAL FM JAN 1 2352 HIGHEST SLP 30.50 ON 15
DPTR FM NORMAL 218 LOWEST SLP 29.63 ON 22
[REMARKS]
#FINAL-12-21#
CORRECTED DAILY SNOW DEPTH DEC 25-31