000
CXUS55 KLBF 011200
CF6IML
PRELIMINARY LOCAL CLIMATOLOGICAL DATA (WS FORM: F-6)
STATION: IMPERIAL
MONTH: MARCH
YEAR: 2020
LATITUDE: 40 31 N
LONGITUDE: 101 37 W
TEMPERATURE IN F: :PCPN: SNOW: WIND :SUNSHINE: SKY :PK WND
================================================================================
1 2 3 4 5 6A 6B 7 8 9 10 11 12 13 14 15 16 17 18
12Z AVG MX 2MIN
DY MAX MIN AVG DEP HDD CDD WTR SNW DPTH SPD SPD DIR MIN PSBL S-S WX SPD DR
================================================================================
1 53 29 41 6 24 0 0.00 M M 13.9 23 20 M M 1 30 40
2 55 28 42 6 23 0 T M M 11.1 28 320 M M 5 1 39 330
3 63 23 43 7 22 0 0.00 M M 13.5 28 320 M M 0 41 280
4 71 24 48 12 17 0 0.00 M M 14.0 26 210 M M 0 42 210
5 54 28 41 4 24 0 0.00 M M 13.1 29 340 M M 0 38 330
6 70 20 45 8 20 0 0.00 M M 9.2 17 160 M M 0 27 140
7 73 26 50 13 15 0 0.00 M M 4.0 13 170 M M 0 17 190
8 75 32 54 16 11 0 T M M 11.4 37 10 M M 2 49 10
9 52 34 43 5 22 0 0.11 M M 9.3 24 30 M M 6 31 360
10 66 32 49 11 16 0 T M M 7.4 30 350 M M 4 38 340
11 71 27 49 11 16 0 0.00 M M 7.9 20 230 M M 1 26 230
12 55 36 46 7 19 0 0.00 M M 13.8 31 350 M M 5 38 350
13 38 28 33 -6 32 0 0.10 M M 13.7 31 130 M M 10 16 38 130
14 31 27 29 -10 36 0 T M M 15.5 23 120 M M 10 16 30 110
15 34 27 31 -9 34 0 0.00 M M 15.4 23 150 M M 10 1 29 140
16 41 33 37 -3 28 0 0.00 M M 8.5 16 50 M M 10 1 20 50
17 40 32 36 -4 29 0 0.00 M M 13.9 24 170 M M 10 1 31 170
18 50 38 44 3 21 0 0.00 M M 7.5 15 120 M M 10 1 M M
19 47 22 35 -6 30 0 0.22 M M 24.2 44 10 M M 10 1 58 10
20 29 14 22 -19 43 0 T M M 10.3 23 360 M M 5 30 360
21 54 18 36 -5 29 0 0.00 M M 9.9 20 180 M M 0 25 180
22 60 30 45 3 20 0 T M M 8.8 18 330 M M 2 3 24 330
23 64 26 45 3 20 0 0.00 M M 8.4 23 160 M M 5 12 32 180
24 70 36 53 11 12 0 0.00 M M 10.3 26 280 M M 1 37 300
25 69 34 52 10 13 0 0.00 M M 9.2 21 360 M M 0 27 330
26 45 35 40 -3 25 0 0.00 M M 7.4 13 80 M M 10 1 16 70
27 47 39 43 0 22 0 0.16 M M 6.2 12 70 M M 10 1 16 90
28 47 34 41 -2 24 0 0.44 M M 14.5 40 330 M M 8 1 57 340
29 60 33 47 4 18 0 0.00 M M 8.5 15 290 M M 1 20 290
30 58 34 46 2 19 0 0.00 M M 11.8 21 130 M M 4 30 140
31 70 32 51 7 14 0 0.00 M M 9.0 15 240 M M 5 12 30 270
================================================================================
SM 1712 911 698 0 1.03 M 341.6 M 145
================================================================================
AV 55.2 29.4 11.0 FASTST M M 5 MAX(MPH)
MISC ----> # 44 10 # 58 10
================================================================================
NOTES:
# LAST OF SEVERAL OCCURRENCES
COLUMN 17 PEAK WIND IN M.P.H.
PRELIMINARY LOCAL CLIMATOLOGICAL DATA (WS FORM: F-6) , PAGE 2
STATION: IMPERIAL
MONTH: MARCH
YEAR: 2020
LATITUDE: 40 31 N
LONGITUDE: 101 37 W
[TEMPERATURE DATA] [PRECIPITATION DATA] SYMBOLS USED IN COLUMN 16
AVERAGE MONTHLY: 42.3 TOTAL FOR MONTH: 1.03 1 = FOG OR MIST
DPTR FM NORMAL: 2.5 DPTR FM NORMAL: -0.04 2 = FOG REDUCING VISIBILITY
HIGHEST: 75 ON 8 GRTST 24HR 0.44 ON 28-28 TO 1/4 MILE OR LESS
LOWEST: 14 ON 20 3 = THUNDER
SNOW, ICE PELLETS, HAIL 4 = ICE PELLETS
TOTAL MONTH: M 5 = HAIL
GRTST 24HR M ON M 6 = FREEZING RAIN OR DRIZZLE
GRTST DEPTH: M ON M 7 = DUSTSTORM OR SANDSTORM:
VSBY 1/2 MILE OR LESS
8 = SMOKE OR HAZE
[NO. OF DAYS WITH] [WEATHER - DAYS WITH] 9 = BLOWING SNOW
X = TORNADO
MAX 32 OR BELOW: 2 0.01 INCH OR MORE: 5
MAX 90 OR ABOVE: 0 0.10 INCH OR MORE: 5
MIN 32 OR BELOW: 20 0.50 INCH OR MORE: 0
MIN 0 OR BELOW: 0 1.00 INCH OR MORE: 0
[HDD (BASE 65) ]
TOTAL THIS MO. 698 CLEAR (SCALE 0-3) 13
DPTR FM NORMAL -82 PTCLDY (SCALE 4-7) 9
TOTAL FM JUL 1 5161 CLOUDY (SCALE 8-10) 9
DPTR FM NORMAL -208
[CDD (BASE 65) ]
TOTAL THIS MO. 0
DPTR FM NORMAL 0 [PRESSURE DATA]
TOTAL FM JAN 1 0 HIGHEST SLP 30.70 ON 20
DPTR FM NORMAL 0 LOWEST SLP 29.57 ON 28
[REMARKS]
#FINAL-03-20#