000
CXUS53 KLBF 032334
CF6IML
PRELIMINARY LOCAL CLIMATOLOGICAL DATA (WS FORM: F-6)
STATION: IMPERIAL
MONTH: NOVEMBER
YEAR: 2023
LATITUDE: 40 31 N
LONGITUDE: 101 37 W
TEMPERATURE IN F: :PCPN: SNOW: WIND :SUNSHINE: SKY :PK WND
================================================================================
1 2 3 4 5 6A 6B 7 8 9 10 11 12 13 14 15 16 17 18
12Z AVG MX 2MIN
DY MAX MIN AVG DEP HDD CDD WTR SNW DPTH SPD SPD DIR MIN PSBL S-S WX SPD DR
================================================================================
1 65 17 41 -3 24 0 0.00 M M 4.0 12 20 M M 0 15 20
2 71 20 46 2 19 0 0.00 M M 7.4 21 270 M M 1 8 25 280
3 72 44 58 14 7 0 0.00 M M 8.7 20 360 M M 3 26 340
4 67 41 54 11 11 0 T M M 7.3 15 190 M M 3 21 200
5 73 40 57 14 8 0 0.00 M M 8.7 20 320 M M 0 8 30 330
6 73 30 52 10 13 0 0.00 M M 8.8 18 160 M M 0 24 180
7 73 32 53 11 12 0 0.00 M M 7.6 18 30 M M 0 8 25 10
8 60 32 46 4 19 0 T M M 11.4 26 360 M M 3 35 310
9 55 21 38 -3 27 0 0.00 M M 8.3 24 320 M M 0 32 300
10 61 14 38 -3 27 0 0.00 M M 7.3 21 220 M M 0 35 220
11 65 21 43 3 22 0 0.00 M M 6.2 15 260 M M 0 21 250
12 68 31 50 10 15 0 0.00 M M 7.8 21 330 M M 0 29 320
13 69 20 45 5 20 0 0.00 M M 11.4 26 170 M M 0 8 42 150
14 75 30 53 14 12 0 0.00 M M 5.8 18 310 M M 0 8 23 180
15 73 26 50 11 15 0 0.00 M M 6.5 16 160 M M 0 21 170
16 70 23 47 9 18 0 T M M 9.2 30 340 M M 2 8 42 330
17 64 24 44 6 21 0 0.00 M M M M M M M M M M
18 68 22 45 7 20 0 0.00 M M 5.9 15 150 M M 0 20 150
19 56 31 44 7 21 0 0.00 M M 5.0 12 90 M M 4 128 15 80
20 46 38 42 5 23 0 0.03 M M 15.0 22 10 M M 10 1 36 10
21 54 26 40 4 25 0 0.00 M M 12.8 26 330 M M 1 37 330
22 73 23 48 12 17 0 0.00 M M 8.4 14 320 M M 0 19 250
23 40 24 32 -4 33 0 0.00 M M 13.9 21 30 M M 3 34 50
24 24 15 20 -15 45 0 0.25 M M 9.4 15 60 M M 10 1 20 50
25 23 15 19 -16 46 0 0.02 M M 8.0 17 300 M M 9 18 27 290
26 37 14 26 -9 39 0 0.00 M M 14.1 28 320 M M 1 40 320
27 40 17 29 -5 36 0 0.00 M M 9.7 17 290 M M 0 25 290
28 49 15 32 -2 33 0 0.00 M M 9.3 18 310 M M 0 26 310
29 59 18 39 5 26 0 0.00 M M 6.7 16 280 M M 0 21 280
30 39 18 29 -4 36 0 0.00 M M 9.6 20 20 M M 0 25 20
================================================================================
SM 1762 742 690 0 0.30 M 254.2 M 50
================================================================================
AV 58.7 24.7 8.8 FASTST M M 2 MAX(MPH)
MISC ----> 30 340 # 42 150
================================================================================
NOTES:
# LAST OF SEVERAL OCCURRENCES
COLUMN 17 PEAK WIND IN M.P.H.
PRELIMINARY LOCAL CLIMATOLOGICAL DATA (WS FORM: F-6) , PAGE 2
STATION: IMPERIAL
MONTH: NOVEMBER
YEAR: 2023
LATITUDE: 40 31 N
LONGITUDE: 101 37 W
[TEMPERATURE DATA] [PRECIPITATION DATA] SYMBOLS USED IN COLUMN 16
AVERAGE MONTHLY: 41.7 TOTAL FOR MONTH: 0.30 1 = FOG OR MIST
DPTR FM NORMAL: 3.1 DPTR FM NORMAL: -0.12 2 = FOG REDUCING VISIBILITY
HIGHEST: 75 ON 14 GRTST 24HR 0.25 ON 24-24 TO 1/4 MILE OR LESS
LOWEST: 14 ON 26,10 3 = THUNDER
SNOW, ICE PELLETS, HAIL 4 = ICE PELLETS
TOTAL MONTH: M 5 = HAIL
GRTST 24HR M ON M 6 = FREEZING RAIN OR DRIZZLE
GRTST DEPTH: M ON M 7 = DUSTSTORM OR SANDSTORM:
VSBY 1/2 MILE OR LESS
8 = SMOKE OR HAZE
[NO. OF DAYS WITH] [WEATHER - DAYS WITH] 9 = BLOWING SNOW
X = TORNADO
MAX 32 OR BELOW: 2 0.01 INCH OR MORE: 3
MAX 90 OR ABOVE: 0 0.10 INCH OR MORE: 1
MIN 32 OR BELOW: 26 0.50 INCH OR MORE: 0
MIN 0 OR BELOW: 0 1.00 INCH OR MORE: 0
[HDD (BASE 65) ]
TOTAL THIS MO. 690 CLEAR (SCALE 0-3) 23
DPTR FM NORMAL -102 PTCLDY (SCALE 4-7) 3
TOTAL FM JUL 1 1160 CLOUDY (SCALE 8-10) 4
DPTR FM NORMAL -173
[CDD (BASE 65) ]
TOTAL THIS MO. 0
DPTR FM NORMAL 0 [PRESSURE DATA]
TOTAL FM JAN 1 986 HIGHEST SLP 30.57 ON 24
DPTR FM NORMAL -29 LOWEST SLP 29.64 ON 7
[REMARKS]
#FINAL-11-23#