000
CXUS54 KFWD 010731
CF6INJ
PRELIMINARY LOCAL CLIMATOLOGICAL DATA (WS FORM: F-6)
STATION: HILLSBORO
MONTH: JULY
YEAR: 2023
LATITUDE: 32 0 N
LONGITUDE: 97 6 W
TEMPERATURE IN F: :PCPN: SNOW: WIND :SUNSHINE: SKY :PK WND
================================================================================
1 2 3 4 5 6A 6B 7 8 9 10 11 12 13 14 15 16 17 18
12Z AVG MX 2MIN
DY MAX MIN AVG DEP HDD CDD WTR SNW DPTH SPD SPD DIR MIN PSBL S-S WX SPD DR
================================================================================
1 98 73 86 4 0 21 0.00 M M 8.2 17 220 M M 1 23 340
2 98 73 86 4 0 21 0.08 M M 3.0 10 310 M M 2 M M
3 100 75 88 6 0 23 0.00 M M 6.5 12 160 M M 1 18 100
4 101 74 88 6 0 23 0.00 M M 10.3 15 90 M M 1 22 90
5 101 78 90 8 0 25 0.00 M M 9.3 14 150 M M 1 21 200
6 99 74 87 5 0 22 0.00 M M 7.8 16 160 M M 3 24 170
7 98 74 86 4 0 21 0.00 M M 10.2 16 170 M M 2 23 170
8 101 77 89 6 0 24 0.00 M M 9.0 15 200 M M 1 21 210
9 101 80 91 8 0 26 0.00 M M 7.9 15 50 M M 2 20 170
10 106 76 91 8 0 26 0.00 M M 7.4 13 160 M M 0 17 130
11 101 79 90 7 0 25 0.00 M M 11.6 18 190 M M 1 28 40
12 106 80 93 10 0 28 0.00 M M 13.0 18 200 M M 0 25 190
13 106 79 93 10 0 28 0.00 M M 13.6 20 190 M M 0 25 180
14 105 80 93 10 0 28 0.00 M M 13.0 18 170 M M 0 29 170
15 106 80 93 10 0 28 0.00 M M 8.5 14 200 M M 1 20 190
16 98 80 89 6 0 24 0.00 M M 7.1 15 70 M M 1 22 70
17 110 76 93 9 0 28 0.00 M M 9.2 14 230 M M 0 22 210
18 108 80 94 10 0 29 0.00 M M 12.1 17 170 M M 0 24 160
19 106 80 93 9 0 28 0.00 M M 12.8 17 210 M M 0 23 180
20 107 79 93 9 0 28 0.00 M M 9.2 15 190 M M 0 24 200
21 104 77 91 7 0 26 0.00 M M 6.8 12 170 M M 0 16 50
22 98 76 87 3 0 22 0.00 M M 7.9 12 350 M M 0 20 340
23 101 70 86 2 0 21 0.00 M M 4.3 13 90 M M 0 17 40
24 106 69 88 4 0 23 0.00 M M 5.8 9 100 M M 0 24 150
25 104 76 90 6 0 25 0.00 M M 8.2 15 170 M M 0 22 170
26 103 78 91 7 0 26 0.00 M M 9.7 16 180 M M 0 23 140
27 103 79 91 7 0 26 0.00 M M 8.2 13 200 M M 0 20 160
28 103 77 90 6 0 25 0.00 M M 8.6 17 140 M M 1 23 190
29 105 76 91 7 0 26 0.00 M M 5.6 9 160 M M 1 16 220
30 107 76 92 8 0 27 0.00 M M 4.5 9 210 M M 0 18 180
31 109 77 93 9 0 28 0.00 M M 2.7 9 220 M M 1 25 130
================================================================================
SM 3199 2378 0 781 0.08 M 261.9 M 20
================================================================================
AV103.2 76.7 8.4 FASTST M M 1 MAX(MPH)
MISC ----> 20 190 29 170
================================================================================
NOTES:
# LAST OF SEVERAL OCCURRENCES
COLUMN 17 PEAK WIND IN M.P.H.
PRELIMINARY LOCAL CLIMATOLOGICAL DATA (WS FORM: F-6) , PAGE 2
STATION: HILLSBORO
MONTH: JULY
YEAR: 2023
LATITUDE: 32 0 N
LONGITUDE: 97 6 W
[TEMPERATURE DATA] [PRECIPITATION DATA] SYMBOLS USED IN COLUMN 16
AVERAGE MONTHLY: 90.0 TOTAL FOR MONTH: 0.08 1 = FOG OR MIST
DPTR FM NORMAL: 6.7 DPTR FM NORMAL: -1.51 2 = FOG REDUCING VISIBILITY
HIGHEST: 110 ON 17 GRTST 24HR 0.08 ON 2- 2 TO 1/4 MILE OR LESS
LOWEST: 69 ON 24 3 = THUNDER
SNOW, ICE PELLETS, HAIL 4 = ICE PELLETS
TOTAL MONTH: M 5 = HAIL
GRTST 24HR M ON M 6 = FREEZING RAIN OR DRIZZLE
GRTST DEPTH: M ON M 7 = DUSTSTORM OR SANDSTORM:
VSBY 1/2 MILE OR LESS
8 = SMOKE OR HAZE
[NO. OF DAYS WITH] [WEATHER - DAYS WITH] 9 = BLOWING SNOW
X = TORNADO
MAX 32 OR BELOW: 0 0.01 INCH OR MORE: 1
MAX 90 OR ABOVE: 31 0.10 INCH OR MORE: 0
MIN 32 OR BELOW: 0 0.50 INCH OR MORE: 0
MIN 0 OR BELOW: 0 1.00 INCH OR MORE: 0
[HDD (BASE 65) ]
TOTAL THIS MO. 0 CLEAR (SCALE 0-3) 30
DPTR FM NORMAL 0 PTCLDY (SCALE 4-7) 1
TOTAL FM JUL 1 0 CLOUDY (SCALE 8-10) 0
DPTR FM NORMAL 0
[CDD (BASE 65) ]
TOTAL THIS MO. 781
DPTR FM NORMAL 214 [PRESSURE DATA]
TOTAL FM JAN 1 1814 HIGHEST SLP M ON M
DPTR FM NORMAL 411 LOWEST SLP M ON M
[REMARKS]
#FINAL-07-23#