000
CXUS55 KDVN 011000
CF6IOW
PRELIMINARY LOCAL CLIMATOLOGICAL DATA (WS FORM: F-6)
STATION: IOWA CITY IA
MONTH: SEPTEMBER
YEAR: 2023
LATITUDE: 41 37 N
LONGITUDE: 91 33 W
TEMPERATURE IN F: :PCPN: SNOW: WIND :SUNSHINE: SKY :PK WND
================================================================================
1 2 3 4 5 6A 6B 7 8 9 10 11 12 13 14 15 16 17 18
12Z AVG MX 2MIN
DY MAX MIN AVG DEP HDD CDD WTR SNW DPTH SPD SPD DIR MIN PSBL S-S WX SPD DR
================================================================================
1 86 52 69 -2 0 4 0.00 M M 5.2 15 160 M M 0 19 170
2 92 54 73 3 0 8 0.00 M M 6.4 20 180 M M 0 25 170
3 96 60 78 8 0 13 0.00 M M 6.1 20 180 M M 0 24 190
4 97 65 81 11 0 16 0.00 M M 7.4 21 180 M M 1 26 190
5 89 73 81 11 0 16 0.00 M M 12.1 22 190 M M 1 32 170
6 77 63 70 1 0 5 0.00 M M 12.1 21 300 M M 8 8 28 290
7 72 58 65 -4 0 0 0.00 M M 7.2 14 310 M M 6 1 19 310
8 79 50 65 -4 0 0 0.00 M M 4.3 13 360 M M 1 18 350
9 82 51 67 -1 0 2 0.00 M M 1.0 9 20 M M 0 1 13 50
10 83 57 70 2 0 5 0.37 M M 4.2 15 320 M M 5 13 18 320
11 70 56 63 -5 2 0 0.45 M M 4.6 14 30 M M 8 1 16 50
12 77 51 64 -3 1 0 0.23 M M 3.5 20 340 M M 2 3 25 360
13 71 53 62 -5 3 0 0.00 M M 3.7 12 50 M M 2 1 15 40
14 81 50 66 -1 0 1 0.00 M M 4.6 10 130 M M 3 17 160
15 82 59 71 5 0 6 T M M 5.5 16 200 M M 9 24 200
16 81 57 69 3 0 4 0.00 M M 3.6 15 230 M M 3 3 22 240
17 77 51 64 -2 1 0 0.00 M M 5.8 16 340 M M 1 23 320
18 79 49 64 -1 1 0 0.00 M M 5.6 14 160 M M 2 13 20 200
19 81 59 70 5 0 5 0.34 M M 8.0 18 150 M M 5 13 24 160
20 78 60 69 5 0 4 0.02 M M 2.7 12 140 M M 2 1 14 140
21 74 57 66 2 0 1 0.01 M M 5.6 16 100 M M 7 1 24 80
22 78 64 71 7 0 6 0.10 M M 7.9 16 130 M M 7 13 24 130
23 85 63 74 11 0 9 0.03 M M 9.2 23 150 M M 5 31 170
24 79 58 69 6 0 4 0.00 M M 5.8 13 150 M M 6 1 19 150
25 83 55 69 7 0 4 0.00 M M 3.9 16 320 M M 4 1 22 320
26 77 57 67 5 0 2 0.90 M M 3.9 31 320 M M 5 138 39 320
27 77 58 68 6 0 3 0.00 M M 4.0 12 40 M M 8 1 14 50
28 77 60 69 8 0 4 0.00 M M 5.6 13 90 M M 5 1 17 50
29 87 58 73 12 0 8 0.00 M M 8.1 17 160 M M 2 23 160
30 93 62 78 18 0 13 0.00 M M 6.6 17 150 M M 0 25 170
================================================================================
SM 2440 1720 8 143 2.45 M 174.2 M 108
================================================================================
AV 81.3 57.3 5.8 FASTST M M 4 MAX(MPH)
MISC ----> 31 320 39 320
================================================================================
NOTES:
# LAST OF SEVERAL OCCURRENCES
COLUMN 17 PEAK WIND IN M.P.H.
PRELIMINARY LOCAL CLIMATOLOGICAL DATA (WS FORM: F-6) , PAGE 2
STATION: IOWA CITY IA
MONTH: SEPTEMBER
YEAR: 2023
LATITUDE: 41 37 N
LONGITUDE: 91 33 W
[TEMPERATURE DATA] [PRECIPITATION DATA] SYMBOLS USED IN COLUMN 16
AVERAGE MONTHLY: 69.3 TOTAL FOR MONTH: 2.45 1 = FOG OR MIST
DPTR FM NORMAL: 3.5 DPTR FM NORMAL: -0.79 2 = FOG REDUCING VISIBILITY
HIGHEST: 97 ON 4 GRTST 24HR 0.90 ON 26-26 TO 1/4 MILE OR LESS
LOWEST: 49 ON 18 3 = THUNDER
SNOW, ICE PELLETS, HAIL 4 = ICE PELLETS
TOTAL MONTH: M 5 = HAIL
GRTST 24HR M ON M 6 = FREEZING RAIN OR DRIZZLE
GRTST DEPTH: M ON M 7 = DUSTSTORM OR SANDSTORM:
VSBY 1/2 MILE OR LESS
8 = SMOKE OR HAZE
[NO. OF DAYS WITH] [WEATHER - DAYS WITH] 9 = BLOWING SNOW
X = TORNADO
MAX 32 OR BELOW: 0 0.01 INCH OR MORE: 9
MAX 90 OR ABOVE: 4 0.10 INCH OR MORE: 6
MIN 32 OR BELOW: 0 0.50 INCH OR MORE: 1
MIN 0 OR BELOW: 0 1.00 INCH OR MORE: 0
[HDD (BASE 65) ]
TOTAL THIS MO. 8 CLEAR (SCALE 0-3) 16
DPTR FM NORMAL -76 PTCLDY (SCALE 4-7) 12
TOTAL FM JUL 1 9 CLOUDY (SCALE 8-10) 2
DPTR FM NORMAL -81
[CDD (BASE 65) ]
TOTAL THIS MO. 143
DPTR FM NORMAL 33 [PRESSURE DATA]
TOTAL FM JAN 1 1104 HIGHEST SLP 30.26 ON 9
DPTR FM NORMAL 75 LOWEST SLP 29.73 ON 5
[REMARKS]
#FINAL-09-23#