000
CXUS55 KPSR 221504
CF6IPL
PRELIMINARY LOCAL CLIMATOLOGICAL DATA (WS FORM: F-6)
STATION: IMPERIAL CA
MONTH: FEBRUARY
YEAR: 2021
LATITUDE: 32 50 N
LONGITUDE: 115 35 W
TEMPERATURE IN F: :PCPN: SNOW: WIND :SUNSHINE: SKY :PK WND
================================================================================
1 2 3 4 5 6A 6B 7 8 9 10 11 12 13 14 15 16 17 18
12Z AVG MX 2MIN
DY MAX MIN AVG DEP HDD CDD WTR SNW DPTH SPD SPD DIR MIN PSBL S-S WX SPD DR
================================================================================
1 69 52 61 3 4 0 T M M 3.1 9 360 M M 4 11 10
2 78 54 66 8 0 1 T M M 2.4 9 330 M M 2 12 360
3 85 52 69 11 0 4 0.00 M M 6.7 23 260 M M 1 28 260
4 74 47 61 3 4 0 0.00 M M 5.7 17 10 M M 0 22 10
5 75 42 59 1 6 0 0.00 M M 4.0 10 260 M M 0 13 330
6 78 44 61 3 4 0 0.00 M M 3.3 10 50 M M 0 14 40
7 78 43 61 3 4 0 0.00 M M 2.5 8 240 M M 0 10 150
8 78 45 62 4 3 0 0.00 M M 4.0 15 140 M M 0 8 22 130
9 70 43 57 -1 8 0 0.00 M M 2.5 10 140 M M 0 13 140
10 77 48 63 4 2 0 0.00 M M 3.3 13 340 M M 0 16 330
11 81 46 64 5 1 0 0.00 M M 4.3 13 290 M M 0 16 210
12 73 53 63 4 2 0 T M M 13.3 33 260 M M 1 8 42 250
13 74 47 61 2 4 0 0.00 M M 13.1 37 260 M M 0 43 250
14 71 47 59 0 6 0 0.00 M M 10.8 28 340 M M 0 35 330
15 69 45 57 -2 8 0 0.00 M M 3.7 9 250 M M 0 12 70
16 76 51 64 4 1 0 0.00 M M 8.6 18 260 M M 0 24 260
17 72 43 58 -2 7 0 0.00 M M 7.4 24 10 M M 0 29 10
18 68 42 55 -5 10 0 0.00 M M 7.9 18 40 M M 0 25 20
19 71 37 54 -6 11 0 0.00 M M 2.2 8 250 M M 0 9 330
20 80 42 61 1 4 0 0.00 M M 7.2 25 350 M M 0 29 350
21 73 43 58 -2 7 0 0.00 M M 8.0 23 360 M M 0 27 350
22 77 39 58 -3 7 0 0.00 M M 5.9 12 10 M M 0 14 10
23 82 42 62 1 3 0 0.00 M M 3.5 8 210 M M 0 10 300
24 83 46 65 4 0 0 0.00 M M 5.3 16 250 M M 0 19 250
25 68 43 56 -5 9 0 0.00 M M 8.2 17 10 M M 0 23 30
26 76 38 57 -5 8 0 0.00 M M 4.5 12 180 M M 0 13 170
27 75 43 59 -3 6 0 0.00 M M 4.0 12 70 M M 0 15 50
28 66 42 54 -8 11 0 0.00 M M 7.2 21 360 M M 0 25 10
================================================================================
SM 2097 1259 140 5 T M 162.6 M 8
================================================================================
AV 74.9 45.0 5.8 FASTST M M 0 MAX(MPH)
MISC ----> 37 260 43 250
================================================================================
NOTES:
# LAST OF SEVERAL OCCURRENCES
COLUMN 17 PEAK WIND IN M.P.H.
PRELIMINARY LOCAL CLIMATOLOGICAL DATA (WS FORM: F-6) , PAGE 2
STATION: IMPERIAL CA
MONTH: FEBRUARY
YEAR: 2021
LATITUDE: 32 50 N
LONGITUDE: 115 35 W
[TEMPERATURE DATA] [PRECIPITATION DATA] SYMBOLS USED IN COLUMN 16
AVERAGE MONTHLY: 59.9 TOTAL FOR MONTH: T 1 = FOG OR MIST
DPTR FM NORMAL: 0.5 DPTR FM NORMAL: -0.38 2 = FOG REDUCING VISIBILITY
HIGHEST: 85 ON 3 GRTST 24HR T ON 1- 1 TO 1/4 MILE OR LESS
LOWEST: 37 ON 19 3 = THUNDER
SNOW, ICE PELLETS, HAIL 4 = ICE PELLETS
TOTAL MONTH: M 5 = HAIL
GRTST 24HR M ON M 6 = FREEZING RAIN OR DRIZZLE
GRTST DEPTH: M ON M 7 = DUSTSTORM OR SANDSTORM:
VSBY 1/2 MILE OR LESS
8 = SMOKE OR HAZE
[NO. OF DAYS WITH] [WEATHER - DAYS WITH] 9 = BLOWING SNOW
X = TORNADO
MAX 32 OR BELOW: 0 0.01 INCH OR MORE: 0
MAX 90 OR ABOVE: 0 0.10 INCH OR MORE: 0
MIN 32 OR BELOW: 0 0.50 INCH OR MORE: 0
MIN 0 OR BELOW: 0 1.00 INCH OR MORE: 0
[HDD (BASE 65) ]
TOTAL THIS MO. 140 CLEAR (SCALE 0-3) 27
DPTR FM NORMAL -29 PTCLDY (SCALE 4-7) 1
TOTAL FM JUL 1 816 CLOUDY (SCALE 8-10) 0
DPTR FM NORMAL -60
[CDD (BASE 65) ]
TOTAL THIS MO. 5
DPTR FM NORMAL -9 [PRESSURE DATA]
TOTAL FM JAN 1 5 HIGHEST SLP 30.38 ON 18
DPTR FM NORMAL -6 LOWEST SLP 29.63 ON 13
[REMARKS]
#FINAL-02-21#