000
CXUS51 KCTP 010900
CF6IPT
PRELIMINARY LOCAL CLIMATOLOGICAL DATA (WS FORM: F-6)
STATION: WILLIAMSPORT PA
MONTH: JANUARY
YEAR: 2022
LATITUDE: 41 15 N
LONGITUDE: 76 55 W
TEMPERATURE IN F: :PCPN: SNOW: WIND :SUNSHINE: SKY :PK WND
================================================================================
1 2 3 4 5 6A 6B 7 8 9 10 11 12 13 14 15 16 17 18
12Z AVG MX 2MIN
DY MAX MIN AVG DEP HDD CDD WTR SNW DPTH SPD SPD DIR MIN PSBL S-S WX SPD DR
================================================================================
1 53 48 51 22 14 0 0.27 0.0 0 4.4 14 70 M M 10 12 20 70
2 51 30 41 12 24 0 0.05 0.0 0 7.5 16 320 M M 10 18 21 320
3 30 17 24 -5 41 0 0.00 0.0 0 8.7 15 300 M M 3 24 30
4 36 16 26 -3 39 0 0.00 0.0 0 6.2 21 150 M M 1 30 150
5 39 29 34 6 31 0 T 0.0 0 7.9 20 130 M M 4 32 150
6 35 25 30 2 35 0 0.08 1.2 0 7.8 28 280 M M 4 1 36 280
7 27 20 24 -4 41 0 0.10 0.8 2 11.9 22 270 M M 10 18 30 280
8 27 9 18 -10 47 0 0.00 0.0 2 5.8 18 100 M M 1 29 150
9 35 26 31 3 34 0 0.18 T 1 6.1 21 290 M M 10 168 27 290
10 33 17 25 -3 40 0 0.01 0.4 1 14.6 23 290 M M 7 8 33 280
11 21 9 15 -13 50 0 0.00 0.0 2 7.6 17 300 M M 3 23 310
12 35 16 26 -2 39 0 0.00 0.0 1 5.2 14 110 M M 1 20 120
13 43 24 34 6 31 0 T T 1 1.9 9 80 M M 6 18 11 70
14 38 14 26 -2 39 0 0.01 T 1 9.2 22 330 M M 8 1 30 320
15 18 5 12 -15 53 0 0.00 0.0 1 5.6 18 340 M M 0 25 340
16 28 1 15 -12 50 0 0.59 5.1 1 2.0 12 90 M M 4 12 15 100
17 39 27 33 6 32 0 0.15 T 5 15.1 28 290 M M 9 1 40 310
18 37 19 28 1 37 0 T 0.2 4 10.4 24 290 M M 7 8 34 290
19 43 21 32 5 33 0 0.00 0.0 3 5.5 15 170 M M 5 22 80
20 37 11 24 -3 41 0 0.00 0.0 2 8.8 17 320 M M 4 26 310
21 24 6 15 -12 50 0 0.00 0.0 2 5.3 13 310 M M 0 17 300
22 21 -3 9 -18 56 0 0.00 0.0 2 2.3 10 140 M M 2 15 120
23 30 13 22 -5 43 0 0.16 4.5 2 1.8 13 340 M M 7 128 19 340
24 28 8 18 -9 47 0 0.02 0.2 7 4.7 10 60 M M 8 8 14 100
25 34 12 23 -4 42 0 T 0.1 6 5.8 17 240 M M 8 18 20 240
26 24 0 12 -15 53 0 T T 6 1.7 10 250 M M 3 12 250
27 28 -3 13 -14 52 0 0.00 0.0 5 2.2 14 130 M M 3 18 22 130
28 31 17 24 -3 41 0 0.06 0.7 5 2.5 13 340 M M 10 18 17 340
29 20 8 14 -13 51 0 0.00 0.0 5 12.2 24 310 M M 3 32 320
30 24 -2 11 -16 54 0 0.00 0.0 5 3.6 12 260 M M 2 14 260
31 30 4 17 -11 48 0 0.00 0.0 4 0.6 7 90 M M 0 9 150
================================================================================
SM 999 444 1288 0 1.68 13.2 194.9 M 153
================================================================================
AV 32.2 14.3 6.3 FASTST M M 5 MAX(MPH)
MISC ----> # 28 280 40 310
================================================================================
NOTES:
# LAST OF SEVERAL OCCURRENCES
COLUMN 17 PEAK WIND IN M.P.H.
PRELIMINARY LOCAL CLIMATOLOGICAL DATA (WS FORM: F-6) , PAGE 2
STATION: WILLIAMSPORT PA
MONTH: JANUARY
YEAR: 2022
LATITUDE: 41 15 N
LONGITUDE: 76 55 W
[TEMPERATURE DATA] [PRECIPITATION DATA] SYMBOLS USED IN COLUMN 16
AVERAGE MONTHLY: 23.3 TOTAL FOR MONTH: 1.68 1 = FOG OR MIST
DPTR FM NORMAL: -4.4 DPTR FM NORMAL: -1.28 2 = FOG REDUCING VISIBILITY
HIGHEST: 53 ON 1 GRTST 24HR 0.85 ON 16-17 TO 1/4 MILE OR LESS
LOWEST: -3 ON 27,22 3 = THUNDER
SNOW, ICE PELLETS, HAIL 4 = ICE PELLETS
TOTAL MONTH: 13.2 INCHES 5 = HAIL
GRTST 24HR 5.1 ON 16-16 6 = FREEZING RAIN OR DRIZZLE
GRTST DEPTH: 7 ON 24 7 = DUSTSTORM OR SANDSTORM:
VSBY 1/2 MILE OR LESS
8 = SMOKE OR HAZE
[NO. OF DAYS WITH] [WEATHER - DAYS WITH] 9 = BLOWING SNOW
X = TORNADO
MAX 32 OR BELOW: 16 0.01 INCH OR MORE: 12
MAX 90 OR ABOVE: 0 0.10 INCH OR MORE: 6
MIN 32 OR BELOW: 30 0.50 INCH OR MORE: 1
MIN 0 OR BELOW: 4 1.00 INCH OR MORE: 0
[HDD (BASE 65) ]
TOTAL THIS MO. 1288 CLEAR (SCALE 0-3) 13
DPTR FM NORMAL 132 PTCLDY (SCALE 4-7) 12
TOTAL FM JUL 1 3072 CLOUDY (SCALE 8-10) 6
DPTR FM NORMAL -261
[CDD (BASE 65) ]
TOTAL THIS MO. 0
DPTR FM NORMAL 0 [PRESSURE DATA]
TOTAL FM JAN 1 0 HIGHEST SLP 30.64 ON 21
DPTR FM NORMAL 0 LOWEST SLP 28.99 ON 17
[REMARKS]
#FINAL-01-22#