000
CXUS53 KBIS 010803
CF6ISN
PRELIMINARY LOCAL CLIMATOLOGICAL DATA (WS FORM: F-6)
STATION: WILLISTON ND
MONTH: SEPTEMBER
YEAR: 2019
LATITUDE: 48 10 N
LONGITUDE: 103 38 W
TEMPERATURE IN F: :PCPN: SNOW: WIND :SUNSHINE: SKY :PK WND
================================================================================
1 2 3 4 5 6A 6B 7 8 9 10 11 12 13 14 15 16 17 18
12Z AVG MX 2MIN
DY MAX MIN AVG DEP HDD CDD WTR SNW DPTH SPD SPD DIR MIN PSBL S-S WX SPD DR
================================================================================
1 81 50 66 2 0 1 0.00 M M 7.9 16 50 M M 1 24 60
2 71 58 65 2 0 0 0.58 M M 11.1 31 130 M M 5 13 47 150
3 74 49 62 -1 3 0 0.00 M M 10.5 20 310 M M 0 31 340
4 89 47 68 6 0 3 0.00 M M 6.9 20 150 M M 0 35 140
5 83 50 67 5 0 2 0.00 M M 7.0 20 330 M M 0 29 310
6 77 49 63 2 2 0 0.18 M M 6.4 14 80 M M 1 1 22 60
7 57 49 53 -8 12 0 2.32 M M 12.7 21 90 M M 10 1 32 110
8 67 46 57 -3 8 0 0.00 M M 7.6 18 110 M M 8 24 100
9 58 55 57 -3 8 0 0.74 M M 8.3 17 90 M M 10 1 30 140
10 69 54 62 3 3 0 0.00 M M 5.9 15 250 M M 8 1 20 240
11 60 52 56 -3 9 0 0.98 M M 11.4 17 60 M M 10 1 24 50
12 53 49 51 -7 14 0 1.33 M M 10.9 18 360 M M 10 1 23 10
13 71 44 58 0 7 0 T M M 4.1 12 260 M M 4 1 16 250
14 76 49 63 6 2 0 0.00 M M 7.6 20 250 M M 0 31 290
15 91 48 70 13 0 5 0.00 M M 2.9 10 170 M M 0 14 130
16 89 51 70 14 0 5 0.00 M M 5.3 16 110 M M 0 21 110
17 82 55 69 13 0 4 0.40 M M 5.9 23 190 M M 0 138 54 180
18 78 51 65 10 0 0 0.48 M M 13.0 24 290 M M 3 13 43 290
19 81 45 63 8 2 0 0.00 M M 8.6 22 120 0 0 0 44 140
20 73 57 65 11 0 0 0.28 M M 11.3 33 310 M M 8 13 51 290
21 63 46 55 1 10 0 0.13 M M 10.3 29 340 M M 4 13 49 360
22 72 43 58 4 7 0 0.00 M M 6.7 17 270 M M 0 25 260
23 78 43 61 8 4 0 0.00 M M 6.8 21 260 M M 0 28 290
24 69 47 58 5 7 0 0.00 M M 13.3 26 300 M M 3 43 310
25 63 42 53 1 12 0 0.01 M M 11.7 26 320 M M 2 3 42 290
26 60 41 51 -1 14 0 T M M 7.4 14 270 M M 7 19 280
27 54 42 48 -3 17 0 0.04 M M 7.0 18 330 M M 9 1 22 330
28 49 42 46 -5 19 0 0.28 M M 13.8 23 110 M M 10 1 38 130
29 45 41 43 -7 22 0 0.23 M M 14.8 25 90 M M 10 1 37 110
30 45 39 42 -8 23 0 0.11 M M 8.8 16 20 M M 10 18 19 20
================================================================================
SM 2078 1434 205 20 8.09 M 265.9 0 133
================================================================================
AV 69.3 47.8 8.9 FASTST 0 0 4 MAX(MPH)
MISC ----> # 33 310 # 54 180
================================================================================
NOTES:
# LAST OF SEVERAL OCCURRENCES
COLUMN 17 PEAK WIND IN M.P.H.
PRELIMINARY LOCAL CLIMATOLOGICAL DATA (WS FORM: F-6) , PAGE 2
STATION: WILLISTON ND
MONTH: SEPTEMBER
YEAR: 2019
LATITUDE: 48 10 N
LONGITUDE: 103 38 W
[TEMPERATURE DATA] [PRECIPITATION DATA] SYMBOLS USED IN COLUMN 16
AVERAGE MONTHLY: 58.5 TOTAL FOR MONTH: 8.09 1 = FOG OR MIST
DPTR FM NORMAL: 1.8 DPTR FM NORMAL: 7.03 2 = FOG REDUCING VISIBILITY
HIGHEST: 91 ON 15 GRTST 24HR 2.32 ON 7- 7 TO 1/4 MILE OR LESS
LOWEST: 39 ON 30 3 = THUNDER
SNOW, ICE PELLETS, HAIL 4 = ICE PELLETS
TOTAL MONTH: M 5 = HAIL
GRTST 24HR M ON M 6 = FREEZING RAIN OR DRIZZLE
GRTST DEPTH: M ON M 7 = DUSTSTORM OR SANDSTORM:
VSBY 1/2 MILE OR LESS
8 = SMOKE OR HAZE
[NO. OF DAYS WITH] [WEATHER - DAYS WITH] 9 = BLOWING SNOW
X = TORNADO
MAX 32 OR BELOW: 0 0.01 INCH OR MORE: 15
MAX 90 OR ABOVE: 1 0.10 INCH OR MORE: 13
MIN 32 OR BELOW: 0 0.50 INCH OR MORE: 5
MIN 0 OR BELOW: 0 1.00 INCH OR MORE: 2
[HDD (BASE 65) ]
TOTAL THIS MO. 205 CLEAR (SCALE 0-3) 14
DPTR FM NORMAL -70 PTCLDY (SCALE 4-7) 7
TOTAL FM JUL 1 253 CLOUDY (SCALE 8-10) 9
DPTR FM NORMAL -93
[CDD (BASE 65) ]
TOTAL THIS MO. 20
DPTR FM NORMAL -6 [PRESSURE DATA]
TOTAL FM JAN 1 397 HIGHEST SLP 0.00 ON M
DPTR FM NORMAL -58 LOWEST SLP 29.49 ON 26
[REMARKS]
#FINAL-09-19#