000
CXUS52 TJSJ 010702
CF6IST
PRELIMINARY LOCAL CLIMATOLOGICAL DATA (WS FORM: F-6)
STATION: CYRIL E. KING AP/ST THOMAS
MONTH: NOVEMBER
YEAR: 2022
LATITUDE: 18 19 N
LONGITUDE: 64 58 W
TEMPERATURE IN F: :PCPN: SNOW: WIND :SUNSHINE: SKY :PK WND
================================================================================
1 2 3 4 5 6A 6B 7 8 9 10 11 12 13 14 15 16 17 18
12Z AVG MX 2MIN
DY MAX MIN AVG DEP HDD CDD WTR SNW DPTH SPD SPD DIR MIN PSBL S-S WX SPD DR
================================================================================
1 89 81 85 3 0 20 0.10 M M 8.4 23 110 M M 1 8 27 100
2 89 79 84 2 0 19 0.73 M M 6.9 23 130 M M 2 8 29 130
3 87 78 83 1 0 18 0.11 M M 6.0 15 60 M M 1 8 20 60
4 84 77 81 -1 0 16 0.39 M M 7.8 24 160 M M 4 31 160
5 81 72 77 -5 0 12 3.24 M M 10.7 29 130 M M 8 1 36 130
6 85 76 81 -1 0 16 0.01 M M 14.7 18 190 M M 4 25 180
7 86 78 82 0 0 17 0.26 M M 11.9 22 210 M M 4 18 30 190
8 85 75 80 -2 0 15 0.07 M M 9.7 18 130 M M 4 1 22 180
9 86 80 83 1 0 18 0.02 M M 9.4 20 160 M M 2 24 160
10 87 77 82 0 0 17 0.04 M M 8.9 18 120 M M 1 24 120
11 86 78 82 0 0 17 0.33 M M 8.1 21 70 M M 2 18 26 70
12 88 77 83 1 0 18 T M M 8.1 15 90 M M 2 21 70
13 88 79 84 2 0 19 0.04 0.0 0 9.7 18 110 M M 2 22 100
14 88 79 84 2 0 19 0.01 M M 11.3 22 120 M M 2 28 130
15 86 75 81 -1 0 16 0.52 M M 11.5 26 90 M M 3 18 33 130
16 88 77 83 1 0 18 T M M 8.7 20 70 M M 1 27 70
17 87 78 83 1 0 18 T M M 9.0 17 70 M M 1 23 80
18 87 77 82 1 0 17 0.03 M M 9.4 17 80 M M 1 23 80
19 88 78 83 2 0 18 0.01 M M 11.3 18 80 M M 2 24 80
20 88 76 82 1 0 17 0.19 M M 10.7 23 80 M M 3 18 29 120
21 88 77 83 2 0 18 0.07 M M 13.8 22 110 M M 2 1 28 90
22 88 77 83 2 0 18 0.06 M M 11.5 23 80 M M 1 29 70
23 87 77 82 1 0 17 0.20 M M 11.4 21 120 M M 2 18 26 80
24 86 76 81 0 0 16 0.02 M M 8.0 16 80 M M 3 8 22 80
25 86 77 82 1 0 17 0.02 M M 8.5 18 130 M M 2 1 22 150
26 87 77 82 1 0 17 0.00 M M 7.8 15 140 M M 3 19 130
27 88 77 83 2 0 18 0.04 M M 9.0 20 100 M M 3 X 24 100
28 86 76 81 0 0 16 0.01 M M 7.2 17 100 M M 2 21 50
29 88 75 82 1 0 17 0.25 M M 7.1 21 100 M M 4 27 90
30 85 75 80 -1 0 15 0.03 M M 9.1 18 40 M M 2 26 60
================================================================================
SM 2602 2311 0 514 6.80 0.0 285.6 M 74
================================================================================
AV 86.7 77.0 9.5 FASTST M M 2 MAX(MPH)
MISC ----> 29 130 36 130
================================================================================
NOTES:
# LAST OF SEVERAL OCCURRENCES
COLUMN 17 PEAK WIND IN M.P.H.
PRELIMINARY LOCAL CLIMATOLOGICAL DATA (WS FORM: F-6) , PAGE 2
STATION: CYRIL E. KING AP/ST THOMAS
MONTH: NOVEMBER
YEAR: 2022
LATITUDE: 18 19 N
LONGITUDE: 64 58 W
[TEMPERATURE DATA] [PRECIPITATION DATA] SYMBOLS USED IN COLUMN 16
AVERAGE MONTHLY: 81.9 TOTAL FOR MONTH: 6.80 1 = FOG OR MIST
DPTR FM NORMAL: 0.3 DPTR FM NORMAL: 0.74 2 = FOG REDUCING VISIBILITY
HIGHEST: 89 ON 2, 1 GRTST 24HR 3.24 ON 5- 5 TO 1/4 MILE OR LESS
LOWEST: 72 ON 5 3 = THUNDER
SNOW, ICE PELLETS, HAIL 4 = ICE PELLETS
TOTAL MONTH: 0.0 INCH 5 = HAIL
GRTST 24HR 0.0 6 = FREEZING RAIN OR DRIZZLE
GRTST DEPTH: 0 7 = DUSTSTORM OR SANDSTORM:
VSBY 1/2 MILE OR LESS
8 = SMOKE OR HAZE
[NO. OF DAYS WITH] [WEATHER - DAYS WITH] 9 = BLOWING SNOW
X = TORNADO
MAX 32 OR BELOW: 0 0.01 INCH OR MORE: 26
MAX 90 OR ABOVE: 0 0.10 INCH OR MORE: 11
MIN 32 OR BELOW: 0 0.50 INCH OR MORE: 3
MIN 0 OR BELOW: 0 1.00 INCH OR MORE: 1
[HDD (BASE 65) ]
TOTAL THIS MO. 0 CLEAR (SCALE 0-3) 21
DPTR FM NORMAL 0 PTCLDY (SCALE 4-7) 9
TOTAL FM JUL 1 0 CLOUDY (SCALE 8-10) 0
DPTR FM NORMAL 0
[CDD (BASE 65) ]
TOTAL THIS MO. 514
DPTR FM NORMAL 16 [PRESSURE DATA]
TOTAL FM JAN 1 5568 HIGHEST SLP 30.06 ON 19
DPTR FM NORMAL -130 LOWEST SLP 29.75 ON 6
[REMARKS]
#FINAL-11-22#