000
CXHW53 PHFO 011250
CF6ITO
PRELIMINARY LOCAL CLIMATOLOGICAL DATA (WS FORM: F-6)
STATION: HILO HI
MONTH: DECEMBER
YEAR: 2022
LATITUDE: 19 43 N
LONGITUDE: 155 4 W
TEMPERATURE IN F: :PCPN: SNOW: WIND :SUNSHINE: SKY :PK WND
================================================================================
1 2 3 4 5 6A 6B 7 8 9 10 11 12 13 14 15 16 17 18
12Z AVG MX 2MIN
DY MAX MIN AVG DEP HDD CDD WTR SNW DPTH SPD SPD DIR MIN PSBL S-S WX SPD DR
================================================================================
1 82 71 77 4 0 12 0.35 M M 7.1 13 20 M M 9 1 16 310
2 76 67 72 -1 0 7 0.76 M M 6.2 13 320 M M 8 1 15 320
3 76 68 72 -1 0 7 0.38 M M 5.8 14 250 M M 10 1 16 160
4 81 67 74 1 0 9 T M M 5.3 13 100 M M 8 1 15 90
5 81 66 74 1 0 9 0.13 M M 6.5 14 130 M M 8 1 18 130
6 80 70 75 2 0 10 0.69 M M 5.2 16 120 M M 8 1 22 120
7 79 68 74 1 0 9 0.61 M M 5.4 14 100 M M 8 18 18 100
8 81 68 75 2 0 10 0.47 M M 8.7 20 70 M M 7 1 23 80
9 81 64 73 1 0 8 0.70 M M 6.2 18 270 M M 8 18 23 280
10 79 65 72 0 0 7 0.13 M M 6.3 22 70 M M 7 1 25 80
11 81 66 74 2 0 9 0.23 M M 5.4 15 80 M M 6 1 19 90
12 80 64 72 0 0 7 1.04 M M 6.0 18 90 M M 7 18 22 90
13 80 66 73 1 0 8 1.13 M M 5.8 16 60 M M 7 18 19 60
14 80 64 72 0 0 7 0.11 M M 6.3 13 120 M M 7 1 16 80
15 81 66 74 2 0 9 0.01 M M 6.2 14 100 M M 5 17 100
16 80 68 74 2 0 9 0.02 M M 4.5 12 40 M M 7 3 15 10
17 81 63 72 0 0 7 T M M 4.6 9 40 M M 3 14 30
18 83 63 73 1 0 8 0.23 M M 7.1 20 350 M M 4 1 22 220
19 80 66 73 1 0 8 0.49 M M 7.2 22 360 M M 5 13 26 360
20 82 63 73 1 0 8 0.00 M M 5.8 13 90 M M 2 19 120
21 82 66 74 2 0 9 0.00 M M 5.1 13 160 M M 5 16 120
22 84 67 76 4 0 11 0.00 M M 5.2 14 350 M M 4 17 340
23 82 64 73 1 0 8 0.00 M M 4.5 9 10 M M 5 15 280
24 83 62 73 1 0 8 0.00 M M 5.7 15 350 M M 2 20 340
25 83 62 73 1 0 8 0.00 M M 4.5 10 90 M M 3 13 40
26 82 65 74 2 0 9 T M M 7.0 15 100 M M 1 18 80
27 82 64 73 1 0 8 0.00 M M 6.7 13 90 M M 2 16 110
28 82 66 74 2 0 9 T M M 7.9 18 120 M M 4 23 130
29 81 66 74 2 0 9 T M M 7.7 18 120 M M 8 1 24 120
30 82 68 75 3 0 10 T M M 6.3 13 90 M M 6 1 19 80
31 82 66 74 2 0 9 T M M 6.3 13 90 M M 6 18 80
================================================================================
SM 2509 2039 0 266 7.48 M 188.5 M 180
================================================================================
AV 80.9 65.8 6.1 FASTST M M 6 MAX(MPH)
MISC ----> # 22 70 26 360
================================================================================
NOTES:
# LAST OF SEVERAL OCCURRENCES
COLUMN 17 PEAK WIND IN M.P.H.
PRELIMINARY LOCAL CLIMATOLOGICAL DATA (WS FORM: F-6) , PAGE 2
STATION: HILO HI
MONTH: DECEMBER
YEAR: 2022
LATITUDE: 19 43 N
LONGITUDE: 155 4 W
[TEMPERATURE DATA] [PRECIPITATION DATA] SYMBOLS USED IN COLUMN 16
AVERAGE MONTHLY: 73.4 TOTAL FOR MONTH: 7.48 1 = FOG OR MIST
DPTR FM NORMAL: 1.2 DPTR FM NORMAL: -4.59 2 = FOG REDUCING VISIBILITY
HIGHEST: 84 ON 22 GRTST 24HR 1.71 ON 12-13 TO 1/4 MILE OR LESS
LOWEST: 62 ON 25,24 3 = THUNDER
SNOW, ICE PELLETS, HAIL 4 = ICE PELLETS
TOTAL MONTH: M 5 = HAIL
GRTST 24HR M ON M 6 = FREEZING RAIN OR DRIZZLE
GRTST DEPTH: M ON M 7 = DUSTSTORM OR SANDSTORM:
VSBY 1/2 MILE OR LESS
8 = SMOKE OR HAZE
[NO. OF DAYS WITH] [WEATHER - DAYS WITH] 9 = BLOWING SNOW
X = TORNADO
MAX 32 OR BELOW: 0 0.01 INCH OR MORE: 17
MAX 90 OR ABOVE: 0 0.10 INCH OR MORE: 15
MIN 32 OR BELOW: 0 0.50 INCH OR MORE: 6
MIN 0 OR BELOW: 0 1.00 INCH OR MORE: 2
[HDD (BASE 65) ]
TOTAL THIS MO. 0 CLEAR (SCALE 0-3) 6
DPTR FM NORMAL 0 PTCLDY (SCALE 4-7) 22
TOTAL FM JUL 1 0 CLOUDY (SCALE 8-10) 3
DPTR FM NORMAL 0
[CDD (BASE 65) ]
TOTAL THIS MO. 266
DPTR FM NORMAL 41 [PRESSURE DATA]
TOTAL FM JAN 1 3768 HIGHEST SLP 30.23 ON 8
DPTR FM NORMAL 486 LOWEST SLP 29.44 ON 19
[REMARKS]
#FINAL-12-22#