000
CXHW53 PHFO 011250
CF6ITO
PRELIMINARY LOCAL CLIMATOLOGICAL DATA (WS FORM: F-6)
STATION: HILO HI
MONTH: OCTOBER
YEAR: 2021
LATITUDE: 19 43 N
LONGITUDE: 155 4 W
TEMPERATURE IN F: :PCPN: SNOW: WIND :SUNSHINE: SKY :PK WND
================================================================================
1 2 3 4 5 6A 6B 7 8 9 10 11 12 13 14 15 16 17 18
12Z AVG MX 2MIN
DY MAX MIN AVG DEP HDD CDD WTR SNW DPTH SPD SPD DIR MIN PSBL S-S WX SPD DR
================================================================================
1 85 70 78 2 0 13 0.05 M M 6.6 12 40 M M 5 18 17 10
2 85 71 78 2 0 13 0.08 M M 5.9 13 80 M M 7 1 16 30
3 85 70 78 2 0 13 0.08 M M 6.5 14 70 M M 8 18 18 70
4 84 70 77 1 0 12 0.05 M M 6.5 14 20 M M 7 1 18 60
5 84 70 77 1 0 12 0.19 M M 6.6 12 50 M M 7 1 16 350
6 85 70 78 2 0 13 0.06 M M 7.8 16 50 M M 7 1 20 70
7 84 68 76 0 0 11 0.29 M M 7.5 20 80 M M 8 1 23 60
8 83 69 76 0 0 11 0.49 M M 7.0 16 100 M M 9 18 22 90
9 82 70 76 0 0 11 1.40 M M 6.3 18 70 M M 10 18 25 70
10 83 71 77 1 0 12 0.35 M M 5.5 17 50 M M 9 18 22 70
11 83 69 76 0 0 11 1.15 M M 6.8 21 90 M M 9 18 25 80
12 82 73 78 2 0 13 0.73 M M 6.2 20 100 M M 9 1 27 100
13 83 72 78 2 0 13 0.29 M M 4.1 17 90 M M 9 18 21 80
14 82 71 77 1 0 12 0.41 M M 5.6 15 90 M M 9 18 17 90
15 83 71 77 1 0 12 1.11 M M 7.5 20 70 M M 9 18 24 80
16 78 69 74 -2 0 9 0.91 M M 5.8 17 350 M M 10 18 22 350
17 83 68 76 0 0 11 0.39 M M 5.9 16 60 M M 8 18 20 60
18 81 69 75 -1 0 10 0.01 M M 4.7 15 80 M M 8 16 80
19 83 67 75 -1 0 10 0.04 M M 6.7 13 40 M M 6 1 16 40
20 82 65 74 -2 0 9 0.01 M M 7.3 13 10 M M 3 17 360
21 82 64 73 -3 0 8 0.00 M M 4.9 12 10 M M 0 14 60
22 84 66 75 0 0 10 0.41 M M 5.3 14 90 M M 5 18 21 80
23 82 68 75 0 0 10 0.50 M M 5.5 12 40 M M 7 1 17 50
24 82 68 75 0 0 10 0.41 M M 6.1 14 60 M M 9 18 18 60
25 83 69 76 1 0 11 0.06 M M 6.5 16 50 M M 7 1 21 60
26 85 67 76 1 0 11 0.00 M M 6.2 18 100 M M 3 21 100
27 83 66 75 0 0 10 0.00 M M 6.3 12 360 M M 4 15 30
28 84 67 76 1 0 11 T M M 6.3 13 50 M M 2 15 60
29 83 65 74 -1 0 9 0.00 M M 6.2 12 40 M M 2 16 30
30 83 65 74 -1 0 9 0.00 M M 6.0 13 40 M M 2 15 40
31 83 66 75 0 0 10 0.00 M M 5.4 15 30 M M 3 17 30
================================================================================
SM 2574 2124 0 340 9.47 M 191.5 M 201
================================================================================
AV 83.0 68.5 6.2 FASTST M M 6 MAX(MPH)
MISC ----> 21 90 27 100
================================================================================
NOTES:
# LAST OF SEVERAL OCCURRENCES
COLUMN 17 PEAK WIND IN M.P.H.
PRELIMINARY LOCAL CLIMATOLOGICAL DATA (WS FORM: F-6) , PAGE 2
STATION: HILO HI
MONTH: OCTOBER
YEAR: 2021
LATITUDE: 19 43 N
LONGITUDE: 155 4 W
[TEMPERATURE DATA] [PRECIPITATION DATA] SYMBOLS USED IN COLUMN 16
AVERAGE MONTHLY: 75.8 TOTAL FOR MONTH: 9.47 1 = FOG OR MIST
DPTR FM NORMAL: 0.1 DPTR FM NORMAL: -0.77 2 = FOG REDUCING VISIBILITY
HIGHEST: 85 ON 26, 6 GRTST 24HR 1.52 ON 8- 9 TO 1/4 MILE OR LESS
LOWEST: 64 ON 21 3 = THUNDER
SNOW, ICE PELLETS, HAIL 4 = ICE PELLETS
TOTAL MONTH: M 5 = HAIL
GRTST 24HR M ON M 6 = FREEZING RAIN OR DRIZZLE
GRTST DEPTH: M ON M 7 = DUSTSTORM OR SANDSTORM:
VSBY 1/2 MILE OR LESS
8 = SMOKE OR HAZE
[NO. OF DAYS WITH] [WEATHER - DAYS WITH] 9 = BLOWING SNOW
X = TORNADO
MAX 32 OR BELOW: 0 0.01 INCH OR MORE: 24
MAX 90 OR ABOVE: 0 0.10 INCH OR MORE: 15
MIN 32 OR BELOW: 0 0.50 INCH OR MORE: 6
MIN 0 OR BELOW: 0 1.00 INCH OR MORE: 3
[HDD (BASE 65) ]
TOTAL THIS MO. 0 CLEAR (SCALE 0-3) 5
DPTR FM NORMAL 0 PTCLDY (SCALE 4-7) 13
TOTAL FM JUL 1 0 CLOUDY (SCALE 8-10) 13
DPTR FM NORMAL 0
[CDD (BASE 65) ]
TOTAL THIS MO. 340
DPTR FM NORMAL 8 [PRESSURE DATA]
TOTAL FM JAN 1 3172 HIGHEST SLP 30.15 ON 13
DPTR FM NORMAL 383 LOWEST SLP 29.86 ON 4
[REMARKS]
#FINAL-10-21#