000
CXUS53 KEAX 010736
CF6IXD
PRELIMINARY LOCAL CLIMATOLOGICAL DATA (WS FORM: F-6)
STATION: NEW CENTURY AIR CENTER KS
MONTH: JULY
YEAR: 2023
LATITUDE: 38 49 N
LONGITUDE: 94 54 W
TEMPERATURE IN F: :PCPN: SNOW: WIND :SUNSHINE: SKY :PK WND
================================================================================
1 2 3 4 5 6A 6B 7 8 9 10 11 12 13 14 15 16 17 18
12Z AVG MX 2MIN
DY MAX MIN AVG DEP HDD CDD WTR SNW DPTH SPD SPD DIR MIN PSBL S-S WX SPD DR
================================================================================
1 88 68 78 0 0 13 0.44 M M 7.6 26 350 M M 5 13 32 350
2 89 66 78 0 0 13 0.00 M M 7.8 15 350 M M 3 19 360
3 92 60 76 -2 0 11 0.00 M M 3.0 10 150 M M 0 1 13 210
4 96 66 81 3 0 16 0.55 M M 9.0 40 300 M M 0 13 55 300
5 82 67 75 -3 0 10 0.48 M M 7.5 28 330 M M 5 13 38 340
6 80 64 72 -6 0 7 0.00 M M 5.8 13 350 M M 0 17 40
7 85 65 75 -3 0 10 0.00 M M 6.2 17 130 M M 3 23 130
8 74 62 68 -10 0 3 0.92 M M 8.2 21 290 M M 7 13 33 290
9 82 59 71 -7 0 6 0.00 M M 4.6 12 350 M M 2 17 360
10 88 59 74 -4 0 9 0.00 M M 4.8 12 200 M M 0 19 140
11 93 68 81 2 0 16 0.00 M M 8.6 17 210 M M 1 23 220
12 93 70 82 3 0 17 0.31 M M 8.4 20 340 M M 2 13 26 340
13 92 72 82 3 0 17 0.00 M M 4.5 15 340 M M 1 21 330
14 93 67 80 1 0 15 0.83 M M 8.9 40 300 M M 1 13 45 270
15 87 66 77 -2 0 12 0.00 M M 5.6 13 250 M M 2 12 17 280
16 85 68 77 -2 0 12 0.03 M M 6.9 23 350 M M 1 13 31 350
17 91 68 80 1 0 15 T M M 5.9 14 340 M M 2 17 340
18 82 70 76 -3 0 11 0.13 M M 8.9 24 340 M M 4 13 33 70
19 89 72 81 2 0 16 0.00 M M 5.9 14 360 M M 4 8 18 350
20 89 69 79 0 0 14 0.02 M M 7.5 18 340 M M 2 1 24 350
21 82 65 74 -5 0 9 0.00 M M 6.3 20 350 M M 2 25 340
22 88 62 75 -4 0 10 0.00 M M 5.3 15 250 M M 1 21 250
23 94 63 79 0 0 14 T M M 6.3 18 260 M M 0 23 260
24 92 69 81 2 0 16 0.23 M M 10.0 32 340 M M 1 13 44 350
25 95 74 85 6 0 20 0.00 M M 10.1 21 190 M M 0 28 200
26 101 81 91 12 0 26 0.00 M M 15.0 24 230 M M 0 3 35 200
27 97 73 85 6 0 20 0.00 M M 10.2 23 210 M M 1 31 200
28 104 76 90 11 0 25 0.00 M M 13.7 25 200 M M 0 34 200
29 93 70 82 3 0 17 0.01 M M 8.6 33 350 M M 1 3 45 350
30 95 68 82 3 0 17 0.85 M M 6.7 53 360 M M 1 13 73 360
31 85 70 78 -1 0 13 0.25 M M 9.2 29 340 M M 3 13 46 330
================================================================================
SM 2776 2097 0 430 5.05 M 237.0 M 55
================================================================================
AV 89.5 67.6 7.6 FASTST M M 2 MAX(MPH)
MISC ----> 53 360 73 360
================================================================================
NOTES:
# LAST OF SEVERAL OCCURRENCES
COLUMN 17 PEAK WIND IN M.P.H.
PRELIMINARY LOCAL CLIMATOLOGICAL DATA (WS FORM: F-6) , PAGE 2
STATION: NEW CENTURY AIR CENTER KS
MONTH: JULY
YEAR: 2023
LATITUDE: 38 49 N
LONGITUDE: 94 54 W
[TEMPERATURE DATA] [PRECIPITATION DATA] SYMBOLS USED IN COLUMN 16
AVERAGE MONTHLY: 78.6 TOTAL FOR MONTH: 5.05 1 = FOG OR MIST
DPTR FM NORMAL: -0.2 DPTR FM NORMAL: 0.84 2 = FOG REDUCING VISIBILITY
HIGHEST: 104 ON 28 GRTST 24HR 1.10 ON 30-31 TO 1/4 MILE OR LESS
LOWEST: 59 ON 10, 9 3 = THUNDER
SNOW, ICE PELLETS, HAIL 4 = ICE PELLETS
TOTAL MONTH: M 5 = HAIL
GRTST 24HR M ON M 6 = FREEZING RAIN OR DRIZZLE
GRTST DEPTH: M ON M 7 = DUSTSTORM OR SANDSTORM:
VSBY 1/2 MILE OR LESS
8 = SMOKE OR HAZE
[NO. OF DAYS WITH] [WEATHER - DAYS WITH] 9 = BLOWING SNOW
X = TORNADO
MAX 32 OR BELOW: 0 0.01 INCH OR MORE: 13
MAX 90 OR ABOVE: 15 0.10 INCH OR MORE: 10
MIN 32 OR BELOW: 0 0.50 INCH OR MORE: 4
MIN 0 OR BELOW: 0 1.00 INCH OR MORE: 0
[HDD (BASE 65) ]
TOTAL THIS MO. 0 CLEAR (SCALE 0-3) 26
DPTR FM NORMAL 0 PTCLDY (SCALE 4-7) 5
TOTAL FM JUL 1 0 CLOUDY (SCALE 8-10) 0
DPTR FM NORMAL 0
[CDD (BASE 65) ]
TOTAL THIS MO. 430
DPTR FM NORMAL 2 [PRESSURE DATA]
TOTAL FM JAN 1 917 HIGHEST SLP M ON M
DPTR FM NORMAL 75 LOWEST SLP 29.69 ON 14
[REMARKS]
#FINAL-07-23#