000
CXUS54 KJAN 011451
CF6JAN
PRELIMINARY LOCAL CLIMATOLOGICAL DATA (WS FORM: F-6)
STATION: JACKSON
MONTH: AUGUST
YEAR: 2023
LATITUDE: 32 19 N
LONGITUDE: 90 5 W
TEMPERATURE IN F: :PCPN: SNOW: WIND :SUNSHINE: SKY :PK WND
================================================================================
1 2 3 4 5 6A 6B 7 8 9 10 11 12 13 14 15 16 17 18
12Z AVG MX 2MIN
DY MAX MIN AVG DEP HDD CDD WTR SNW DPTH SPD SPD DIR MIN PSBL S-S WX SPD DR
================================================================================
1 99 75 87 5 0 22 0.00 0.0 0 3.9 15 350 M M 1 19 10
2 102 76 89 7 0 24 0.00 0.0 0 5.5 13 130 M M 1 17 140
3 102 77 90 8 0 25 0.00 0.0 0 4.1 12 130 M M 1 17 300
4 103 80 92 10 0 27 0.00 0.0 0 5.9 20 10 M M 0 26 10
5 104 79 92 10 0 27 0.00 0.0 0 4.9 15 140 M M 1 20 150
6 101 79 90 8 0 25 0.00 0.0 0 6.6 16 280 M M 2 24 270
7 98 79 89 7 0 24 0.00 0.0 0 8.6 18 230 M M 2 26 220
8 92 75 84 2 0 19 T 0.0 0 6.1 20 360 M M 4 3 27 360
9 102 76 89 7 0 24 0.00 0.0 0 8.4 18 200 M M 4 29 250
10 101 81 91 9 0 26 0.00 0.0 0 7.8 15 210 M M 4 24 230
11 102 82 92 10 0 27 0.00 0.0 0 7.1 17 240 M M 1 25 230
12 104 80 92 10 0 27 0.00 0.0 0 6.0 13 360 M M 0 19 270
13 105 75 90 8 0 25 0.00 0.0 0 6.2 12 140 M M 1 16 300
14 105 78 92 10 0 27 0.00 0.0 0 4.8 14 230 M M 0 20 300
15 94 72 83 1 0 18 0.00 0.0 0 8.1 21 340 M M 1 26 340
16 90 68 79 -3 0 14 0.00 0.0 0 5.2 13 340 M M 2 17 350
17 96 64 80 -2 0 15 0.00 0.0 0 3.5 14 300 M M 0 21 330
18 103 66 85 3 0 20 0.00 0.0 0 3.6 12 30 M M 0 18 30
19 104 73 89 7 0 24 0.00 0.0 0 5.9 15 10 M M 1 21 350
20 103 74 89 7 0 24 0.00 0.0 0 4.3 14 70 M M 1 20 100
21 103 74 89 7 0 24 0.00 0.0 0 3.9 13 60 M M 1 20 60
22 103 75 89 7 0 24 0.00 0.0 0 2.5 14 340 M M 1 22 350
23 103 77 90 8 0 25 0.00 0.0 0 4.6 14 10 M M 1 20 40
24 106 78 92 11 0 27 0.07 0.0 0 3.3 33 100 M M 3 13 47 110
25 105 78 92 11 0 27 0.00 0.0 0 3.5 16 170 M M 1 8 21 170
26 105 73 89 8 0 24 0.00 0.0 0 1.8 12 300 M M 0 15 290
27 98 75 87 6 0 22 0.00 0.0 0 6.9 23 10 M M 3 3 29 10
28 93 77 85 4 0 20 0.00 0.0 0 9.1 17 20 M M 6 21 50
29 95 76 86 5 0 21 T 0.0 0 8.5 18 20 M M 7 24 10
30 95 72 84 3 0 19 0.00 0.0 0 9.6 20 10 M M 0 29 20
31 93 71 82 2 0 17 0.00 0.0 0 6.0 13 10 M M 2 20 10
================================================================================
SM 3109 2335 0 714 0.07 0.0 176.2 M 52
================================================================================
AV100.3 75.3 5.7 FASTST M M 2 MAX(MPH)
MISC ----> 33 100 47 110
================================================================================
NOTES:
# LAST OF SEVERAL OCCURRENCES
COLUMN 17 PEAK WIND IN M.P.H.
PRELIMINARY LOCAL CLIMATOLOGICAL DATA (WS FORM: F-6) , PAGE 2
STATION: JACKSON
MONTH: AUGUST
YEAR: 2023
LATITUDE: 32 19 N
LONGITUDE: 90 5 W
[TEMPERATURE DATA] [PRECIPITATION DATA] SYMBOLS USED IN COLUMN 16
AVERAGE MONTHLY: 87.8 TOTAL FOR MONTH: 0.07 1 = FOG OR MIST
DPTR FM NORMAL: 6.0 DPTR FM NORMAL: -4.62 2 = FOG REDUCING VISIBILITY
HIGHEST: 106 ON 24 GRTST 24HR 0.07 ON 24-24 TO 1/4 MILE OR LESS
LOWEST: 64 ON 17 3 = THUNDER
SNOW, ICE PELLETS, HAIL 4 = ICE PELLETS
TOTAL MONTH: 0.0 INCH 5 = HAIL
GRTST 24HR 0.0 6 = FREEZING RAIN OR DRIZZLE
GRTST DEPTH: 0 7 = DUSTSTORM OR SANDSTORM:
VSBY 1/2 MILE OR LESS
8 = SMOKE OR HAZE
[NO. OF DAYS WITH] [WEATHER - DAYS WITH] 9 = BLOWING SNOW
X = TORNADO
MAX 32 OR BELOW: 0 0.01 INCH OR MORE: 1
MAX 90 OR ABOVE: 31 0.10 INCH OR MORE: 0
MIN 32 OR BELOW: 0 0.50 INCH OR MORE: 0
MIN 0 OR BELOW: 0 1.00 INCH OR MORE: 0
[HDD (BASE 65) ]
TOTAL THIS MO. 0 CLEAR (SCALE 0-3) 25
DPTR FM NORMAL 0 PTCLDY (SCALE 4-7) 6
TOTAL FM JUL 1 0 CLOUDY (SCALE 8-10) 0
DPTR FM NORMAL 0
[CDD (BASE 65) ]
TOTAL THIS MO. 714
DPTR FM NORMAL 192 [PRESSURE DATA]
TOTAL FM JAN 1 2354 HIGHEST SLP 30.12 ON 8
DPTR FM NORMAL 466 LOWEST SLP 29.74 ON 27
[REMARKS]
#FINAL-08-23#