000
CXUS52 KJAX 051834
CF6JAX
PRELIMINARY LOCAL CLIMATOLOGICAL DATA (WS FORM: F-6)
STATION: JACKSONVILLE
MONTH: JULY
YEAR: 2021
LATITUDE: 30 30 N
LONGITUDE: 81 42 W
TEMPERATURE IN F: :PCPN: SNOW: WIND :SUNSHINE: SKY :PK WND
================================================================================
1 2 3 4 5 6A 6B 7 8 9 10 11 12 13 14 15 16 17 18
12Z AVG MX 2MIN
DY MAX MIN AVG DEP HDD CDD WTR SNW DPTH SPD SPD DIR MIN PSBL S-S WX SPD DR
================================================================================
1 85 73 79 -3 0 14 0.33 0.0 0 3.6 20 190 M M 8 13 26 190
2 86 71 79 -3 0 14 0.45 0.0 0 6.0 16 290 M M 9 13 21 300
3 86 73 80 -2 0 15 0.02 0.0 0 6.9 15 220 M M 8 3 20 190
4 87 73 80 -2 0 15 0.47 0.0 0 4.0 18 60 M M 8 13 22 60
5 85 70 78 -4 0 13 0.58 0.0 0 3.4 16 320 M M 9 13 20 320
6 88 70 79 -3 0 14 0.08 0.0 0 6.1 18 130 M M 7 13 23 130
7 81 75 78 -4 0 13 2.66 0.0 0 14.7 28 150 M M 10 13 43 110
8 91 76 84 2 0 19 0.00 0.0 0 10.0 17 260 M M 8 25 220
9 91 75 83 1 0 18 T 0.0 0 7.0 26 270 M M 8 3 36 260
10 91 72 82 0 0 17 0.00 0.0 0 6.9 16 280 M M 6 23 260
11 90 72 81 -2 0 16 0.21 0.0 0 4.4 20 240 M M 6 3 25 220
12 90 72 81 -2 0 16 0.20 0.0 0 5.3 30 160 M M 6 13 42 140
13 88 72 80 -3 0 15 T 0.0 0 5.8 21 200 M M 5 3 26 220
14 89 70 80 -3 0 15 0.00 0.0 0 5.6 15 110 M M 6 21 60
15 89 72 81 -2 0 16 0.00 0.0 0 4.9 15 60 M M 6 20 60
16 90 72 81 -2 0 16 0.00 0.0 0 5.6 15 100 M M 2 20 90
17 91 72 82 -1 0 17 0.00 0.0 0 5.5 15 140 M M 3 20 120
18 91 73 82 -1 0 17 0.04 0.0 0 3.5 15 40 M M 7 13 20 90
19 91 72 82 -1 0 17 3.01 0.0 0 4.6 31 190 M M 9 13 41 160
20 90 72 81 -2 0 16 0.00 0.0 0 6.9 26 280 M M 8 3 38 270
21 90 73 82 -1 0 17 0.03 0.0 0 4.0 18 340 M M 7 13 22 330
22 93 74 84 1 0 19 0.50 0.0 0 6.1 20 290 M M 8 13 30 300
23 92 73 83 0 0 18 0.00 0.0 0 4.6 18 60 M M 7 25 40
24 88 73 81 -2 0 16 0.00 0.0 0 8.6 21 70 M M 4 1 27 40
25 88 70 79 -4 0 14 0.00 0.0 0 8.1 17 40 M M 5 24 30
26 85 76 81 -2 0 16 0.13 0.0 0 6.5 13 290 M M 8 13 18 270
27 89 76 83 0 0 18 0.16 0.0 0 5.0 18 210 M M 8 13 23 220
28 93 75 84 1 0 19 T 0.0 0 5.8 24 170 M M 6 3 29 180
29 91 75 83 0 0 18 0.00 0.0 0 4.6 15 60 M M 6 1 19 60
30 93 73 83 0 0 18 0.00 0.0 0 5.4 13 220 M M 6 1 20 220
31 95 75 85 2 0 20 0.00 0.0 0 8.8 16 240 M M 4 24 260
================================================================================
SM 2767 2260 0 506 8.87 0.0 188.2 M 208
================================================================================
AV 89.3 72.9 6.1 FASTST M M 7 MAX(MPH)
MISC ----> 31 190 43 110
================================================================================
NOTES:
# LAST OF SEVERAL OCCURRENCES
COLUMN 17 PEAK WIND IN M.P.H.
PRELIMINARY LOCAL CLIMATOLOGICAL DATA (WS FORM: F-6) , PAGE 2
STATION: JACKSONVILLE
MONTH: JULY
YEAR: 2021
LATITUDE: 30 30 N
LONGITUDE: 81 42 W
[TEMPERATURE DATA] [PRECIPITATION DATA] SYMBOLS USED IN COLUMN 16
AVERAGE MONTHLY: 81.1 TOTAL FOR MONTH: 8.87 1 = FOG OR MIST
DPTR FM NORMAL: -1.4 DPTR FM NORMAL: 2.10 2 = FOG REDUCING VISIBILITY
HIGHEST: 95 ON 31 GRTST 24HR 3.01 ON 19-19 TO 1/4 MILE OR LESS
LOWEST: 70 ON 25,14 3 = THUNDER
SNOW, ICE PELLETS, HAIL 4 = ICE PELLETS
TOTAL MONTH: 0.0 INCH 5 = HAIL
GRTST 24HR 0.0 6 = FREEZING RAIN OR DRIZZLE
GRTST DEPTH: 0 7 = DUSTSTORM OR SANDSTORM:
VSBY 1/2 MILE OR LESS
8 = SMOKE OR HAZE
[NO. OF DAYS WITH] [WEATHER - DAYS WITH] 9 = BLOWING SNOW
X = TORNADO
MAX 32 OR BELOW: 0 0.01 INCH OR MORE: 15
MAX 90 OR ABOVE: 17 0.10 INCH OR MORE: 11
MIN 32 OR BELOW: 0 0.50 INCH OR MORE: 4
MIN 0 OR BELOW: 0 1.00 INCH OR MORE: 2
[HDD (BASE 65) ]
TOTAL THIS MO. 0 CLEAR (SCALE 0-3) 1
DPTR FM NORMAL 0 PTCLDY (SCALE 4-7) 23
TOTAL FM JUL 1 0 CLOUDY (SCALE 8-10) 7
DPTR FM NORMAL 0
[CDD (BASE 65) ]
TOTAL THIS MO. 506
DPTR FM NORMAL -38 [PRESSURE DATA]
TOTAL FM JAN 1 1423 HIGHEST SLP 30.27 ON 14
DPTR FM NORMAL -130 LOWEST SLP 29.84 ON 7
[REMARKS]
#FINAL-07-21#