978
CXUS55 KGGW 010910
CF6JDN
PRELIMINARY LOCAL CLIMATOLOGICAL DATA (WS FORM: F-6)
STATION: JORDAN ASOS MT
MONTH: FEBRUARY
YEAR: 2021
LATITUDE: 47 19 N
LONGITUDE: 106 50 W
TEMPERATURE IN F: :PCPN: SNOW: WIND :SUNSHINE: SKY :PK WND
================================================================================
1 2 3 4 5 6A 6B 7 8 9 10 11 12 13 14 15 16 17 18
12Z AVG MX 2MIN
DY MAX MIN AVG DEP HDD CDD WTR SNW DPTH SPD SPD DIR MIN PSBL S-S WX SPD DR
================================================================================
1 58 11 35 16 30 0 0.00 M M 2.8 17 210 M M 0 22 200
2 64 22 43 24 22 0 0.00 M M 7.8 20 230 M M 0 26 230
3 46 11 29 9 36 0 0.00 M M 12.0 24 330 M M 0 31 330
4 34 3 19 -1 46 0 0.00 M M 5.3 21 310 M M 0 26 290
5 24 0 12 -8 53 0 0.03 M M 10.5 22 10 M M 0 29 10
6 3 -6 -1 -21 66 0 0.07 M M 9.5 17 350 M M 0 22 350
7 2 -22 -10 -30 75 0 0.03 M M 4.2 13 50 M M 0 16 50
8 -3 -26 -14 -35 79 0 0.01 M M 5.0 14 320 M M 0 19 300
9 -3 -27 -15 -36 80 0 0.00 M M 6.5 18 310 M M 0 23 300
10 -1 -31 -16 -37 81 0 0.00 M M 5.8 13 340 M M 0 15 330
11 -9 -28 -18 -39 83 0 0.01 M M 9.3 22 310 M M 0 27 310
12 -3 -32 -17 -39 82 0 0.00 M M 8.5 17 270 M M 0 22 270
13 -2 -32 -17 -39 82 0 0.00 M M 3.3 9 40 M M 0 11 40
14 2 -37 -17 -39 82 0 0.00 M M 5.8 15 120 M M 0 19 130
15 13 -8 3 -19 62 0 0.02 M M 10.2 17 120 M M 0 22 130
16 18 5 12 -11 53 0 0.02 M M 3.7 9 120 M M 0 13 120
17 20 -1 10 -13 55 0 0.03 M M 6.9 21 310 M M 0 25 320
18 24 -11 7 -16 58 0 0.01 M M 6.5 13 250 M M 0 17 260
19 43 -10 17 -7 48 0 0.00 M M 5.7 18 240 M M 0 26 240
20 41 9 25 1 40 0 0.00 M M 9.1 20 280 M M 0 25 270
21 47 17 32 8 33 0 0.00 M M 13.5 28 250 M M 0 40 240
22 57 31 44 19 21 0 0.00 M M 15.4 43 300 M M 0 66 300
23 42 23 33 8 32 0 0.07 M M 14.5 30 330 M M 0 39 340
24 35 16 26 1 39 0 0.02 M M 9.2 14 310 M M 0 M M
25 44 22 33 7 32 0 0.00 M M 15.1 33 230 M M 0 45 230
26 46 22 34 8 31 0 0.00 M M 10.0 25 300 M M 0 38 290
27 27 14 21 -5 44 0 0.00 M M 8.9 17 20 M M 0 21 10
28 45 7 26 -1 39 0 0.00 M M 10.2 29 290 M M 0 42 290
================================================================================
SM 714 -58 1484 0 0.32 M 235.2 M 0
================================================================================
AV 25.5 -2.1 8.4 FASTST M M 0 MAX(MPH)
MISC ----> 43 300 66 300
================================================================================
NOTES:
# LAST OF SEVERAL OCCURRENCES
COLUMN 17 PEAK WIND IN M.P.H.
PRELIMINARY LOCAL CLIMATOLOGICAL DATA (WS FORM: F-6) , PAGE 2
STATION: JORDAN ASOS MT
MONTH: FEBRUARY
YEAR: 2021
LATITUDE: 47 19 N
LONGITUDE: 106 50 W
[TEMPERATURE DATA] [PRECIPITATION DATA] SYMBOLS USED IN COLUMN 16
AVERAGE MONTHLY: 11.7 TOTAL FOR MONTH: 0.32 1 = FOG OR MIST
DPTR FM NORMAL: -10.9 DPTR FM NORMAL: 0.07 2 = FOG REDUCING VISIBILITY
HIGHEST: 64 ON 2 GRTST 24HR 0.10 ON 6- 7 TO 1/4 MILE OR LESS
LOWEST: -37 ON 14 3 = THUNDER
SNOW, ICE PELLETS, HAIL 4 = ICE PELLETS
TOTAL MONTH: M 5 = HAIL
GRTST 24HR M ON M 6 = FREEZING RAIN OR DRIZZLE
GRTST DEPTH: M ON M 7 = DUSTSTORM OR SANDSTORM:
VSBY 1/2 MILE OR LESS
8 = SMOKE OR HAZE
[NO. OF DAYS WITH] [WEATHER - DAYS WITH] 9 = BLOWING SNOW
X = TORNADO
MAX 32 OR BELOW: 15 0.01 INCH OR MORE: 11
MAX 90 OR ABOVE: 0 0.10 INCH OR MORE: 0
MIN 32 OR BELOW: 28 0.50 INCH OR MORE: 0
MIN 0 OR BELOW: 14 1.00 INCH OR MORE: 0
[HDD (BASE 65) ]
TOTAL THIS MO. 1484 CLEAR (SCALE 0-3) 28
DPTR FM NORMAL 296 PTCLDY (SCALE 4-7) 0
TOTAL FM JUL 1 5499 CLOUDY (SCALE 8-10) 0
DPTR FM NORMAL -620
[CDD (BASE 65) ]
TOTAL THIS MO. 0
DPTR FM NORMAL 0 [PRESSURE DATA]
TOTAL FM JAN 1 0 HIGHEST SLP M ON M
DPTR FM NORMAL 0 LOWEST SLP 29.55 ON 23
[REMARKS]
#FINAL-02-21#