000
CXUS51 KOKX 010910
CF6JFK
PRELIMINARY LOCAL CLIMATOLOGICAL DATA (WS FORM: F-6)
STATION: KENNEDY NY
MONTH: JULY
YEAR: 2021
LATITUDE: 40 39 N
LONGITUDE: 73 47 W
TEMPERATURE IN F: :PCPN: SNOW: WIND :SUNSHINE: SKY :PK WND
================================================================================
1 2 3 4 5 6A 6B 7 8 9 10 11 12 13 14 15 16 17 18
12Z AVG MX 2MIN
DY MAX MIN AVG DEP HDD CDD WTR SNW DPTH SPD SPD DIR MIN PSBL S-S WX SPD DR
================================================================================
1 88 71 80 5 0 15 0.54 0.0 0 7.0 18 300 M M 8 13 23 270
2 77 64 71 -4 0 6 0.38 0.0 0 9.5 20 60 M M 9 13 23 60
3 67 60 64 -11 1 0 1.10 0.0 0 9.3 16 360 M M 10 1 22 30
4 77 59 68 -7 0 3 0.00 0.0 0 6.3 15 180 M M 7 18 19 170
5 81 65 73 -2 0 8 0.00 0.0 0 9.7 25 180 M M 3 1 30 180
6 87 71 79 3 0 14 0.39 0.0 0 13.5 40 330 M M 7 13 52 330
7 89 71 80 4 0 15 0.00 0.0 M 9.3 18 190 M M 4 23 180
8 81 73 77 1 0 12 0.32 0.0 0 7.6 22 180 M M 8 13 26 180
9 86 71 79 3 0 14 0.99 0.0 0 13.3 32 320 M M 9 13 41 320
10 80 71 76 0 0 11 T 0.0 0 7.4 15 30 M M 6 19 20
11 79 70 75 -1 0 10 T 0.0 0 9.2 17 130 M M 9 1 21 150
12 86 71 79 3 0 14 0.06 0.0 0 8.3 20 90 M M 8 13 25 90
13 77 68 73 -3 0 8 T 0.0 0 8.6 15 90 M M 10 1 19 100
14 86 70 78 2 0 13 0.01 0.0 0 5.8 18 200 M M 8 138 21 200
15 87 72 80 4 0 15 0.00 0.0 0 8.2 17 180 M M 5 22 170
16 89 74 82 6 0 17 0.00 0.0 0 9.4 21 180 M M 5 26 190
17 87 72 80 4 0 15 0.28 0.0 0 8.9 22 190 M M 6 13 29 190
18 85 73 79 2 0 14 0.02 0.0 0 13.4 25 240 M M 8 13 29 240
19 82 70 76 -1 0 11 T 0.0 M 8.2 20 360 M M 7 18 23 350
20 86 71 79 2 0 14 0.00 0.0 0 8.4 18 190 M M 6 18 21 190
21 85 68 77 0 0 12 0.89 0.0 0 7.4 23 330 M M 7 138 31 40
22 83 65 74 -3 0 9 0.00 0.0 M 9.6 16 330 M M 5 20 320
23 84 66 75 -2 0 10 0.09 0.0 0 7.0 20 330 M M 4 22 330
24 82 65 74 -3 0 9 0.00 0.0 0 8.4 17 170 M M 4 20 190
25 80 68 74 -3 0 9 0.46 0.0 0 13.2 21 190 M M 8 13 28 190
26 90 71 81 4 0 16 T 0.0 0 5.7 21 30 M M 6 3 24 20
27 88 69 79 3 0 14 0.00 0.0 0 8.4 23 190 M M 4 8 29 190
28 83 71 77 1 0 12 0.09 0.0 0 9.4 17 340 M M 6 13 22 340
29 78 71 75 -1 0 10 0.28 0.0 0 13.4 26 180 M M 8 13 32 170
30 86 66 76 0 0 11 0.00 0.0 0 17.1 25 320 M M 3 33 310
31 76 59 68 -8 0 3 0.00 0.0 0 10.3 21 340 M M 2 25 340
================================================================================
SM 2572 2126 1 344 5.90 0.0 291.2 M 200
================================================================================
AV 83.0 68.6 9.4 FASTST M M 6 MAX(MPH)
MISC ----> 40 330 52 330
================================================================================
NOTES:
# LAST OF SEVERAL OCCURRENCES
COLUMN 17 PEAK WIND IN M.P.H.
PRELIMINARY LOCAL CLIMATOLOGICAL DATA (WS FORM: F-6) , PAGE 2
STATION: KENNEDY NY
MONTH: JULY
YEAR: 2021
LATITUDE: 40 39 N
LONGITUDE: 73 47 W
[TEMPERATURE DATA] [PRECIPITATION DATA] SYMBOLS USED IN COLUMN 16
AVERAGE MONTHLY: 75.8 TOTAL FOR MONTH: 5.90 1 = FOG OR MIST
DPTR FM NORMAL: -0.3 DPTR FM NORMAL: 2.04 2 = FOG REDUCING VISIBILITY
HIGHEST: 90 ON 26 GRTST 24HR 1.33 ON 2- 3 TO 1/4 MILE OR LESS
LOWEST: 59 ON 31, 4 3 = THUNDER
SNOW, ICE PELLETS, HAIL 4 = ICE PELLETS
TOTAL MONTH: 0.0 INCH 5 = HAIL
GRTST 24HR 0.0 6 = FREEZING RAIN OR DRIZZLE
GRTST DEPTH: 0 7 = DUSTSTORM OR SANDSTORM:
VSBY 1/2 MILE OR LESS
8 = SMOKE OR HAZE
[NO. OF DAYS WITH] [WEATHER - DAYS WITH] 9 = BLOWING SNOW
X = TORNADO
MAX 32 OR BELOW: 0 0.01 INCH OR MORE: 15
MAX 90 OR ABOVE: 1 0.10 INCH OR MORE: 10
MIN 32 OR BELOW: 0 0.50 INCH OR MORE: 4
MIN 0 OR BELOW: 0 1.00 INCH OR MORE: 1
[HDD (BASE 65) ]
TOTAL THIS MO. 1 CLEAR (SCALE 0-3) 3
DPTR FM NORMAL 1 PTCLDY (SCALE 4-7) 21
TOTAL FM JUL 1 1 CLOUDY (SCALE 8-10) 7
DPTR FM NORMAL 1
[CDD (BASE 65) ]
TOTAL THIS MO. 344
DPTR FM NORMAL -2 [PRESSURE DATA]
TOTAL FM JAN 1 597 HIGHEST SLP M ON M
DPTR FM NORMAL 42 LOWEST SLP 29.64 ON 9
[REMARKS]
#FINAL-07-21#