000
CXUS51 KOKX 011559
CF6JFK
PRELIMINARY LOCAL CLIMATOLOGICAL DATA (WS FORM: F-6)
STATION: KENNEDY NY
MONTH: FEBRUARY
YEAR: 2021
LATITUDE: 40 39 N
LONGITUDE: 73 47 W
TEMPERATURE IN F: :PCPN: SNOW: WIND :SUNSHINE: SKY :PK WND
================================================================================
1 2 3 4 5 6A 6B 7 8 9 10 11 12 13 14 15 16 17 18
12Z AVG MX 2MIN
DY MAX MIN AVG DEP HDD CDD WTR SNW DPTH SPD SPD DIR MIN PSBL S-S WX SPD DR
================================================================================
1 33 26 30 -3 35 0 1.32 11.9 4 25.1 41 40 M M 10 1249 51 30
2 35 31 33 0 32 0 0.03 T 13 19.6 28 20 M M 10 146 36 20
3 37 29 33 0 32 0 T T 11 15.0 24 330 M M 9 31 320
4 42 29 36 3 29 0 0.00 0.0 9 13.3 23 300 M M 4 29 300
5 44 30 37 3 28 0 0.02 0.0 8 10.2 29 210 M M 8 33 210
6 43 26 35 1 30 0 0.00 0.0 6 13.3 31 260 M M 6 40 270
7 37 26 32 -2 33 0 0.46 6.9 5 11.5 25 320 M M 8 12 31 320
8 28 17 23 -11 42 0 0.00 0.0 12 10.8 24 310 M M 3 30 310
9 35 21 28 -6 37 0 0.01 0.0 10 8.8 17 340 M M 9 18 20 340
10 34 24 29 -5 36 0 T T 9 7.9 17 330 M M 7 20 340
11 31 26 29 -5 36 0 0.18 2.2 11 9.3 16 340 M M 10 1 18 330
12 29 19 24 -10 41 0 0.00 0.0 10 8.3 18 10 M M 8 22 20
13 30 25 28 -7 37 0 0.01 T 9 11.8 18 20 M M 10 46 20 20
14 38 28 33 -2 32 0 0.00 0.0 9 8.6 16 30 M M 9 20 30
15 35 32 34 -1 31 0 T 0.0 7 10.4 17 70 M M 10 18 21 70
16 49 34 42 7 23 0 0.74 0.0 3 16.7 32 250 M M 8 12 38 250
17 34 23 29 -6 36 0 0.00 0.0 2 12.4 29 310 M M 6 37 300
18 29 24 27 -8 38 0 0.68 4.3 1 12.0 22 30 M M 10 1246 27 30
19 33 28 31 -5 34 0 0.06 0.7 5 11.2 17 30 M M 10 16 22 30
20 34 27 31 -5 34 0 T T 5 16.7 25 310 M M 6 33 330
21 36 23 30 -6 35 0 0.00 0.0 5 11.3 21 310 M M 2 24 310
22 38 29 34 -2 31 0 0.58 0.4 4 12.4 25 270 M M 9 1 30 280
23 45 34 40 4 25 0 T 0.0 2 12.7 25 280 M M 8 33 280
24 49 32 41 5 24 0 0.00 0.0 1 13.5 32 190 M M 4 38 190
25 50 34 42 5 23 0 0.00 0.0 0 15.9 35 320 M M 3 41 310
26 45 32 39 2 26 0 0.00 0.0 0 10.2 18 350 M M 7 21 350
27 52 39 46 9 19 0 0.43 0.0 0 12.3 22 170 M M 8 12 28 170
28 47 37 42 5 23 0 0.25 0.0 0 8.0 16 100 M M 10 1 20 90
================================================================================
SM 1072 785 882 0 4.77 26.4 349.2 M 212
================================================================================
AV 38.3 28.0 12.5 FASTST M M 8 MAX(MPH)
MISC ----> 41 40 51 30
================================================================================
NOTES:
# LAST OF SEVERAL OCCURRENCES
COLUMN 17 PEAK WIND IN M.P.H.
PRELIMINARY LOCAL CLIMATOLOGICAL DATA (WS FORM: F-6) , PAGE 2
STATION: KENNEDY NY
MONTH: FEBRUARY
YEAR: 2021
LATITUDE: 40 39 N
LONGITUDE: 73 47 W
[TEMPERATURE DATA] [PRECIPITATION DATA] SYMBOLS USED IN COLUMN 16
AVERAGE MONTHLY: 33.2 TOTAL FOR MONTH: 4.77 1 = FOG OR MIST
DPTR FM NORMAL: -1.7 DPTR FM NORMAL: 2.18 2 = FOG REDUCING VISIBILITY
HIGHEST: 52 ON 27 GRTST 24HR 1.36 ON 31- 1 TO 1/4 MILE OR LESS
LOWEST: 17 ON 8 3 = THUNDER
SNOW, ICE PELLETS, HAIL 4 = ICE PELLETS
TOTAL MONTH: 27.1 INCHES 5 = HAIL
GRTST 24HR 11.9 ON 1- 1 6 = FREEZING RAIN OR DRIZZLE
GRTST DEPTH: 13 ON 2 7 = DUSTSTORM OR SANDSTORM:
VSBY 1/2 MILE OR LESS
8 = SMOKE OR HAZE
[NO. OF DAYS WITH] [WEATHER - DAYS WITH] 9 = BLOWING SNOW
X = TORNADO
MAX 32 OR BELOW: 5 0.01 INCH OR MORE: 13
MAX 90 OR ABOVE: 0 0.10 INCH OR MORE: 8
MIN 32 OR BELOW: 23 0.50 INCH OR MORE: 4
MIN 0 OR BELOW: 0 1.00 INCH OR MORE: 1
[HDD (BASE 65) ]
TOTAL THIS MO. 882 CLEAR (SCALE 0-3) 2
DPTR FM NORMAL 41 PTCLDY (SCALE 4-7) 10
TOTAL FM JUL 1 3285 CLOUDY (SCALE 8-10) 16
DPTR FM NORMAL -227
[CDD (BASE 65) ]
TOTAL THIS MO. 0
DPTR FM NORMAL 0 [PRESSURE DATA]
TOTAL FM JAN 1 0 HIGHEST SLP M ON M
DPTR FM NORMAL 0 LOWEST SLP 29.37 ON 2
[REMARKS]
#FINAL-02-21#