000
CXUS53 KSGF 010710
CF6JLN
PRELIMINARY LOCAL CLIMATOLOGICAL DATA (WS FORM: F-6)
STATION: JOPLIN MO
MONTH: MARCH
YEAR: 2022
LATITUDE: 37 10 N
LONGITUDE: 94 30 W
TEMPERATURE IN F: :PCPN: SNOW: WIND :SUNSHINE: SKY :PK WND
================================================================================
1 2 3 4 5 6A 6B 7 8 9 10 11 12 13 14 15 16 17 18
12Z AVG MX 2MIN
DY MAX MIN AVG DEP HDD CDD WTR SNW DPTH SPD SPD DIR MIN PSBL S-S WX SPD DR
================================================================================
1 73 45 59 15 6 0 0.00 M M 11.9 18 210 M M 0 25 220
2 78 43 61 17 4 0 0.00 M M 12.1 22 230 M M 0 30 220
3 78 41 60 16 5 0 0.00 M M 4.7 15 220 M M 0 20 220
4 73 46 60 15 5 0 0.00 M M 11.4 26 190 M M 2 8 36 190
5 74 44 59 14 6 0 0.10 M M 20.2 36 200 M M 5 3 47 200
6 44 34 39 -6 26 0 1.13 M M 10.9 21 310 M M 9 13 27 340
7 35 27 31 -15 34 0 T M M 10.3 24 320 M M 9 16 32 290
8 39 24 32 -14 33 0 0.00 M M 3.6 13 340 M M 5 18 15 340
9 51 26 39 -7 26 0 M M M 4.4 12 20 M M 3 1 M M
10 46 24 35 -12 30 0 0.00 M M 11.7 21 360 M M 8 28 20
11 33 21 27 -20 38 0 0.06 M M 10.1 18 360 M M 6 1 24 10
12 42 12 27 -20 38 0 0.00 M M 9.4 23 200 M M 0 32 190
13 66 40 53 5 12 0 0.00 M M 19.7 29 210 M M 0 41 210
14 61 47 54 6 11 0 T M M 13.5 23 180 M M 6 41 190
15 68 40 54 6 11 0 0.00 M M 3.1 12 90 M M 5 12 15 90
16 75 45 60 11 5 0 0.00 M M 9.8 21 180 M M 0 32 190
17 78 51 65 16 0 0 0.00 M M 10.4 24 180 M M 1 32 190
18 52 36 44 -5 21 0 0.17 M M 12.0 22 310 M M 8 1 32 310
19 66 33 50 0 15 0 0.00 M M 5.9 16 240 M M 0 24 230
20 78 36 57 7 8 0 0.00 M M 10.6 26 180 M M 1 34 180
21 62 49 56 6 9 0 1.35 M M 12.6 30 120 M M 6 13 42 120
22 60 41 51 0 14 0 0.06 M M 12.3 22 240 M M 7 1 30 220
23 41 38 40 -11 25 0 0.02 M M 13.1 22 290 M M 10 1 29 280
24 44 37 41 -10 24 0 T M M 8.4 17 320 M M 10 21 310
25 58 31 45 -7 20 0 T M M 8.1 20 290 M M 4 27 290
26 61 34 48 -4 17 0 0.00 M M 6.0 14 30 M M 1 19 60
27 59 39 49 -3 16 0 0.00 M M 9.9 17 50 M M 1 26 60
28 70 42 56 3 9 0 0.00 M M 12.3 21 120 M M 0 28 110
29 79 51 65 12 0 0 T M M 20.4 35 180 M M 4 46 170
30 71 37 54 1 11 0 0.48 M M 13.9 30 180 M M 9 1 37 180
31 40 29 35 -19 30 0 0.02 M M 10.5 21 280 M M 8 1 27 280
================================================================================
SM 1855 1143 509 0 3.39 M 333.2 M 128
================================================================================
AV 59.8 36.9 10.7 FASTST M M 4 MAX(MPH)
MISC ----> 36 200 47 200
================================================================================
NOTES:
# LAST OF SEVERAL OCCURRENCES
COLUMN 17 PEAK WIND IN M.P.H.
PRELIMINARY LOCAL CLIMATOLOGICAL DATA (WS FORM: F-6) , PAGE 2
STATION: JOPLIN MO
MONTH: MARCH
YEAR: 2022
LATITUDE: 37 10 N
LONGITUDE: 94 30 W
[TEMPERATURE DATA] [PRECIPITATION DATA] SYMBOLS USED IN COLUMN 16
AVERAGE MONTHLY: 48.4 TOTAL FOR MONTH: 3.39 1 = FOG OR MIST
DPTR FM NORMAL: -0.2 DPTR FM NORMAL: 0.10 2 = FOG REDUCING VISIBILITY
HIGHEST: 79 ON 29 GRTST 24HR 1.35 ON 21-21 TO 1/4 MILE OR LESS
LOWEST: 12 ON 12 3 = THUNDER
SNOW, ICE PELLETS, HAIL 4 = ICE PELLETS
TOTAL MONTH: M 5 = HAIL
GRTST 24HR M ON M 6 = FREEZING RAIN OR DRIZZLE
GRTST DEPTH: M ON M 7 = DUSTSTORM OR SANDSTORM:
VSBY 1/2 MILE OR LESS
8 = SMOKE OR HAZE
[NO. OF DAYS WITH] [WEATHER - DAYS WITH] 9 = BLOWING SNOW
X = TORNADO
MAX 32 OR BELOW: 0 0.01 INCH OR MORE: 9
MAX 90 OR ABOVE: 0 0.10 INCH OR MORE: 5
MIN 32 OR BELOW: 8 0.50 INCH OR MORE: 2
MIN 0 OR BELOW: 0 1.00 INCH OR MORE: 2
[HDD (BASE 65) ]
TOTAL THIS MO. 509 CLEAR (SCALE 0-3) 13
DPTR FM NORMAL -8 PTCLDY (SCALE 4-7) 13
TOTAL FM JUL 1 3324 CLOUDY (SCALE 8-10) 5
DPTR FM NORMAL -463
[CDD (BASE 65) ]
TOTAL THIS MO. 0
DPTR FM NORMAL -9 [PRESSURE DATA]
TOTAL FM JAN 1 0 HIGHEST SLP M ON M
DPTR FM NORMAL -10 LOWEST SLP 29.34 ON 30
[REMARKS]
#FINAL-03-22#