000
CXUS53 KBIS 010830
CF6JMS
PRELIMINARY LOCAL CLIMATOLOGICAL DATA (WS FORM: F-6)
STATION: JAMESTOWN ND
MONTH: APRIL
YEAR: 2020
LATITUDE: 46 55 N
LONGITUDE: 98 40 W
TEMPERATURE IN F: :PCPN: SNOW: WIND :SUNSHINE: SKY :PK WND
================================================================================
1 2 3 4 5 6A 6B 7 8 9 10 11 12 13 14 15 16 17 18
12Z AVG MX 2MIN
DY MAX MIN AVG DEP HDD CDD WTR SNW DPTH SPD SPD DIR MIN PSBL S-S WX SPD DR
================================================================================
1 52 22 37 2 28 0 0.03 M M 14.7 28 310 M M 6 1 35 320
2 23 15 19 -17 46 0 M M M 24.2 31 330 M M 10 1268 41 320
3 23 11 17 -19 48 0 T M M 14.4 25 330 M M 5 18 33 310
4 32 7 20 -17 45 0 0.00 M M 12.7 26 150 M M 1 33 130
5 41 18 30 -7 35 0 0.01 M M 8.4 20 100 M M 5 26 110
6 50 34 42 4 23 0 0.02 M M 8.0 17 120 M M 7 128 23 130
7 57 34 46 8 19 0 T M M 8.1 22 270 M M 6 12 26 280
8 45 29 37 -2 28 0 T M M 18.4 35 300 M M 3 46 300
9 39 24 32 -8 33 0 T M M 16.4 33 340 M M 3 1 44 340
10 53 27 40 0 25 0 0.00 M M 9.0 17 210 M M 2 25 200
11 42 30 36 -4 29 0 0.00 M M 14.1 24 10 M M 7 33 10
12 31 20 26 -15 39 0 T M M 14.3 25 340 M M 5 33 320
13 29 17 23 -19 42 0 T M M 15.9 31 330 M M 6 128 39 320
14 28 16 22 -20 43 0 T M M 8.0 17 330 M M 9 18 25 330
15 38 16 27 -15 38 0 0.00 M M 5.7 16 350 M M 3 24 20
16 42 20 31 -12 34 0 0.00 M M 10.3 20 320 M M 1 28 330
17 55 22 39 -5 26 0 0.00 M M 13.3 25 230 M M 2 37 230
18 57 30 44 0 21 0 0.00 M M 16.4 28 330 M M 5 37 320
19 54 23 39 -5 26 0 0.00 M M 11.8 25 240 M M 0 34 260
20 55 27 41 -4 24 0 0.00 M M 15.7 36 320 M M 3 47 340
21 56 24 40 -5 25 0 0.00 M M 10.8 23 150 M M 3 30 140
22 67 30 49 3 16 0 0.00 M M 7.3 18 360 M M 2 23 340
23 67 38 53 7 12 0 0.00 M M 9.1 20 330 M M 2 8 24 350
24 63 37 50 3 15 0 T M M 6.7 15 360 M M 5 19 350
25 58 39 49 2 16 0 T M M 7.2 15 360 M M 9 12 21 10
26 67 31 49 1 16 0 0.01 M M 10.6 24 180 M M 6 12 33 170
27 70 38 54 6 11 0 0.00 M M 6.1 18 170 M M 2 24 170
28 57 48 53 5 12 0 0.23 M M 8.4 18 180 M M 9 1 25 180
29 64 41 53 4 12 0 0.00 M M 10.8 23 360 M M 3 32 350
30 72 37 55 6 10 0 0.00 M M 11.0 22 180 M M 1 32 180
================================================================================
SM 1487 805 797 0 0.30 M 347.8 M 131
================================================================================
AV 49.6 26.8 11.6 FASTST M M 4 MAX(MPH)
MISC ----> # 36 320 # 47 340
================================================================================
NOTES:
# LAST OF SEVERAL OCCURRENCES
COLUMN 17 PEAK WIND IN M.P.H.
PRELIMINARY LOCAL CLIMATOLOGICAL DATA (WS FORM: F-6) , PAGE 2
STATION: JAMESTOWN ND
MONTH: APRIL
YEAR: 2020
LATITUDE: 46 55 N
LONGITUDE: 98 40 W
[TEMPERATURE DATA] [PRECIPITATION DATA] SYMBOLS USED IN COLUMN 16
AVERAGE MONTHLY: 38.2 TOTAL FOR MONTH: 0.30 1 = FOG OR MIST
DPTR FM NORMAL: -4.4 DPTR FM NORMAL: -0.90 2 = FOG REDUCING VISIBILITY
HIGHEST: 72 ON 30 GRTST 24HR 0.23 ON 28-28 TO 1/4 MILE OR LESS
LOWEST: 7 ON 4 3 = THUNDER
SNOW, ICE PELLETS, HAIL 4 = ICE PELLETS
TOTAL MONTH: M 5 = HAIL
GRTST 24HR M ON M 6 = FREEZING RAIN OR DRIZZLE
GRTST DEPTH: M ON M 7 = DUSTSTORM OR SANDSTORM:
VSBY 1/2 MILE OR LESS
8 = SMOKE OR HAZE
[NO. OF DAYS WITH] [WEATHER - DAYS WITH] 9 = BLOWING SNOW
X = TORNADO
MAX 32 OR BELOW: 6 0.01 INCH OR MORE: 5
MAX 90 OR ABOVE: 0 0.10 INCH OR MORE: 1
MIN 32 OR BELOW: 21 0.50 INCH OR MORE: 0
MIN 0 OR BELOW: 0 1.00 INCH OR MORE: 0
[HDD (BASE 65) ]
TOTAL THIS MO. 797 CLEAR (SCALE 0-3) 14
DPTR FM NORMAL 123 PTCLDY (SCALE 4-7) 12
TOTAL FM JUL 1 8640 CLOUDY (SCALE 8-10) 4
DPTR FM NORMAL 46
[CDD (BASE 65) ]
TOTAL THIS MO. 0
DPTR FM NORMAL -2 [PRESSURE DATA]
TOTAL FM JAN 1 0 HIGHEST SLP 30.34 ON 3
DPTR FM NORMAL -2 LOWEST SLP 29.55 ON 18
[REMARKS]
#FINAL-04-20#